{"id":2255,"date":"2023-02-01T16:35:37","date_gmt":"2023-02-01T19:35:37","guid":{"rendered":"http:\/\/bohngass.com.br\/?page_id=2255"},"modified":"2024-06-06T09:39:14","modified_gmt":"2024-06-06T12:39:14","slug":"proibe-cobranca-de-tarifa-bancaria-de-escolas","status":"publish","type":"page","link":"https:\/\/bohngass.com.br\/?page_id=2255","title":{"rendered":"Pro\u00edbe cobran\u00e7a de tarifa banc\u00e1ria de escolas"},"content":{"rendered":"\n<p><strong>PL 9055\/2017<\/strong> &#8211; Pro\u00edbe a cobran\u00e7a de tarifas banc\u00e1rias de institui\u00e7\u00f5es p\u00fablicas de ensino.<\/p>\n\n\n\n<p><strong>Ementa: <\/strong>Disp\u00f5e sobre a proibi\u00e7\u00e3o de cobran\u00e7a de tarifas banc\u00e1rias de institui\u00e7\u00f5es p\u00fablicas de ensino.<\/p>\n\n\n\n<h2 class=\"wp-block-heading\"><strong>Situa\u00e7\u00e3o:<\/strong> <\/h2>\n\n\n\n<p><strong>COMISS\u00c3O DE EDUCA\u00c7\u00c3O<\/strong><\/p>\n\n\n\n<p>Aprovada em 08\/06\/2021<a href=\"https:\/\/www.camara.leg.br\/proposicoesWeb\/prop_mostrarintegra?codteor=1816747\"><\/a><\/p>\n\n\n\n<p>Parecer do Relator, Dep. Pedro Uczai (PT-SC), pela aprova\u00e7\u00e3o.<\/p>\n\n\n\n<p><strong>COMISS\u00c3O DE FINAN\u00c7AS E TRIBUTA\u00c7\u00c3O<\/strong><\/p>\n\n\n\n<p>Aprovada em 05\/06\/2024<\/p>\n\n\n\n<p>Parecer da Relatora, Dep. Juliana Cardoso (PT-SP), pela n\u00e3o implica\u00e7\u00e3o da mat\u00e9ria em aumento ou diminui\u00e7\u00e3o da receita ou da despesa p\u00fablicas, n\u00e3o cabendo pronunciamento quanto \u00e0 adequa\u00e7\u00e3o financeira e or\u00e7ament\u00e1ria; e, no m\u00e9rito, pela aprova\u00e7\u00e3o.\u00a0<\/p>\n\n\n\n<div class=\"wp-block-buttons is-layout-flex wp-block-buttons-is-layout-flex\">\n<div class=\"wp-block-button\"><a class=\"wp-block-button__link wp-element-button\" href=\"https:\/\/www.camara.leg.br\/propostas-legislativas\/2160856\">Acesse aqui a p\u00e1gina da mat\u00e9ria<\/a><\/div>\n<\/div>\n\n\n\n<p><\/p>\n\n\n\n<h2 class=\"wp-block-heading\"><strong>Justificativa:<\/strong><\/h2>\n\n\n\n<p>A cobran\u00e7a de tarifas banc\u00e1rias \u00e9 uma das grandes fontes de receita das institui\u00e7\u00f5es financeiras. Uma pesquisa que elaboramos com base em dados dispon\u00edveis na p\u00e1gina eletr\u00f4nica do Banco Central demonstra que os cinco maiores bancos do Brasil faturaram, apenas com tarifas, o equivalente a R$ 19,8 bilh\u00f5es de reais apenas no primeiro semestre de 2017.<\/p>\n\n\n\n<p>Estamos vivendo uma crise fiscal sem precedentes, inclusive com o estabelecimento de tetos para os gastos na pr\u00f3pria Constitui\u00e7\u00e3o. Assim, em que pese o fato de esta regra de teto de gastos haver determinado aplica\u00e7\u00f5es m\u00ednimas para a educa\u00e7\u00e3o, a isen\u00e7\u00e3o de cobran\u00e7a de tarifas para as escolas, creches e universidades p\u00fablicas poderia representar uma fonte a mais de recursos para essas entidades, que j\u00e1 sofrem bastante com a crise financeira por que passa o Pa\u00eds.<\/p>\n\n\n\n<p>Apresentamos a presente proposi\u00e7\u00e3o com a finalidade de isentar de cobran\u00e7a de tarifas banc\u00e1rias as institui\u00e7\u00f5es p\u00fablicas de ensino. Considerando os valores recebidos na forma dessas tarifas pelas institui\u00e7\u00f5es financeiras, entendemos ser uma contribui\u00e7\u00e3o irrelevante por parte dos bancos e demais agentes financeiros, enquanto no que se refere \u00e0s benefici\u00e1rias, resulta numa significativa vantagem.<\/p>\n","protected":false},"excerpt":{"rendered":"<p>PL 9055\/2017 &#8211; Pro\u00edbe a cobran\u00e7a de tarifas banc\u00e1rias de institui\u00e7\u00f5es p\u00fablicas de ensino. Ementa: Disp\u00f5e sobre a proibi\u00e7\u00e3o de cobran\u00e7a de tarifas banc\u00e1rias de institui\u00e7\u00f5es p\u00fablicas de ensino. Situa\u00e7\u00e3o: COMISS\u00c3O DE EDUCA\u00c7\u00c3O Aprovada em 08\/06\/2021 Parecer do Relator, Dep. Pedro Uczai (PT-SC), pela aprova\u00e7\u00e3o. COMISS\u00c3O DE FINAN\u00c7AS E TRIBUTA\u00c7\u00c3O Aprovada em 05\/06\/2024 Parecer da [&hellip;]<\/p>\n","protected":false},"author":1,"featured_media":0,"parent":0,"menu_order":0,"comment_status":"closed","ping_status":"closed","template":"","meta":{"footnotes":""},"class_list":["post-2255","page","type-page","status-publish","hentry"],"yoast_head":"<!-- This site is optimized with the Yoast SEO plugin v27.4 - https:\/\/yoast.com\/product\/yoast-seo-wordpress\/ -->\n<title>Pro\u00edbe cobran\u00e7a de tarifa banc\u00e1ria de escolas - Deputado Federal Bohn Gass \u2605 PT\/RS<\/title>\n<meta name=\"robots\" content=\"index, follow, max-snippet:-1, max-image-preview:large, max-video-preview:-1\" \/>\n<link rel=\"canonical\" href=\"https:\/\/bohngass.com.br\/?page_id=2255\" \/>\n<meta property=\"og:locale\" content=\"pt_BR\" \/>\n<meta property=\"og:type\" content=\"article\" \/>\n<meta property=\"og:title\" content=\"Pro\u00edbe cobran\u00e7a de tarifa banc\u00e1ria de escolas - Deputado Federal Bohn Gass \u2605 PT\/RS\" \/>\n<meta property=\"og:description\" content=\"PL 9055\/2017 &#8211; Pro\u00edbe a cobran\u00e7a de tarifas banc\u00e1rias de institui\u00e7\u00f5es p\u00fablicas de ensino. Ementa: Disp\u00f5e sobre a proibi\u00e7\u00e3o de cobran\u00e7a de tarifas banc\u00e1rias de institui\u00e7\u00f5es p\u00fablicas de ensino. Situa\u00e7\u00e3o: COMISS\u00c3O DE EDUCA\u00c7\u00c3O Aprovada em 08\/06\/2021 Parecer do Relator, Dep. Pedro Uczai (PT-SC), pela aprova\u00e7\u00e3o. COMISS\u00c3O DE FINAN\u00c7AS E TRIBUTA\u00c7\u00c3O Aprovada em 05\/06\/2024 Parecer da [&hellip;]\" \/>\n<meta property=\"og:url\" content=\"https:\/\/bohngass.com.br\/?page_id=2255\" \/>\n<meta property=\"og:site_name\" content=\"Deputado Federal Bohn Gass \u2605 PT\/RS\" \/>\n<meta property=\"article:publisher\" content=\"https:\/\/www.facebook.com\/bohngass13\" \/>\n<meta property=\"article:modified_time\" content=\"2024-06-06T12:39:14+00:00\" \/>\n<meta name=\"twitter:card\" content=\"summary_large_image\" \/>\n<meta name=\"twitter:site\" content=\"@BohnGass\" \/>\n<meta name=\"twitter:label1\" content=\"Est. tempo de leitura\" \/>\n\t<meta name=\"twitter:data1\" content=\"2 minutos\" \/>\n<script type=\"application\/ld+json\" class=\"yoast-schema-graph\">{\"@context\":\"https:\\\/\\\/schema.org\",\"@graph\":[{\"@type\":\"WebPage\",\"@id\":\"https:\\\/\\\/bohngass.com.br\\\/?page_id=2255\",\"url\":\"https:\\\/\\\/bohngass.com.br\\\/?page_id=2255\",\"name\":\"Pro\u00edbe cobran\u00e7a de tarifa banc\u00e1ria de escolas - Deputado Federal Bohn Gass \u2605 PT\\\/RS\",\"isPartOf\":{\"@id\":\"https:\\\/\\\/bohngass.com.br\\\/#website\"},\"datePublished\":\"2023-02-01T19:35:37+00:00\",\"dateModified\":\"2024-06-06T12:39:14+00:00\",\"breadcrumb\":{\"@id\":\"https:\\\/\\\/bohngass.com.br\\\/?page_id=2255#breadcrumb\"},\"inLanguage\":\"pt-BR\",\"potentialAction\":[{\"@type\":\"ReadAction\",\"target\":[\"https:\\\/\\\/bohngass.com.br\\\/?page_id=2255\"]}]},{\"@type\":\"BreadcrumbList\",\"@id\":\"https:\\\/\\\/bohngass.com.br\\\/?page_id=2255#breadcrumb\",\"itemListElement\":[{\"@type\":\"ListItem\",\"position\":1,\"name\":\"In\u00edcio\",\"item\":\"https:\\\/\\\/bohngass.com.br\\\/\"},{\"@type\":\"ListItem\",\"position\":2,\"name\":\"Pro\u00edbe cobran\u00e7a de tarifa banc\u00e1ria de escolas\"}]},{\"@type\":\"WebSite\",\"@id\":\"https:\\\/\\\/bohngass.com.br\\\/#website\",\"url\":\"https:\\\/\\\/bohngass.com.br\\\/\",\"name\":\"Deputado Federal Bohn Gass \u2605 PT\\\/RS\",\"description\":\"Deputado Federal Bohn Gass\",\"publisher\":{\"@id\":\"https:\\\/\\\/bohngass.com.br\\\/#organization\"},\"potentialAction\":[{\"@type\":\"SearchAction\",\"target\":{\"@type\":\"EntryPoint\",\"urlTemplate\":\"https:\\\/\\\/bohngass.com.br\\\/?s={search_term_string}\"},\"query-input\":{\"@type\":\"PropertyValueSpecification\",\"valueRequired\":true,\"valueName\":\"search_term_string\"}}],\"inLanguage\":\"pt-BR\"},{\"@type\":\"Organization\",\"@id\":\"https:\\\/\\\/bohngass.com.br\\\/#organization\",\"name\":\"Deputado Bohn Gass\",\"url\":\"https:\\\/\\\/bohngass.com.br\\\/\",\"logo\":{\"@type\":\"ImageObject\",\"inLanguage\":\"pt-BR\",\"@id\":\"https:\\\/\\\/bohngass.com.br\\\/#\\\/schema\\\/logo\\\/image\\\/\",\"url\":\"http:\\\/\\\/bohngass.com.br\\\/wp-content\\\/uploads\\\/2021\\\/01\\\/logo.png\",\"contentUrl\":\"http:\\\/\\\/bohngass.com.br\\\/wp-content\\\/uploads\\\/2021\\\/01\\\/logo.png\",\"width\":357,\"height\":355,\"caption\":\"Deputado Bohn Gass\"},\"image\":{\"@id\":\"https:\\\/\\\/bohngass.com.br\\\/#\\\/schema\\\/logo\\\/image\\\/\"},\"sameAs\":[\"https:\\\/\\\/www.facebook.com\\\/bohngass13\",\"https:\\\/\\\/x.com\\\/BohnGass\",\"https:\\\/\\\/www.instagram.com\\\/bohn_gass\\\/\",\"https:\\\/\\\/www.youtube.com\\\/BohnGass13\\\/\",\"https:\\\/\\\/pt.wikipedia.org\\\/wiki\\\/Bohn_Gass\"]}]}<\/script>\n<!-- \/ Yoast SEO plugin. -->","yoast_head_json":{"title":"Pro\u00edbe cobran\u00e7a de tarifa banc\u00e1ria de escolas - Deputado Federal Bohn Gass \u2605 PT\/RS","robots":{"index":"index","follow":"follow","max-snippet":"max-snippet:-1","max-image-preview":"max-image-preview:large","max-video-preview":"max-video-preview:-1"},"canonical":"https:\/\/bohngass.com.br\/?page_id=2255","og_locale":"pt_BR","og_type":"article","og_title":"Pro\u00edbe cobran\u00e7a de tarifa banc\u00e1ria de escolas - Deputado Federal Bohn Gass \u2605 PT\/RS","og_description":"PL 9055\/2017 &#8211; Pro\u00edbe a cobran\u00e7a de tarifas banc\u00e1rias de institui\u00e7\u00f5es p\u00fablicas de ensino. Ementa: Disp\u00f5e sobre a proibi\u00e7\u00e3o de cobran\u00e7a de tarifas banc\u00e1rias de institui\u00e7\u00f5es p\u00fablicas de ensino. Situa\u00e7\u00e3o: COMISS\u00c3O DE EDUCA\u00c7\u00c3O Aprovada em 08\/06\/2021 Parecer do Relator, Dep. Pedro Uczai (PT-SC), pela aprova\u00e7\u00e3o. COMISS\u00c3O DE FINAN\u00c7AS E TRIBUTA\u00c7\u00c3O Aprovada em 05\/06\/2024 Parecer da [&hellip;]","og_url":"https:\/\/bohngass.com.br\/?page_id=2255","og_site_name":"Deputado Federal Bohn Gass \u2605 PT\/RS","article_publisher":"https:\/\/www.facebook.com\/bohngass13","article_modified_time":"2024-06-06T12:39:14+00:00","twitter_card":"summary_large_image","twitter_site":"@BohnGass","twitter_misc":{"Est. tempo de leitura":"2 minutos"},"schema":{"@context":"https:\/\/schema.org","@graph":[{"@type":"WebPage","@id":"https:\/\/bohngass.com.br\/?page_id=2255","url":"https:\/\/bohngass.com.br\/?page_id=2255","name":"Pro\u00edbe cobran\u00e7a de tarifa banc\u00e1ria de escolas - Deputado Federal Bohn Gass \u2605 PT\/RS","isPartOf":{"@id":"https:\/\/bohngass.com.br\/#website"},"datePublished":"2023-02-01T19:35:37+00:00","dateModified":"2024-06-06T12:39:14+00:00","breadcrumb":{"@id":"https:\/\/bohngass.com.br\/?page_id=2255#breadcrumb"},"inLanguage":"pt-BR","potentialAction":[{"@type":"ReadAction","target":["https:\/\/bohngass.com.br\/?page_id=2255"]}]},{"@type":"BreadcrumbList","@id":"https:\/\/bohngass.com.br\/?page_id=2255#breadcrumb","itemListElement":[{"@type":"ListItem","position":1,"name":"In\u00edcio","item":"https:\/\/bohngass.com.br\/"},{"@type":"ListItem","position":2,"name":"Pro\u00edbe cobran\u00e7a de tarifa banc\u00e1ria de escolas"}]},{"@type":"WebSite","@id":"https:\/\/bohngass.com.br\/#website","url":"https:\/\/bohngass.com.br\/","name":"Deputado Federal Bohn Gass \u2605 PT\/RS","description":"Deputado Federal Bohn Gass","publisher":{"@id":"https:\/\/bohngass.com.br\/#organization"},"potentialAction":[{"@type":"SearchAction","target":{"@type":"EntryPoint","urlTemplate":"https:\/\/bohngass.com.br\/?s={search_term_string}"},"query-input":{"@type":"PropertyValueSpecification","valueRequired":true,"valueName":"search_term_string"}}],"inLanguage":"pt-BR"},{"@type":"Organization","@id":"https:\/\/bohngass.com.br\/#organization","name":"Deputado Bohn Gass","url":"https:\/\/bohngass.com.br\/","logo":{"@type":"ImageObject","inLanguage":"pt-BR","@id":"https:\/\/bohngass.com.br\/#\/schema\/logo\/image\/","url":"http:\/\/bohngass.com.br\/wp-content\/uploads\/2021\/01\/logo.png","contentUrl":"http:\/\/bohngass.com.br\/wp-content\/uploads\/2021\/01\/logo.png","width":357,"height":355,"caption":"Deputado Bohn Gass"},"image":{"@id":"https:\/\/bohngass.com.br\/#\/schema\/logo\/image\/"},"sameAs":["https:\/\/www.facebook.com\/bohngass13","https:\/\/x.com\/BohnGass","https:\/\/www.instagram.com\/bohn_gass\/","https:\/\/www.youtube.com\/BohnGass13\/","https:\/\/pt.wikipedia.org\/wiki\/Bohn_Gass"]}]}},"_links":{"self":[{"href":"https:\/\/bohngass.com.br\/index.php?rest_route=\/wp\/v2\/pages\/2255","targetHints":{"allow":["GET"]}}],"collection":[{"href":"https:\/\/bohngass.com.br\/index.php?rest_route=\/wp\/v2\/pages"}],"about":[{"href":"https:\/\/bohngass.com.br\/index.php?rest_route=\/wp\/v2\/types\/page"}],"author":[{"embeddable":true,"href":"https:\/\/bohngass.com.br\/index.php?rest_route=\/wp\/v2\/users\/1"}],"replies":[{"embeddable":true,"href":"https:\/\/bohngass.com.br\/index.php?rest_route=%2Fwp%2Fv2%2Fcomments&post=2255"}],"version-history":[{"count":1,"href":"https:\/\/bohngass.com.br\/index.php?rest_route=\/wp\/v2\/pages\/2255\/revisions"}],"predecessor-version":[{"id":3379,"href":"https:\/\/bohngass.com.br\/index.php?rest_route=\/wp\/v2\/pages\/2255\/revisions\/3379"}],"wp:attachment":[{"href":"https:\/\/bohngass.com.br\/index.php?rest_route=%2Fwp%2Fv2%2Fmedia&parent=2255"}],"curies":[{"name":"wp","href":"https:\/\/api.w.org\/{rel}","templated":true}]}}

Proíbe cobrança de tarifa bancária de escolas

<p><strong>PL 9055/2017</strong> &#8211; Proíbe a cobrança de tarifas bancárias de instituições públicas de ensino.</p>



<p><strong>Ementa: </strong>Dispõe sobre a proibição de cobrança de tarifas bancárias de instituições públicas de ensino.</p>



<h2 class="wp-block-heading"><strong>Situação:</strong> </h2>



<p><strong>COMISSÃO DE EDUCAÇÃO</strong></p>



<p>Aprovada em 08/06/2021<a href="https://www.camara.leg.br/proposicoesWeb/prop_mostrarintegra?codteor=1816747"></a></p>



<p>Parecer do Relator, Dep. Pedro Uczai (PT-SC), pela aprovação.</p>



<p><strong>COMISSÃO DE FINANÇAS E TRIBUTAÇÃO</strong></p>



<p>Aprovada em 05/06/2024</p>



<p>Parecer da Relatora, Dep. Juliana Cardoso (PT-SP), pela não implicação da matéria em aumento ou diminuição da receita ou da despesa públicas, não cabendo pronunciamento quanto à adequação financeira e orçamentária; e, no mérito, pela aprovação. </p>



<div class="wp-block-buttons is-layout-flex wp-block-buttons-is-layout-flex">
<div class="wp-block-button"><a class="wp-block-button__link wp-element-button" href="https://www.camara.leg.br/propostas-legislativas/2160856">Acesse aqui a página da matéria</a></div>
</div>



<p></p>



<h2 class="wp-block-heading"><strong>Justificativa:</strong></h2>



<p>A cobrança de tarifas bancárias é uma das grandes fontes de receita das instituições financeiras. Uma pesquisa que elaboramos com base em dados disponíveis na página eletrônica do Banco Central demonstra que os cinco maiores bancos do Brasil faturaram, apenas com tarifas, o equivalente a R$ 19,8 bilhões de reais apenas no primeiro semestre de 2017.</p>



<p>Estamos vivendo uma crise fiscal sem precedentes, inclusive com o estabelecimento de tetos para os gastos na própria Constituição. Assim, em que pese o fato de esta regra de teto de gastos haver determinado aplicações mínimas para a educação, a isenção de cobrança de tarifas para as escolas, creches e universidades públicas poderia representar uma fonte a mais de recursos para essas entidades, que já sofrem bastante com a crise financeira por que passa o País.</p>



<p>Apresentamos a presente proposição com a finalidade de isentar de cobrança de tarifas bancárias as instituições públicas de ensino. Considerando os valores recebidos na forma dessas tarifas pelas instituições financeiras, entendemos ser uma contribuição irrelevante por parte dos bancos e demais agentes financeiros, enquanto no que se refere às beneficiárias, resulta numa significativa vantagem.</p>

<p>PL 9055/2017 &#8211; Proíbe a cobrança de tarifas bancárias de instituições públicas de ensino. Ementa: Dispõe sobre a proibição de cobrança de tarifas bancárias de instituições públicas de ensino. Situação: COMISSÃO DE EDUCAÇÃO Aprovada em 08/06/2021 Parecer do Relator, Dep. Pedro Uczai (PT-SC), pela aprovação. COMISSÃO DE FINANÇAS E TRIBUTAÇÃO Aprovada em 05/06/2024 Parecer da [&hellip;]</p>

<!-- This site is optimized with the Yoast SEO plugin v27.4 - https://yoast.com/product/yoast-seo-wordpress/ -->
<title>Proíbe cobrança de tarifa bancária de escolas - Deputado Federal Bohn Gass ★ PT/RS</title>
<meta name="robots" content="index, follow, max-snippet:-1, max-image-preview:large, max-video-preview:-1" />
<link rel="canonical" href="https://bohngass.com.br/?page_id=2255" />
<meta property="og:locale" content="pt_BR" />
<meta property="og:type" content="article" />
<meta property="og:title" content="Proíbe cobrança de tarifa bancária de escolas - Deputado Federal Bohn Gass ★ PT/RS" />
<meta property="og:description" content="PL 9055/2017 &#8211; Proíbe a cobrança de tarifas bancárias de instituições públicas de ensino. Ementa: Dispõe sobre a proibição de cobrança de tarifas bancárias de instituições públicas de ensino. Situação: COMISSÃO DE EDUCAÇÃO Aprovada em 08/06/2021 Parecer do Relator, Dep. Pedro Uczai (PT-SC), pela aprovação. COMISSÃO DE FINANÇAS E TRIBUTAÇÃO Aprovada em 05/06/2024 Parecer da [&hellip;]" />
<meta property="og:url" content="https://bohngass.com.br/?page_id=2255" />
<meta property="og:site_name" content="Deputado Federal Bohn Gass ★ PT/RS" />
<meta property="article:publisher" content="https://www.facebook.com/bohngass13" />
<meta property="article:modified_time" content="2024-06-06T12:39:14+00:00" />
<meta name="twitter:card" content="summary_large_image" />
<meta name="twitter:site" content="@BohnGass" />
<meta name="twitter:label1" content="Est. tempo de leitura" />
	<meta name="twitter:data1" content="2 minutos" />
<script type="application/ld+json" class="yoast-schema-graph">{"@context":"https:\/\/schema.org","@graph":[{"@type":"WebPage","@id":"https:\/\/bohngass.com.br\/?page_id=2255","url":"https:\/\/bohngass.com.br\/?page_id=2255","name":"Proíbe cobrança de tarifa bancária de escolas - Deputado Federal Bohn Gass ★ PT\/RS","isPartOf":{"@id":"https:\/\/bohngass.com.br\/#website"},"datePublished":"2023-02-01T19:35:37+00:00","dateModified":"2024-06-06T12:39:14+00:00","breadcrumb":{"@id":"https:\/\/bohngass.com.br\/?page_id=2255#breadcrumb"},"inLanguage":"pt-BR","potentialAction":[{"@type":"ReadAction","target":["https:\/\/bohngass.com.br\/?page_id=2255"]}]},{"@type":"BreadcrumbList","@id":"https:\/\/bohngass.com.br\/?page_id=2255#breadcrumb","itemListElement":[{"@type":"ListItem","position":1,"name":"Início","item":"https:\/\/bohngass.com.br\/"},{"@type":"ListItem","position":2,"name":"Proíbe cobrança de tarifa bancária de escolas"}]},{"@type":"WebSite","@id":"https:\/\/bohngass.com.br\/#website","url":"https:\/\/bohngass.com.br\/","name":"Deputado Federal Bohn Gass ★ PT\/RS","description":"Deputado Federal Bohn Gass","publisher":{"@id":"https:\/\/bohngass.com.br\/#organization"},"potentialAction":[{"@type":"SearchAction","target":{"@type":"EntryPoint","urlTemplate":"https:\/\/bohngass.com.br\/?s={search_term_string}"},"query-input":{"@type":"PropertyValueSpecification","valueRequired":true,"valueName":"search_term_string"}}],"inLanguage":"pt-BR"},{"@type":"Organization","@id":"https:\/\/bohngass.com.br\/#organization","name":"Deputado Bohn Gass","url":"https:\/\/bohngass.com.br\/","logo":{"@type":"ImageObject","inLanguage":"pt-BR","@id":"https:\/\/bohngass.com.br\/#\/schema\/logo\/image\/","url":"http:\/\/bohngass.com.br\/wp-content\/uploads\/2021\/01\/logo.png","contentUrl":"http:\/\/bohngass.com.br\/wp-content\/uploads\/2021\/01\/logo.png","width":357,"height":355,"caption":"Deputado Bohn Gass"},"image":{"@id":"https:\/\/bohngass.com.br\/#\/schema\/logo\/image\/"},"sameAs":["https:\/\/www.facebook.com\/bohngass13","https:\/\/x.com\/BohnGass","https:\/\/www.instagram.com\/bohn_gass\/","https:\/\/www.youtube.com\/BohnGass13\/","https:\/\/pt.wikipedia.org\/wiki\/Bohn_Gass"]}]}</script>
<!-- / Yoast SEO plugin. -->

Proíbe cobrança de tarifa bancária de escolas - Deputado Federal Bohn Gass ★ PT/RS

PL 9055/2017 &#8211; Proíbe a cobrança de tarifas bancárias de instituições públicas de ensino. Ementa: Dispõe sobre a proibição de cobrança de tarifas bancárias de instituições públicas de ensino. Situação: COMISSÃO DE EDUCAÇÃO Aprovada em 08/06/2021 Parecer do Relator, Dep. Pedro Uczai (PT-SC), pela aprovação. COMISSÃO DE FINANÇAS E TRIBUTAÇÃO Aprovada em 05/06/2024 Parecer da [&hellip;]

Início
