{"id":2258,"date":"2023-02-01T16:36:45","date_gmt":"2023-02-01T19:36:45","guid":{"rendered":"http:\/\/bohngass.com.br\/?page_id=2258"},"modified":"2023-02-02T10:33:15","modified_gmt":"2023-02-02T13:33:15","slug":"beneficio-ao-bom-pagador-do-banco-da-terra","status":"publish","type":"page","link":"https:\/\/bohngass.com.br\/?page_id=2258","title":{"rendered":"Benef\u00edcio ao bom pagador do Banco da Terra"},"content":{"rendered":"\n<p><strong>PLP 455\/2017<\/strong> &#8211; Possibilita que o bom pagador possa ser beneficiado por um redutor para o quitar seu cr\u00e9dito fundi\u00e1rio.<\/p>\n\n\n\n<p><strong>Ementa:<\/strong>Altera a Lei Complementar n\u00ba 93, de 4 de fevereiro de 1998, para modificar os redutores percentuais incidentes sobre as parcelas dos financiamentos ao amparo dos recursos do Fundo de Terras e da Reforma Agr\u00e1ria &#8211; Banco da Terra.<\/p>\n\n\n\n<h2 class=\"wp-block-heading\"><strong>Situa\u00e7\u00e3o: <\/strong><\/h2>\n\n\n\n<p><strong>COMISS\u00c3O DE AGRICULTURA, PECU\u00c1RIA, ABASTECIMENTO E DESENVOLVIMENTO RURAL<\/strong><\/p>\n\n\n\n<p>Aprovada em 12\/12\/2018<a href=\"https:\/\/www.camara.leg.br\/proposicoesWeb\/prop_mostrarintegra?codteor=1694742\"><\/a><\/p>\n\n\n\n<p>Parecer do Relator, Dep. Assis do Couto (PDT-PR), pela aprova\u00e7\u00e3o deste, e pela rejei\u00e7\u00e3o do PLP 498\/2018, apensado.<\/p>\n\n\n\n<p><strong>COMISS\u00c3O DE FINAN\u00c7AS E TRIBUTA\u00c7\u00c3O<\/strong><\/p>\n\n\n\n<p>Aguardando a designa\u00e7\u00e3o de relator <\/p>\n\n\n\n<div class=\"wp-block-buttons is-layout-flex wp-block-buttons-is-layout-flex\">\n<div class=\"wp-block-button\"><a class=\"wp-block-button__link wp-element-button\" href=\"https:\/\/www.camara.leg.br\/propostas-legislativas\/2164655\">Acesse aqui a p\u00e1gina da mat\u00e9ria<\/a><\/div>\n<\/div>\n\n\n\n<p><\/p>\n\n\n\n<h2 class=\"wp-block-heading\"><strong>Justificativa:<\/strong><\/h2>\n\n\n\n<p>As medidas de renegocia\u00e7\u00e3o de d\u00edvidas que s\u00e3o adotadas usualmente geram uma contradi\u00e7\u00e3o fundamental: resolvem a situa\u00e7\u00e3o dos inadimplentes, o que pode ser merit\u00f3rio, pois a sua inadimpl\u00eancia pode ter sido motivada por fatores insuper\u00e1veis; por outro lado, traz aos pagadores que est\u00e3o em dia com suas obriga\u00e7\u00f5es a percep\u00e7\u00e3o de que n\u00e3o vale a pena honrar seus compromissos. Dito isto, esta medida vem no sentido de premiar os pagadores que est\u00e3o em dia com seus compromissos, ampliando o rebate a que t\u00eam direito para at\u00e9 70% e conferindo ao Fundo de Terras uma medida merit\u00f3ria e justa do ponto de vista dos mutu\u00e1rios adimplentes.<\/p>\n","protected":false},"excerpt":{"rendered":"<p>PLP 455\/2017 &#8211; Possibilita que o bom pagador possa ser beneficiado por um redutor para o quitar seu cr\u00e9dito fundi\u00e1rio. Ementa:Altera a Lei Complementar n\u00ba 93, de 4 de fevereiro de 1998, para modificar os redutores percentuais incidentes sobre as parcelas dos financiamentos ao amparo dos recursos do Fundo de Terras e da Reforma Agr\u00e1ria [&hellip;]<\/p>\n","protected":false},"author":1,"featured_media":0,"parent":0,"menu_order":0,"comment_status":"closed","ping_status":"closed","template":"","meta":{"footnotes":""},"class_list":["post-2258","page","type-page","status-publish","hentry"],"yoast_head":"<!-- This site is optimized with the Yoast SEO plugin v22.7 - https:\/\/yoast.com\/wordpress\/plugins\/seo\/ -->\n<title>Benef\u00edcio ao bom pagador do Banco da Terra - Deputado Federal Bohn Gass \u2605 PT\/RS<\/title>\n<meta name=\"robots\" content=\"index, follow, max-snippet:-1, max-image-preview:large, max-video-preview:-1\" \/>\n<link rel=\"canonical\" href=\"https:\/\/bohngass.com.br\/?page_id=2258\" \/>\n<meta property=\"og:locale\" content=\"pt_BR\" \/>\n<meta property=\"og:type\" content=\"article\" \/>\n<meta property=\"og:title\" content=\"Benef\u00edcio ao bom pagador do Banco da Terra - Deputado Federal Bohn Gass \u2605 PT\/RS\" \/>\n<meta property=\"og:description\" content=\"PLP 455\/2017 &#8211; Possibilita que o bom pagador possa ser beneficiado por um redutor para o quitar seu cr\u00e9dito fundi\u00e1rio. Ementa:Altera a Lei Complementar n\u00ba 93, de 4 de fevereiro de 1998, para modificar os redutores percentuais incidentes sobre as parcelas dos financiamentos ao amparo dos recursos do Fundo de Terras e da Reforma Agr\u00e1ria [&hellip;]\" \/>\n<meta property=\"og:url\" content=\"https:\/\/bohngass.com.br\/?page_id=2258\" \/>\n<meta property=\"og:site_name\" content=\"Deputado Federal Bohn Gass \u2605 PT\/RS\" \/>\n<meta property=\"article:publisher\" content=\"https:\/\/www.facebook.com\/bohngass13\" \/>\n<meta property=\"article:modified_time\" content=\"2023-02-02T13:33:15+00:00\" \/>\n<meta name=\"twitter:card\" content=\"summary_large_image\" \/>\n<meta name=\"twitter:site\" content=\"@BohnGass\" \/>\n<meta name=\"twitter:label1\" content=\"Est. tempo de leitura\" \/>\n\t<meta name=\"twitter:data1\" content=\"2 minutos\" \/>\n<script type=\"application\/ld+json\" class=\"yoast-schema-graph\">{\"@context\":\"https:\/\/schema.org\",\"@graph\":[{\"@type\":\"WebPage\",\"@id\":\"https:\/\/bohngass.com.br\/?page_id=2258\",\"url\":\"https:\/\/bohngass.com.br\/?page_id=2258\",\"name\":\"Benef\u00edcio ao bom pagador do Banco da Terra - Deputado Federal Bohn Gass \u2605 PT\/RS\",\"isPartOf\":{\"@id\":\"https:\/\/bohngass.com.br\/#website\"},\"datePublished\":\"2023-02-01T19:36:45+00:00\",\"dateModified\":\"2023-02-02T13:33:15+00:00\",\"breadcrumb\":{\"@id\":\"https:\/\/bohngass.com.br\/?page_id=2258#breadcrumb\"},\"inLanguage\":\"pt-BR\",\"potentialAction\":[{\"@type\":\"ReadAction\",\"target\":[\"https:\/\/bohngass.com.br\/?page_id=2258\"]}]},{\"@type\":\"BreadcrumbList\",\"@id\":\"https:\/\/bohngass.com.br\/?page_id=2258#breadcrumb\",\"itemListElement\":[{\"@type\":\"ListItem\",\"position\":1,\"name\":\"In\u00edcio\",\"item\":\"https:\/\/bohngass.com.br\/\"},{\"@type\":\"ListItem\",\"position\":2,\"name\":\"Benef\u00edcio ao bom pagador do Banco da Terra\"}]},{\"@type\":\"WebSite\",\"@id\":\"https:\/\/bohngass.com.br\/#website\",\"url\":\"https:\/\/bohngass.com.br\/\",\"name\":\"Deputado Federal Bohn Gass \u2605 PT\/RS\",\"description\":\"Deputado Federal Bohn Gass\",\"publisher\":{\"@id\":\"https:\/\/bohngass.com.br\/#organization\"},\"potentialAction\":[{\"@type\":\"SearchAction\",\"target\":{\"@type\":\"EntryPoint\",\"urlTemplate\":\"https:\/\/bohngass.com.br\/?s={search_term_string}\"},\"query-input\":\"required name=search_term_string\"}],\"inLanguage\":\"pt-BR\"},{\"@type\":\"Organization\",\"@id\":\"https:\/\/bohngass.com.br\/#organization\",\"name\":\"Deputado Bohn Gass\",\"url\":\"https:\/\/bohngass.com.br\/\",\"logo\":{\"@type\":\"ImageObject\",\"inLanguage\":\"pt-BR\",\"@id\":\"https:\/\/bohngass.com.br\/#\/schema\/logo\/image\/\",\"url\":\"http:\/\/bohngass.com.br\/wp-content\/uploads\/2021\/01\/logo.png\",\"contentUrl\":\"http:\/\/bohngass.com.br\/wp-content\/uploads\/2021\/01\/logo.png\",\"width\":357,\"height\":355,\"caption\":\"Deputado Bohn Gass\"},\"image\":{\"@id\":\"https:\/\/bohngass.com.br\/#\/schema\/logo\/image\/\"},\"sameAs\":[\"https:\/\/www.facebook.com\/bohngass13\",\"https:\/\/x.com\/BohnGass\",\"https:\/\/www.instagram.com\/bohn_gass\/\",\"https:\/\/www.youtube.com\/BohnGass13\/\",\"https:\/\/pt.wikipedia.org\/wiki\/Bohn_Gass\"]}]}<\/script>\n<!-- \/ Yoast SEO plugin. -->","yoast_head_json":{"title":"Benef\u00edcio ao bom pagador do Banco da Terra - Deputado Federal Bohn Gass \u2605 PT\/RS","robots":{"index":"index","follow":"follow","max-snippet":"max-snippet:-1","max-image-preview":"max-image-preview:large","max-video-preview":"max-video-preview:-1"},"canonical":"https:\/\/bohngass.com.br\/?page_id=2258","og_locale":"pt_BR","og_type":"article","og_title":"Benef\u00edcio ao bom pagador do Banco da Terra - Deputado Federal Bohn Gass \u2605 PT\/RS","og_description":"PLP 455\/2017 &#8211; Possibilita que o bom pagador possa ser beneficiado por um redutor para o quitar seu cr\u00e9dito fundi\u00e1rio. Ementa:Altera a Lei Complementar n\u00ba 93, de 4 de fevereiro de 1998, para modificar os redutores percentuais incidentes sobre as parcelas dos financiamentos ao amparo dos recursos do Fundo de Terras e da Reforma Agr\u00e1ria [&hellip;]","og_url":"https:\/\/bohngass.com.br\/?page_id=2258","og_site_name":"Deputado Federal Bohn Gass \u2605 PT\/RS","article_publisher":"https:\/\/www.facebook.com\/bohngass13","article_modified_time":"2023-02-02T13:33:15+00:00","twitter_card":"summary_large_image","twitter_site":"@BohnGass","twitter_misc":{"Est. tempo de leitura":"2 minutos"},"schema":{"@context":"https:\/\/schema.org","@graph":[{"@type":"WebPage","@id":"https:\/\/bohngass.com.br\/?page_id=2258","url":"https:\/\/bohngass.com.br\/?page_id=2258","name":"Benef\u00edcio ao bom pagador do Banco da Terra - Deputado Federal Bohn Gass \u2605 PT\/RS","isPartOf":{"@id":"https:\/\/bohngass.com.br\/#website"},"datePublished":"2023-02-01T19:36:45+00:00","dateModified":"2023-02-02T13:33:15+00:00","breadcrumb":{"@id":"https:\/\/bohngass.com.br\/?page_id=2258#breadcrumb"},"inLanguage":"pt-BR","potentialAction":[{"@type":"ReadAction","target":["https:\/\/bohngass.com.br\/?page_id=2258"]}]},{"@type":"BreadcrumbList","@id":"https:\/\/bohngass.com.br\/?page_id=2258#breadcrumb","itemListElement":[{"@type":"ListItem","position":1,"name":"In\u00edcio","item":"https:\/\/bohngass.com.br\/"},{"@type":"ListItem","position":2,"name":"Benef\u00edcio ao bom pagador do Banco da Terra"}]},{"@type":"WebSite","@id":"https:\/\/bohngass.com.br\/#website","url":"https:\/\/bohngass.com.br\/","name":"Deputado Federal Bohn Gass \u2605 PT\/RS","description":"Deputado Federal Bohn Gass","publisher":{"@id":"https:\/\/bohngass.com.br\/#organization"},"potentialAction":[{"@type":"SearchAction","target":{"@type":"EntryPoint","urlTemplate":"https:\/\/bohngass.com.br\/?s={search_term_string}"},"query-input":"required name=search_term_string"}],"inLanguage":"pt-BR"},{"@type":"Organization","@id":"https:\/\/bohngass.com.br\/#organization","name":"Deputado Bohn Gass","url":"https:\/\/bohngass.com.br\/","logo":{"@type":"ImageObject","inLanguage":"pt-BR","@id":"https:\/\/bohngass.com.br\/#\/schema\/logo\/image\/","url":"http:\/\/bohngass.com.br\/wp-content\/uploads\/2021\/01\/logo.png","contentUrl":"http:\/\/bohngass.com.br\/wp-content\/uploads\/2021\/01\/logo.png","width":357,"height":355,"caption":"Deputado Bohn Gass"},"image":{"@id":"https:\/\/bohngass.com.br\/#\/schema\/logo\/image\/"},"sameAs":["https:\/\/www.facebook.com\/bohngass13","https:\/\/x.com\/BohnGass","https:\/\/www.instagram.com\/bohn_gass\/","https:\/\/www.youtube.com\/BohnGass13\/","https:\/\/pt.wikipedia.org\/wiki\/Bohn_Gass"]}]}},"_links":{"self":[{"href":"https:\/\/bohngass.com.br\/index.php?rest_route=\/wp\/v2\/pages\/2258","targetHints":{"allow":["GET"]}}],"collection":[{"href":"https:\/\/bohngass.com.br\/index.php?rest_route=\/wp\/v2\/pages"}],"about":[{"href":"https:\/\/bohngass.com.br\/index.php?rest_route=\/wp\/v2\/types\/page"}],"author":[{"embeddable":true,"href":"https:\/\/bohngass.com.br\/index.php?rest_route=\/wp\/v2\/users\/1"}],"replies":[{"embeddable":true,"href":"https:\/\/bohngass.com.br\/index.php?rest_route=%2Fwp%2Fv2%2Fcomments&post=2258"}],"version-history":[{"count":0,"href":"https:\/\/bohngass.com.br\/index.php?rest_route=\/wp\/v2\/pages\/2258\/revisions"}],"wp:attachment":[{"href":"https:\/\/bohngass.com.br\/index.php?rest_route=%2Fwp%2Fv2%2Fmedia&parent=2258"}],"curies":[{"name":"wp","href":"https:\/\/api.w.org\/{rel}","templated":true}]}}