{"id":2317,"date":"2023-02-07T14:10:58","date_gmt":"2023-02-07T17:10:58","guid":{"rendered":"http:\/\/bohngass.com.br\/?page_id=2317"},"modified":"2023-02-07T14:11:00","modified_gmt":"2023-02-07T17:11:00","slug":"regras-para-desligamento-de-trabalhadores-de-aplicativos","status":"publish","type":"page","link":"https:\/\/bohngass.com.br\/?page_id=2317","title":{"rendered":"Regras para desligamento de trabalhadores de aplicativos"},"content":{"rendered":"\n<p><strong><strong><strong>PL 3515\/2020<\/strong> <\/strong><\/strong>(Com outros deputados) &#8211; Institui regras para o desligamento de trabalhadores vinculados \u00e0s empresas que contratam servi\u00e7os aplicativos virtuais.<\/p>\n\n\n\n<p><strong>Ementa:<\/strong> Institui regras para o desligamento de trabalhadores vinculados \u00e0s empresas que contratam servi\u00e7os aplicativos virtuais.<\/p>\n\n\n\n<h2 class=\"wp-block-heading\"><strong>Situa\u00e7\u00e3o:<\/strong> <\/h2>\n\n\n\n<p><strong>Apensado ao PL 5069\/2019<\/strong><\/p>\n\n\n\n<p><strong>COMISS\u00c3O DE DESENVOLVIMENTO ECON\u00d4MICO, IND\u00daSTRIA, COM\u00c9RCIO E SERVI\u00c7OS<\/strong><\/p>\n\n\n\n<p><a href=\"https:\/\/www.camara.leg.br\/proposicoesWeb\/prop_mostrarintegra?codteor=2222338\"><\/a><\/p>\n\n\n\n<p>Parecer \u00e0s Emendas Apresentadas ao Substitutivo do Relator, Dep. Augusto Coutinho (REPUBLIC-PE), pela aprova\u00e7\u00e3o deste, das Emendas ao Substitutivo 1\/2022, 2\/2022, 3\/2022, 4\/2022 e 5\/2022 da CDEICS, do PL 5622\/2019, do PL 6015\/2019, do PL 6423\/2019, do PL 3337\/2021, do PL 3935\/2021, do PL 3515\/2020, do PL 3538\/2020, do PL 3554\/2020, do PL 3572\/2020, do PL 3577\/2020, do PL 3748\/2020, do PL 3954\/2020, do PL 4111\/2020, do PL 805\/2022, do PL 3797\/2020, do PL 1976\/2021, do PL 2355\/2021, do PL 3185\/2021, do PL 4172\/2020, do PL 2061\/2021, do PL 3233\/2021, do PL 4246\/2021, e do PL 1301\/2022, apensados, com Substitutivo.<\/p>\n\n\n\n<div class=\"wp-block-buttons has-custom-font-size has-medium-font-size is-content-justification-left is-layout-flex wp-container-core-buttons-is-layout-fdcfc74e wp-block-buttons-is-layout-flex\">\n<div class=\"wp-block-button\"><a class=\"wp-block-button__link wp-element-button\" href=\"https:\/\/www.camara.leg.br\/proposicoesWeb\/fichadetramitacao?idProposicao=2256333\">Veja aqui a p\u00e1gina do projeto<\/a><\/div>\n<\/div>\n\n\n\n<p><\/p>\n\n\n\n<h2 class=\"wp-block-heading\"><strong>Justificativa:<\/strong><\/h2>\n\n\n\n<p>As tecnologias impuseram uma nova realidade ao mundo do trabalho, \u00e9 cada vez mais presente a figura do trabalhador sem v\u00ednculo e apenas \u2018associado\u2019 a um aplicativo. \u00c9 ineg\u00e1vel que este desenvolvimento tecnol\u00f3gico facilita e cria oportunidades a todos. Not\u00f3rios s\u00e3o os aspectos positivos relacionados ao aumento de produtividade, a melhoria das condi\u00e7\u00f5es de trabalho e as novas possibilidades. Ocorre que nas condi\u00e7\u00f5es jur\u00eddicas e legais atuais, a falta de regulamenta\u00e7\u00e3o e de seguran\u00e7a jur\u00eddica, implicam na precariza\u00e7\u00e3o do trabalho e na extrema fragilidade da rela\u00e7\u00e3o entre o empregado e o empregador.&nbsp; Portanto, \u00e9 mais do que necess\u00e1rio que a legisla\u00e7\u00e3o seja atualizada para acompanhar a moderniza\u00e7\u00e3o tecnol\u00f3gica e, sobretudo,&nbsp; para que possam ser garantidos direitos b\u00e1sicos aos trabalhadores de aplicativos. Prop\u00f5e-se aqui que estes tenham garantias m\u00ednimas de que n\u00e3o ser\u00e3o sumariamente desligados e impedidos de laborar a bel prazer da empresa empregadora. Para esta empresa \u00e9 poss\u00edvel que este trabalhador seja apenas um n\u00famero seguido de avalia\u00e7\u00f5es e coment\u00e1rio de clientes, no entanto, para o trabalhador este v\u00ednculo geralmente \u00e9 a garantia de renda e de sua subsist\u00eancia b\u00e1sica. Sugere-se n\u00e3o a impossibilidade de desligamento, mas t\u00e3o somente que seja feito com crit\u00e9rios, garantindo o direito de defesa do trabalhador e vedando que possa ocorrer sem qualquer justificativa aparente.<\/p>\n","protected":false},"excerpt":{"rendered":"<p>PL 3515\/2020 (Com outros deputados) &#8211; Institui regras para o desligamento de trabalhadores vinculados \u00e0s empresas que contratam servi\u00e7os aplicativos virtuais. Ementa: Institui regras para o desligamento de trabalhadores vinculados \u00e0s empresas que contratam servi\u00e7os aplicativos virtuais. Situa\u00e7\u00e3o: Apensado ao PL 5069\/2019 COMISS\u00c3O DE DESENVOLVIMENTO ECON\u00d4MICO, IND\u00daSTRIA, COM\u00c9RCIO E SERVI\u00c7OS Parecer \u00e0s Emendas Apresentadas ao [&hellip;]<\/p>\n","protected":false},"author":1,"featured_media":0,"parent":0,"menu_order":0,"comment_status":"closed","ping_status":"closed","template":"","meta":{"footnotes":""},"class_list":["post-2317","page","type-page","status-publish","hentry"],"yoast_head":"<!-- This site is optimized with the Yoast SEO plugin v22.7 - https:\/\/yoast.com\/wordpress\/plugins\/seo\/ -->\n<title>Regras para desligamento de trabalhadores de aplicativos - Deputado Federal Bohn Gass \u2605 PT\/RS<\/title>\n<meta name=\"robots\" content=\"index, follow, max-snippet:-1, max-image-preview:large, max-video-preview:-1\" \/>\n<link rel=\"canonical\" href=\"https:\/\/bohngass.com.br\/?page_id=2317\" \/>\n<meta property=\"og:locale\" content=\"pt_BR\" \/>\n<meta property=\"og:type\" content=\"article\" \/>\n<meta property=\"og:title\" content=\"Regras para desligamento de trabalhadores de aplicativos - Deputado Federal Bohn Gass \u2605 PT\/RS\" \/>\n<meta property=\"og:description\" content=\"PL 3515\/2020 (Com outros deputados) &#8211; Institui regras para o desligamento de trabalhadores vinculados \u00e0s empresas que contratam servi\u00e7os aplicativos virtuais. Ementa: Institui regras para o desligamento de trabalhadores vinculados \u00e0s empresas que contratam servi\u00e7os aplicativos virtuais. Situa\u00e7\u00e3o: Apensado ao PL 5069\/2019 COMISS\u00c3O DE DESENVOLVIMENTO ECON\u00d4MICO, IND\u00daSTRIA, COM\u00c9RCIO E SERVI\u00c7OS Parecer \u00e0s Emendas Apresentadas ao [&hellip;]\" \/>\n<meta property=\"og:url\" content=\"https:\/\/bohngass.com.br\/?page_id=2317\" \/>\n<meta property=\"og:site_name\" content=\"Deputado Federal Bohn Gass \u2605 PT\/RS\" \/>\n<meta property=\"article:publisher\" content=\"https:\/\/www.facebook.com\/bohngass13\" \/>\n<meta property=\"article:modified_time\" content=\"2023-02-07T17:11:00+00:00\" \/>\n<meta name=\"twitter:card\" content=\"summary_large_image\" \/>\n<meta name=\"twitter:site\" content=\"@BohnGass\" \/>\n<meta name=\"twitter:label1\" content=\"Est. tempo de leitura\" \/>\n\t<meta name=\"twitter:data1\" content=\"3 minutos\" \/>\n<script type=\"application\/ld+json\" class=\"yoast-schema-graph\">{\"@context\":\"https:\/\/schema.org\",\"@graph\":[{\"@type\":\"WebPage\",\"@id\":\"https:\/\/bohngass.com.br\/?page_id=2317\",\"url\":\"https:\/\/bohngass.com.br\/?page_id=2317\",\"name\":\"Regras para desligamento de trabalhadores de aplicativos - Deputado Federal Bohn Gass \u2605 PT\/RS\",\"isPartOf\":{\"@id\":\"https:\/\/bohngass.com.br\/#website\"},\"datePublished\":\"2023-02-07T17:10:58+00:00\",\"dateModified\":\"2023-02-07T17:11:00+00:00\",\"breadcrumb\":{\"@id\":\"https:\/\/bohngass.com.br\/?page_id=2317#breadcrumb\"},\"inLanguage\":\"pt-BR\",\"potentialAction\":[{\"@type\":\"ReadAction\",\"target\":[\"https:\/\/bohngass.com.br\/?page_id=2317\"]}]},{\"@type\":\"BreadcrumbList\",\"@id\":\"https:\/\/bohngass.com.br\/?page_id=2317#breadcrumb\",\"itemListElement\":[{\"@type\":\"ListItem\",\"position\":1,\"name\":\"In\u00edcio\",\"item\":\"https:\/\/bohngass.com.br\/\"},{\"@type\":\"ListItem\",\"position\":2,\"name\":\"Regras para desligamento de trabalhadores de aplicativos\"}]},{\"@type\":\"WebSite\",\"@id\":\"https:\/\/bohngass.com.br\/#website\",\"url\":\"https:\/\/bohngass.com.br\/\",\"name\":\"Deputado Federal Bohn Gass \u2605 PT\/RS\",\"description\":\"Deputado Federal Bohn Gass\",\"publisher\":{\"@id\":\"https:\/\/bohngass.com.br\/#organization\"},\"potentialAction\":[{\"@type\":\"SearchAction\",\"target\":{\"@type\":\"EntryPoint\",\"urlTemplate\":\"https:\/\/bohngass.com.br\/?s={search_term_string}\"},\"query-input\":\"required name=search_term_string\"}],\"inLanguage\":\"pt-BR\"},{\"@type\":\"Organization\",\"@id\":\"https:\/\/bohngass.com.br\/#organization\",\"name\":\"Deputado Bohn Gass\",\"url\":\"https:\/\/bohngass.com.br\/\",\"logo\":{\"@type\":\"ImageObject\",\"inLanguage\":\"pt-BR\",\"@id\":\"https:\/\/bohngass.com.br\/#\/schema\/logo\/image\/\",\"url\":\"http:\/\/bohngass.com.br\/wp-content\/uploads\/2021\/01\/logo.png\",\"contentUrl\":\"http:\/\/bohngass.com.br\/wp-content\/uploads\/2021\/01\/logo.png\",\"width\":357,\"height\":355,\"caption\":\"Deputado Bohn Gass\"},\"image\":{\"@id\":\"https:\/\/bohngass.com.br\/#\/schema\/logo\/image\/\"},\"sameAs\":[\"https:\/\/www.facebook.com\/bohngass13\",\"https:\/\/x.com\/BohnGass\",\"https:\/\/www.instagram.com\/bohn_gass\/\",\"https:\/\/www.youtube.com\/BohnGass13\/\",\"https:\/\/pt.wikipedia.org\/wiki\/Bohn_Gass\"]}]}<\/script>\n<!-- \/ Yoast SEO plugin. -->","yoast_head_json":{"title":"Regras para desligamento de trabalhadores de aplicativos - Deputado Federal Bohn Gass \u2605 PT\/RS","robots":{"index":"index","follow":"follow","max-snippet":"max-snippet:-1","max-image-preview":"max-image-preview:large","max-video-preview":"max-video-preview:-1"},"canonical":"https:\/\/bohngass.com.br\/?page_id=2317","og_locale":"pt_BR","og_type":"article","og_title":"Regras para desligamento de trabalhadores de aplicativos - Deputado Federal Bohn Gass \u2605 PT\/RS","og_description":"PL 3515\/2020 (Com outros deputados) &#8211; Institui regras para o desligamento de trabalhadores vinculados \u00e0s empresas que contratam servi\u00e7os aplicativos virtuais. Ementa: Institui regras para o desligamento de trabalhadores vinculados \u00e0s empresas que contratam servi\u00e7os aplicativos virtuais. Situa\u00e7\u00e3o: Apensado ao PL 5069\/2019 COMISS\u00c3O DE DESENVOLVIMENTO ECON\u00d4MICO, IND\u00daSTRIA, COM\u00c9RCIO E SERVI\u00c7OS Parecer \u00e0s Emendas Apresentadas ao [&hellip;]","og_url":"https:\/\/bohngass.com.br\/?page_id=2317","og_site_name":"Deputado Federal Bohn Gass \u2605 PT\/RS","article_publisher":"https:\/\/www.facebook.com\/bohngass13","article_modified_time":"2023-02-07T17:11:00+00:00","twitter_card":"summary_large_image","twitter_site":"@BohnGass","twitter_misc":{"Est. tempo de leitura":"3 minutos"},"schema":{"@context":"https:\/\/schema.org","@graph":[{"@type":"WebPage","@id":"https:\/\/bohngass.com.br\/?page_id=2317","url":"https:\/\/bohngass.com.br\/?page_id=2317","name":"Regras para desligamento de trabalhadores de aplicativos - Deputado Federal Bohn Gass \u2605 PT\/RS","isPartOf":{"@id":"https:\/\/bohngass.com.br\/#website"},"datePublished":"2023-02-07T17:10:58+00:00","dateModified":"2023-02-07T17:11:00+00:00","breadcrumb":{"@id":"https:\/\/bohngass.com.br\/?page_id=2317#breadcrumb"},"inLanguage":"pt-BR","potentialAction":[{"@type":"ReadAction","target":["https:\/\/bohngass.com.br\/?page_id=2317"]}]},{"@type":"BreadcrumbList","@id":"https:\/\/bohngass.com.br\/?page_id=2317#breadcrumb","itemListElement":[{"@type":"ListItem","position":1,"name":"In\u00edcio","item":"https:\/\/bohngass.com.br\/"},{"@type":"ListItem","position":2,"name":"Regras para desligamento de trabalhadores de aplicativos"}]},{"@type":"WebSite","@id":"https:\/\/bohngass.com.br\/#website","url":"https:\/\/bohngass.com.br\/","name":"Deputado Federal Bohn Gass \u2605 PT\/RS","description":"Deputado Federal Bohn Gass","publisher":{"@id":"https:\/\/bohngass.com.br\/#organization"},"potentialAction":[{"@type":"SearchAction","target":{"@type":"EntryPoint","urlTemplate":"https:\/\/bohngass.com.br\/?s={search_term_string}"},"query-input":"required name=search_term_string"}],"inLanguage":"pt-BR"},{"@type":"Organization","@id":"https:\/\/bohngass.com.br\/#organization","name":"Deputado Bohn Gass","url":"https:\/\/bohngass.com.br\/","logo":{"@type":"ImageObject","inLanguage":"pt-BR","@id":"https:\/\/bohngass.com.br\/#\/schema\/logo\/image\/","url":"http:\/\/bohngass.com.br\/wp-content\/uploads\/2021\/01\/logo.png","contentUrl":"http:\/\/bohngass.com.br\/wp-content\/uploads\/2021\/01\/logo.png","width":357,"height":355,"caption":"Deputado Bohn Gass"},"image":{"@id":"https:\/\/bohngass.com.br\/#\/schema\/logo\/image\/"},"sameAs":["https:\/\/www.facebook.com\/bohngass13","https:\/\/x.com\/BohnGass","https:\/\/www.instagram.com\/bohn_gass\/","https:\/\/www.youtube.com\/BohnGass13\/","https:\/\/pt.wikipedia.org\/wiki\/Bohn_Gass"]}]}},"_links":{"self":[{"href":"https:\/\/bohngass.com.br\/index.php?rest_route=\/wp\/v2\/pages\/2317","targetHints":{"allow":["GET"]}}],"collection":[{"href":"https:\/\/bohngass.com.br\/index.php?rest_route=\/wp\/v2\/pages"}],"about":[{"href":"https:\/\/bohngass.com.br\/index.php?rest_route=\/wp\/v2\/types\/page"}],"author":[{"embeddable":true,"href":"https:\/\/bohngass.com.br\/index.php?rest_route=\/wp\/v2\/users\/1"}],"replies":[{"embeddable":true,"href":"https:\/\/bohngass.com.br\/index.php?rest_route=%2Fwp%2Fv2%2Fcomments&post=2317"}],"version-history":[{"count":0,"href":"https:\/\/bohngass.com.br\/index.php?rest_route=\/wp\/v2\/pages\/2317\/revisions"}],"wp:attachment":[{"href":"https:\/\/bohngass.com.br\/index.php?rest_route=%2Fwp%2Fv2%2Fmedia&parent=2317"}],"curies":[{"name":"wp","href":"https:\/\/api.w.org\/{rel}","templated":true}]}}