{"id":2330,"date":"2023-02-07T14:55:24","date_gmt":"2023-02-07T17:55:24","guid":{"rendered":"http:\/\/bohngass.com.br\/?page_id=2330"},"modified":"2023-02-07T14:55:25","modified_gmt":"2023-02-07T17:55:25","slug":"politica-nacional-de-educacao-do-campo","status":"publish","type":"page","link":"https:\/\/bohngass.com.br\/?page_id=2330","title":{"rendered":"Pol\u00edtica Nacional de Educa\u00e7\u00e3o do Campo"},"content":{"rendered":"\n<p><strong><strong><strong>PL 4215\/2021<\/strong> <\/strong><\/strong>(Com outros deputados) &#8211; Disp\u00f5e sobre a pol\u00edtica nacional de educa\u00e7\u00e3o do campo.<\/p>\n\n\n\n<p><strong>Ementa:<\/strong> Disp\u00f5e sobre a pol\u00edtica nacional de educa\u00e7\u00e3o do campo.<\/p>\n\n\n\n<h2 class=\"wp-block-heading\"><strong>Situa\u00e7\u00e3o:<\/strong> <\/h2>\n\n\n\n<p><strong>COMISS\u00c3O DE AGRICULTURA, PECU\u00c1RIA, ABASTECIMENTO E DESENVOLVIMENTO RURAL<\/strong><\/p>\n\n\n\n<p>Aguardando designa\u00e7\u00e3o de relator<\/p>\n\n\n\n<div class=\"wp-block-buttons has-custom-font-size has-medium-font-size is-content-justification-left is-layout-flex wp-container-core-buttons-is-layout-fdcfc74e wp-block-buttons-is-layout-flex\">\n<div class=\"wp-block-button\"><a class=\"wp-block-button__link wp-element-button\" href=\"https:\/\/www.camara.leg.br\/propostas-legislativas\/2309581\">Veja aqui a p\u00e1gina do projeto<\/a><\/div>\n<\/div>\n\n\n\n<p><\/p>\n\n\n\n<h2 class=\"wp-block-heading\"><strong>Justificativa:<\/strong><\/h2>\n\n\n\n<p>A Educa\u00e7\u00e3o do Campo \u00e9 uma refer\u00eancia pol\u00edtico-pedag\u00f3gica organizada em termos de princ\u00edpios, conceitos e orienta\u00e7\u00f5es metodol\u00f3gicas de escolas do campo. Emerge no final dos anos de 1990 do s\u00e9culo XX num contexto de lutas e reivindica\u00e7\u00f5es por reforma agr\u00e1ria e pol\u00edticas p\u00fablicas para a agricultura familiar camponesa. Movimentos sociais e Sindicais, profissionais da Educa\u00e7\u00e3o B\u00e1sica, organiza\u00e7\u00f5es sociais e governamentais, igrejas e universidades se envolveram em pr\u00e1ticas diversas, publica\u00e7\u00f5es, semin\u00e1rios e encontros visando trazer para o debate p\u00fablico quest\u00f5es da escolariza\u00e7\u00e3o, profissionaliza\u00e7\u00e3o e forma\u00e7\u00e3o de educadores para a educa\u00e7\u00e3o dos povos campesinos. Os Centros Educativos Familiares de Forma\u00e7\u00e3o por Altern\u00e2ncia (CEFFAs) que re\u00fanem as Escolas Fam\u00edlias Agr\u00edcolas e Casas Familiares Rurais participam do movimento da Educa\u00e7\u00e3o do Campo e contribuem com a Pedagogia da Altern\u00e2ncia que inspira a organiza\u00e7\u00e3o escolar e o trabalho pedag\u00f3gico de forma mais apropriada aos contextos campesinos.&nbsp;<\/p>\n\n\n\n<p>V\u00e1rias a\u00e7\u00f5es foram conformando uma pol\u00edtica nacional para a educa\u00e7\u00e3o do campo, que propomos neste momento consolidar. Houve a implanta\u00e7\u00e3o do Programa Nacional de Educa\u00e7\u00e3o na Reforma Agr\u00e1ria (Pronera), a cria\u00e7\u00e3o do Programa Nacional das Licenciaturas do Campo (Procampo), sendo que na atualidade, temos execu\u00e7\u00e3o 44 cursos de Licenciatura em Educa\u00e7\u00e3o do Campo distribu\u00eddos em 31 universidades e quatro institutos federais, com presen\u00e7a em todas as regi\u00f5es brasileiras. O Programa Escola da Terra, a\u00e7\u00e3o prevista no eixo n\u00ba 1 do Programa Nacional de Educa\u00e7\u00e3o do Campo (Pronacampo), lan\u00e7ado pelo Governo Federal em 20 de mar\u00e7o de 2012, Portaria n\u00ba 86 de 02 de fevereiro de 2013, \u00e9 uma das conquistas desta luta, como lembram MOLINA, M. C. (2009) e CARVALHO, (2018) e BEGNAMI (2019).<\/p>\n\n\n\n<p>Igualmente, o movimento da Pedagogia da Altern\u00e2ncia conquistou marcos legais importantes, com o apoio do F\u00f3rum Nacional da Educa\u00e7\u00e3o do Campo (Fonec). O Parecer CEB\/CNE n.01\/2006, que disp\u00f5e sobre os dias letivos para a aplica\u00e7\u00e3o da Pedagogia de Altern\u00e2ncia nos Centros Familiares de Forma\u00e7\u00e3o por Altern\u00e2ncia (Ceffa), a Lei 12.695\/2012 que inclui as escolas comunit\u00e1rias que atuam com a Pedagogia da Altern\u00e2ncia no campo e as Diretrizes Curriculares da Pedagogia da Altern\u00e2ncia na Educa\u00e7\u00e3o B\u00e1sica e na Educa\u00e7\u00e3o Superior. H\u00e1 ainda muitos desafios. Estudos revelam que o transporte escolar inadequado dificulta o aprendizado de estudantes da zona rural: v\u00e1rios direitos comprometidos. Em pesquisa sobre a qualidade da infraestrutura das escolas p\u00fablicas do Ensino Fundamental no Brasil, as escolas rurais apresentaram os piores \u00edndices. (ALVES &amp; XAVIER, 2019).<\/p>\n\n\n\n<p>Levantamento com base nos dados do Instituto Nacional de Estudos e Pesquisas Educacionais (Inep) sobre o n\u00famero de estabelecimentos de ensino na Educa\u00e7\u00e3o B\u00e1sica confirma que foram fechadas quase 80 mil escolas no campo brasileiro entre 1997 e 2018, somando quase quatro mil escolas fechadas por ano. A educa\u00e7\u00e3o do campo como direito tem respaldo na Lei de Diretrizes e Bases de 1996 que define a Educa\u00e7\u00e3o Escolar como um direito do cidad\u00e3o e um dever do Estado. Neste sentido o direito \u00e0 Educa\u00e7\u00e3o B\u00e1sica \u00e9 direito p\u00fablico e subjetivo da popula\u00e7\u00e3o brasileira. Este direito pode ser traduzido dentro dos marcos da liberdade, da democracia, do respeito \u00e0 diversidade, da garantia da gratuidade e do acesso universal.<\/p>\n","protected":false},"excerpt":{"rendered":"<p>PL 4215\/2021 (Com outros deputados) &#8211; Disp\u00f5e sobre a pol\u00edtica nacional de educa\u00e7\u00e3o do campo. Ementa: Disp\u00f5e sobre a pol\u00edtica nacional de educa\u00e7\u00e3o do campo. Situa\u00e7\u00e3o: COMISS\u00c3O DE AGRICULTURA, PECU\u00c1RIA, ABASTECIMENTO E DESENVOLVIMENTO RURAL Aguardando designa\u00e7\u00e3o de relator Justificativa: A Educa\u00e7\u00e3o do Campo \u00e9 uma refer\u00eancia pol\u00edtico-pedag\u00f3gica organizada em termos de princ\u00edpios, conceitos e orienta\u00e7\u00f5es [&hellip;]<\/p>\n","protected":false},"author":1,"featured_media":0,"parent":0,"menu_order":0,"comment_status":"closed","ping_status":"closed","template":"","meta":{"footnotes":""},"class_list":["post-2330","page","type-page","status-publish","hentry"],"yoast_head":"<!-- This site is optimized with the Yoast SEO plugin v22.7 - https:\/\/yoast.com\/wordpress\/plugins\/seo\/ -->\n<title>Pol\u00edtica Nacional de Educa\u00e7\u00e3o do Campo - Deputado Federal Bohn Gass \u2605 PT\/RS<\/title>\n<meta name=\"robots\" content=\"index, follow, max-snippet:-1, max-image-preview:large, max-video-preview:-1\" \/>\n<link rel=\"canonical\" href=\"https:\/\/bohngass.com.br\/?page_id=2330\" \/>\n<meta property=\"og:locale\" content=\"pt_BR\" \/>\n<meta property=\"og:type\" content=\"article\" \/>\n<meta property=\"og:title\" content=\"Pol\u00edtica Nacional de Educa\u00e7\u00e3o do Campo - Deputado Federal Bohn Gass \u2605 PT\/RS\" \/>\n<meta property=\"og:description\" content=\"PL 4215\/2021 (Com outros deputados) &#8211; Disp\u00f5e sobre a pol\u00edtica nacional de educa\u00e7\u00e3o do campo. Ementa: Disp\u00f5e sobre a pol\u00edtica nacional de educa\u00e7\u00e3o do campo. Situa\u00e7\u00e3o: COMISS\u00c3O DE AGRICULTURA, PECU\u00c1RIA, ABASTECIMENTO E DESENVOLVIMENTO RURAL Aguardando designa\u00e7\u00e3o de relator Justificativa: A Educa\u00e7\u00e3o do Campo \u00e9 uma refer\u00eancia pol\u00edtico-pedag\u00f3gica organizada em termos de princ\u00edpios, conceitos e orienta\u00e7\u00f5es [&hellip;]\" \/>\n<meta property=\"og:url\" content=\"https:\/\/bohngass.com.br\/?page_id=2330\" \/>\n<meta property=\"og:site_name\" content=\"Deputado Federal Bohn Gass \u2605 PT\/RS\" \/>\n<meta property=\"article:publisher\" content=\"https:\/\/www.facebook.com\/bohngass13\" \/>\n<meta property=\"article:modified_time\" content=\"2023-02-07T17:55:25+00:00\" \/>\n<meta name=\"twitter:card\" content=\"summary_large_image\" \/>\n<meta name=\"twitter:site\" content=\"@BohnGass\" \/>\n<meta name=\"twitter:label1\" content=\"Est. tempo de leitura\" \/>\n\t<meta name=\"twitter:data1\" content=\"4 minutos\" \/>\n<script type=\"application\/ld+json\" class=\"yoast-schema-graph\">{\"@context\":\"https:\/\/schema.org\",\"@graph\":[{\"@type\":\"WebPage\",\"@id\":\"https:\/\/bohngass.com.br\/?page_id=2330\",\"url\":\"https:\/\/bohngass.com.br\/?page_id=2330\",\"name\":\"Pol\u00edtica Nacional de Educa\u00e7\u00e3o do Campo - Deputado Federal Bohn Gass \u2605 PT\/RS\",\"isPartOf\":{\"@id\":\"https:\/\/bohngass.com.br\/#website\"},\"datePublished\":\"2023-02-07T17:55:24+00:00\",\"dateModified\":\"2023-02-07T17:55:25+00:00\",\"breadcrumb\":{\"@id\":\"https:\/\/bohngass.com.br\/?page_id=2330#breadcrumb\"},\"inLanguage\":\"pt-BR\",\"potentialAction\":[{\"@type\":\"ReadAction\",\"target\":[\"https:\/\/bohngass.com.br\/?page_id=2330\"]}]},{\"@type\":\"BreadcrumbList\",\"@id\":\"https:\/\/bohngass.com.br\/?page_id=2330#breadcrumb\",\"itemListElement\":[{\"@type\":\"ListItem\",\"position\":1,\"name\":\"In\u00edcio\",\"item\":\"https:\/\/bohngass.com.br\/\"},{\"@type\":\"ListItem\",\"position\":2,\"name\":\"Pol\u00edtica Nacional de Educa\u00e7\u00e3o do Campo\"}]},{\"@type\":\"WebSite\",\"@id\":\"https:\/\/bohngass.com.br\/#website\",\"url\":\"https:\/\/bohngass.com.br\/\",\"name\":\"Deputado Federal Bohn Gass \u2605 PT\/RS\",\"description\":\"Deputado Federal Bohn Gass\",\"publisher\":{\"@id\":\"https:\/\/bohngass.com.br\/#organization\"},\"potentialAction\":[{\"@type\":\"SearchAction\",\"target\":{\"@type\":\"EntryPoint\",\"urlTemplate\":\"https:\/\/bohngass.com.br\/?s={search_term_string}\"},\"query-input\":\"required name=search_term_string\"}],\"inLanguage\":\"pt-BR\"},{\"@type\":\"Organization\",\"@id\":\"https:\/\/bohngass.com.br\/#organization\",\"name\":\"Deputado Bohn Gass\",\"url\":\"https:\/\/bohngass.com.br\/\",\"logo\":{\"@type\":\"ImageObject\",\"inLanguage\":\"pt-BR\",\"@id\":\"https:\/\/bohngass.com.br\/#\/schema\/logo\/image\/\",\"url\":\"http:\/\/bohngass.com.br\/wp-content\/uploads\/2021\/01\/logo.png\",\"contentUrl\":\"http:\/\/bohngass.com.br\/wp-content\/uploads\/2021\/01\/logo.png\",\"width\":357,\"height\":355,\"caption\":\"Deputado Bohn Gass\"},\"image\":{\"@id\":\"https:\/\/bohngass.com.br\/#\/schema\/logo\/image\/\"},\"sameAs\":[\"https:\/\/www.facebook.com\/bohngass13\",\"https:\/\/x.com\/BohnGass\",\"https:\/\/www.instagram.com\/bohn_gass\/\",\"https:\/\/www.youtube.com\/BohnGass13\/\",\"https:\/\/pt.wikipedia.org\/wiki\/Bohn_Gass\"]}]}<\/script>\n<!-- \/ Yoast SEO plugin. -->","yoast_head_json":{"title":"Pol\u00edtica Nacional de Educa\u00e7\u00e3o do Campo - Deputado Federal Bohn Gass \u2605 PT\/RS","robots":{"index":"index","follow":"follow","max-snippet":"max-snippet:-1","max-image-preview":"max-image-preview:large","max-video-preview":"max-video-preview:-1"},"canonical":"https:\/\/bohngass.com.br\/?page_id=2330","og_locale":"pt_BR","og_type":"article","og_title":"Pol\u00edtica Nacional de Educa\u00e7\u00e3o do Campo - Deputado Federal Bohn Gass \u2605 PT\/RS","og_description":"PL 4215\/2021 (Com outros deputados) &#8211; Disp\u00f5e sobre a pol\u00edtica nacional de educa\u00e7\u00e3o do campo. Ementa: Disp\u00f5e sobre a pol\u00edtica nacional de educa\u00e7\u00e3o do campo. Situa\u00e7\u00e3o: COMISS\u00c3O DE AGRICULTURA, PECU\u00c1RIA, ABASTECIMENTO E DESENVOLVIMENTO RURAL Aguardando designa\u00e7\u00e3o de relator Justificativa: A Educa\u00e7\u00e3o do Campo \u00e9 uma refer\u00eancia pol\u00edtico-pedag\u00f3gica organizada em termos de princ\u00edpios, conceitos e orienta\u00e7\u00f5es [&hellip;]","og_url":"https:\/\/bohngass.com.br\/?page_id=2330","og_site_name":"Deputado Federal Bohn Gass \u2605 PT\/RS","article_publisher":"https:\/\/www.facebook.com\/bohngass13","article_modified_time":"2023-02-07T17:55:25+00:00","twitter_card":"summary_large_image","twitter_site":"@BohnGass","twitter_misc":{"Est. tempo de leitura":"4 minutos"},"schema":{"@context":"https:\/\/schema.org","@graph":[{"@type":"WebPage","@id":"https:\/\/bohngass.com.br\/?page_id=2330","url":"https:\/\/bohngass.com.br\/?page_id=2330","name":"Pol\u00edtica Nacional de Educa\u00e7\u00e3o do Campo - Deputado Federal Bohn Gass \u2605 PT\/RS","isPartOf":{"@id":"https:\/\/bohngass.com.br\/#website"},"datePublished":"2023-02-07T17:55:24+00:00","dateModified":"2023-02-07T17:55:25+00:00","breadcrumb":{"@id":"https:\/\/bohngass.com.br\/?page_id=2330#breadcrumb"},"inLanguage":"pt-BR","potentialAction":[{"@type":"ReadAction","target":["https:\/\/bohngass.com.br\/?page_id=2330"]}]},{"@type":"BreadcrumbList","@id":"https:\/\/bohngass.com.br\/?page_id=2330#breadcrumb","itemListElement":[{"@type":"ListItem","position":1,"name":"In\u00edcio","item":"https:\/\/bohngass.com.br\/"},{"@type":"ListItem","position":2,"name":"Pol\u00edtica Nacional de Educa\u00e7\u00e3o do Campo"}]},{"@type":"WebSite","@id":"https:\/\/bohngass.com.br\/#website","url":"https:\/\/bohngass.com.br\/","name":"Deputado Federal Bohn Gass \u2605 PT\/RS","description":"Deputado Federal Bohn Gass","publisher":{"@id":"https:\/\/bohngass.com.br\/#organization"},"potentialAction":[{"@type":"SearchAction","target":{"@type":"EntryPoint","urlTemplate":"https:\/\/bohngass.com.br\/?s={search_term_string}"},"query-input":"required name=search_term_string"}],"inLanguage":"pt-BR"},{"@type":"Organization","@id":"https:\/\/bohngass.com.br\/#organization","name":"Deputado Bohn Gass","url":"https:\/\/bohngass.com.br\/","logo":{"@type":"ImageObject","inLanguage":"pt-BR","@id":"https:\/\/bohngass.com.br\/#\/schema\/logo\/image\/","url":"http:\/\/bohngass.com.br\/wp-content\/uploads\/2021\/01\/logo.png","contentUrl":"http:\/\/bohngass.com.br\/wp-content\/uploads\/2021\/01\/logo.png","width":357,"height":355,"caption":"Deputado Bohn Gass"},"image":{"@id":"https:\/\/bohngass.com.br\/#\/schema\/logo\/image\/"},"sameAs":["https:\/\/www.facebook.com\/bohngass13","https:\/\/x.com\/BohnGass","https:\/\/www.instagram.com\/bohn_gass\/","https:\/\/www.youtube.com\/BohnGass13\/","https:\/\/pt.wikipedia.org\/wiki\/Bohn_Gass"]}]}},"_links":{"self":[{"href":"https:\/\/bohngass.com.br\/index.php?rest_route=\/wp\/v2\/pages\/2330","targetHints":{"allow":["GET"]}}],"collection":[{"href":"https:\/\/bohngass.com.br\/index.php?rest_route=\/wp\/v2\/pages"}],"about":[{"href":"https:\/\/bohngass.com.br\/index.php?rest_route=\/wp\/v2\/types\/page"}],"author":[{"embeddable":true,"href":"https:\/\/bohngass.com.br\/index.php?rest_route=\/wp\/v2\/users\/1"}],"replies":[{"embeddable":true,"href":"https:\/\/bohngass.com.br\/index.php?rest_route=%2Fwp%2Fv2%2Fcomments&post=2330"}],"version-history":[{"count":0,"href":"https:\/\/bohngass.com.br\/index.php?rest_route=\/wp\/v2\/pages\/2330\/revisions"}],"wp:attachment":[{"href":"https:\/\/bohngass.com.br\/index.php?rest_route=%2Fwp%2Fv2%2Fmedia&parent=2330"}],"curies":[{"name":"wp","href":"https:\/\/api.w.org\/{rel}","templated":true}]}}