{"id":2624,"date":"2023-03-20T16:28:38","date_gmt":"2023-03-20T19:28:38","guid":{"rendered":"http:\/\/bohngass.com.br\/?page_id=2624"},"modified":"2023-03-21T11:45:06","modified_gmt":"2023-03-21T14:45:06","slug":"setembro-2022","status":"publish","type":"page","link":"https:\/\/bohngass.com.br\/?page_id=2624","title":{"rendered":"Setembro 2022"},"content":{"rendered":"\n<p><strong>Anafe<\/strong><br><a href=\"https:\/\/anafenacional.org.br\/deputado-federal-bohn-gass-recebe-certificado-e-selo-de-candidato-amigo-da-advocacia-publica\/\">Deputado Federal Bohn Gass recebe certificado e selo de \u2018Candidato Amigo da Advocacia P\u00fablica\u2019<\/a><br>Na manh\u00e3 desta ter\u00e7a-feira (30), o Deputado Federal <strong>Elvino Bohn Gass (PT\/RS)<\/strong>, recebeu o certificado e o selo \u201cCandidato Amigo da Advocacia P\u00fablica\u201d. A entrega foi realizada pelo Presidente da ANAFE, Lademir Rocha, em Bras\u00edlia.<\/p>\n\n\n\n<p><strong>A Voz do Brasil<\/strong><br><a href=\"https:\/\/www.camara.leg.br\/radio\/programas\/906600-camara-conclui-aprovacao-de-projeto-que-cria-loterias-da-saude-e-do-turismo\/\">C\u00e2mara conclui aprova\u00e7\u00e3o de projeto que cria loterias da Sa\u00fade e do Turismo<\/a><br>O deputado&nbsp;<strong>Bohn Gass (PT-RS)<\/strong>&nbsp;defendeu a retirada do projeto de pauta com o argumento de que a sa\u00fade e o turismo v\u00e3o perder dinheiro com a entrada de empresas privadas na gest\u00e3o das loterias.<\/p>\n\n\n\n<p><strong>Jovem Pan<\/strong><br><a href=\"https:\/\/jovempan.com.br\/programas\/jornal-da-manha\/camara-aprova-medida-provisoria-que-facilita-reajustes-de-fretes-rodoviarios.html\">C\u00e2mara aprova medida provis\u00f3ria que facilita reajustes de fretes rodovi\u00e1rios<\/a><br>O deputado<strong> Bohn Gass (PT) <\/strong>criticou a pol\u00edtica da petroleira e ressaltou que o diesel est\u00e1 mais caro que a gasolina:<\/p>\n\n\n\n<p><strong>A Voz do Brasil<\/strong><br><a href=\"https:\/\/www.camara.leg.br\/radio\/programas\/907468-plenario-vai-votar-em-outubro-projeto-sobre-compra-de-energia-eletrica\/\">Plen\u00e1rio vai votar em outubro projeto sobre compra de energia el\u00e9trica<\/a><br><strong>Bohn Gass (PT-RS)<\/strong>&nbsp;condena a inten\u00e7\u00e3o de se privatizar empresas importantes para o desenvolvimento nacional, como os Correios e a Petrobras. Segundo o deputado, as empresas que se interessam pela compra das estatais querem apenas lucrar \u00e0s custas do povo brasileiro.<\/p>\n\n\n\n<p><strong>Prefeitura Municipal de Riozinho<\/strong><br><a href=\"https:\/\/www.camara.leg.br\/radio\/programas\/907468-plenario-vai-votar-em-outubro-projeto-sobre-compra-de-energia-eletrica\/\">EXECUTIVO MUNICIPAL RECEBE ASSESSOR DO DEPUTADO FEDERAL BOHN GASS DO PT<\/a><br>Nesta segunda-feira, 17\/05, o Executivo Municipal, juntamente com o Secret\u00e1rio Municipal da Agricultura Cledio Petry (Mamuty)e representantes municipais do Partido dos Trabalhadores, receberam em gabinete Maur\u00edcio Klein, Assessor do <strong>Deputado Federal Bohn Gass do PT.<\/strong><\/p>\n\n\n\n<p><strong>Sintrajufe<\/strong><br><a href=\"https:\/\/sintrajufe.org.br\/ultimas-noticias-detalhe\/em-lancamento-de-plataforma-politica-do-sistema-de-justica-no-rs-candidatos-e-candidatas-se-comprometem-com-pautas-das-categorias-do-judiciario-e-ministerio-publico\/\">Em lan\u00e7amento de Plataforma Pol\u00edtica do Sistema de Justi\u00e7a no RS, candidatos e candidatas se comprometem com pautas das categorias do Judici\u00e1rio e Minist\u00e9rio P\u00fablico<\/a><br><strong>Elvino Bohn Gass (PT)<\/strong><\/p>\n\n\n\n<p><strong>Brasil da Fato<\/strong><br><a href=\"https:\/\/www.brasildefators.com.br\/2022\/09\/08\/veja-quais-deputados-gauchos-votaram-contra-os-trabalhadores-na-camara-federal\">Veja quais deputados ga\u00fachos votaram contra os trabalhadores na C\u00e2mara Federal. E quem votou a favor dos trabalhadores?<\/a><br>O DIAP constatou que, entre os ga\u00fachos, os\/as deputados\/as que ficaram ao lado dos trabalhadores foram os seguintes: Paulo Pimenta, Maria do Ros\u00e1rio, Henrique Fontana, <strong>Elvino Bohn Gass<\/strong>, Dionilso Marcon. Todos do PT. Mais Pompeo de Mattos e Afonso Motta, do PDT, al\u00e9m de Fernanda Melchionna (PSOL) e Heitor Schuch (PSB). &nbsp;<\/p>\n\n\n\n<p><strong>Matinal<\/strong><br><a href=\"https:\/\/www.matinaljornalismo.com.br\/matinal\/reportagem-matinal\/camara-deputados-gauchos-rs-ruralometro\/\">Dois em cada tr\u00eas deputados federais pelo RS t\u00eam atua\u00e7\u00e3o negativa no meio ambiente, aponta Rep\u00f3rter Brasil<\/a><br>Deputados do RS \u201csaud\u00e1veis\u201d: Fernanda Melchionna (36,4\u00b0C\/PSOL)Marcon (36,3\u00b0C\/PT)Maria do Ros\u00e1rio (36,5\u00b0C\/PT)<strong>Bohn Gass (36,5\u00b0C\/PT)<\/strong>Paulo Pimenta (36,6\u00b0C\/PT)Henrique Fontana (36,7\u00b0C\/PT)Heitor Schuch (36,8\u00b0C\/PSB)Pompeo de Mattos (36,9\u00b0C\/PDT)Afonso Motta (37,1\u00b0C\/PDT)<\/p>\n\n\n\n<p><strong>PT na C\u00e2mara<\/strong><br><a href=\"https:\/\/ptnacamara.org.br\/site\/com-bolsonaro-brasil-cai-oito-posicoes-no-indice-de-desenvolvimento-humano-da-onu\/\">Com Bolsonaro, Brasil cai oito posi\u00e7\u00f5es no \u00cdndice de Desenvolvimento Humano da ONU<\/a><a href=\"https:\/\/ptnacamara.org.br\/site\/2022\/09\/09\/\"><\/a><br>\u201cO Brasil despencou no \u00cdndice de Desenvolvimento Humano\u201d, destacou o deputado&nbsp;<strong>Bohn Gass (PT-RS<\/strong>) na sua conta no Twitter. \u201cIDH mundial caiu, mas aqui, a queda foi maior (de 79\u00b0 em 2018 a 87\u00b0 agora) por conta das mais de 680 mil mortes por Covid. Estamos atr\u00e1s de 15 outras na\u00e7\u00f5es da Am\u00e9rica Latina e Caribe\u201d, completou.<\/p>\n\n\n\n<p><strong>Folha do Mate<\/strong><br><a href=\"https:\/\/folhadomate.com\/livre\/partido-dos-trabalhadores-de-venancio-aires-prestigia-maneco-hassen\/\">Partido dos Trabalhadores de Ven\u00e2ncio Aires prestigia Maneco Hassen<\/a><a href=\"https:\/\/ptnacamara.org.br\/site\/2022\/09\/09\/\"><\/a><br>Al\u00e9m de Maneco, marcaram presen\u00e7a no ato o ex-prefeito de Cruzeiro do Sul, Rudimar M\u00fcller e assessores dos deputados federais <strong>Elvino Bohn Gass<\/strong>, Paulo Pimenta e Maria do Ros\u00e1rio.&nbsp;<\/p>\n\n\n\n<p><strong>Gazeta do Povo<\/strong><br><a href=\"https:\/\/folhadomate.com\/livre\/partido-dos-trabalhadores-de-venancio-aires-prestigia-maneco-hassen\/\">Ap\u00f3s decis\u00e3o de Fachin, Ex\u00e9rcito suspende autoriza\u00e7\u00e3o para aquisi\u00e7\u00e3o de armas<\/a><a href=\"https:\/\/ptnacamara.org.br\/site\/2022\/09\/09\/\"><\/a><br>&#8220;Decretos do (Bolsonaro) facilitaram ainda mais o porte e a compra de armas e muni\u00e7\u00f5es no Brasil. Efeito \u00f3bvio: uma enxurrada de armas nas m\u00e3os do crime organizado. Fachin sustou liminarmente os decretos. Amanh\u00e3, o&nbsp;@STF_oficial&nbsp;julga se essa farra da morte vai continuar. Espero que n\u00e3o&#8221;, escreveu o deputado federal <strong>Bohn Gass (PT\/RS)<\/strong>.<\/p>\n\n\n\n<p><strong>Ga\u00fachaZH<\/strong><br><a href=\"https:\/\/gauchazh.clicrbs.com.br\/politica\/eleicoes\/noticia\/2022\/09\/aposta-para-a-reta-final-da-campanha-comicio-de-lula-em-porto-alegre-tera-atencao-especial-a-seguranca-cl83lzfn3004f016e2lby5igg.html\">Aposta para a reta final da campanha, com\u00edcio de Lula em Porto Alegre ter\u00e1 aten\u00e7\u00e3o especial \u00e0 seguran\u00e7a<\/a><a href=\"https:\/\/ptnacamara.org.br\/site\/2022\/09\/09\/\"><\/a><br>\u2014 A expectativa \u00e9 consolidar a possibilidade de vit\u00f3ria do Lula no Estado. Isso n\u00e3o estava posto num primeiro momento. O Sul deu expressiva vota\u00e7\u00e3o para Bolsonaro em 2018 e isso est\u00e1 sendo revertido agora. A segunda coisa importante \u00e9 a vincula\u00e7\u00e3o do Edegar com o Lula. Nossa tarefa \u00e9 ganhar com Lula e levar o Edegar ao segundo turno \u2014 afirma o deputado federal <strong>Elvino Bohn Gass (PT).&nbsp;<\/strong><\/p>\n\n\n\n<p><strong>PT na C\u00e2mara<\/strong><br><a href=\"https:\/\/ptnacamara.org.br\/site\/maioria-dos-ministros-do-stf-decide-manter-suspensao-do-piso-da-enfermagem\/\">Maioria dos ministros do STF decide manter suspens\u00e3o do piso da enfermagem<\/a><br>O resultado foi considerado como not\u00edcia ruim pelo deputado&nbsp;<strong>Bohn Gass (PT-RS<\/strong>). \u201cA not\u00edcia \u00e9 ruim: O STF j\u00e1 fez maioria para manter a suspens\u00e3o do pagamento do piso da enfermagem. Eu votei sim e continuo afirmando: temos de fazer um esfor\u00e7o conjunto e encontrar os meios de garantir essa conquista que \u00e9 justa e devida\u201d, afirmou.<\/p>\n\n\n\n<p><strong>Extra<\/strong><br><a href=\"https:\/\/extra.globo.com\/noticias\/brasil\/eleicoes-2022\/tour-da-rejeicao-lula-no-sul-bolsonaro-no-nordeste-focam-campanhas-em-regioes-onde-enfrentam-mais-resistencia-25573043.html\">&#8216;Tour da rejei\u00e7\u00e3o&#8217;: Lula, no Sul, e Bolsonaro, no Nordeste, focam campanhas em regi\u00f5es onde enfrentam mais resist\u00eancia<\/a><br>\u2014 Queremos consolidar o voto com o povo e dialogar com a classe m\u00e9dia e o eleitor mais ao centro, convenc\u00ea-lo a n\u00e3o entrar novamente na barca furada que \u00e9 Bolsonaro. A op\u00e7\u00e3o de segundo turno beneficia Bolsonaro. \u00c9 importante fazer resgate do que foi os governos do Lula mas tamb\u00e9m falar do futuro, de proposta, emprego e comida \u2014 afirma o deputado <strong>Elvino Jos\u00e9 Bohn Gass (PT-RS)<\/strong>.<\/p>\n\n\n\n<p><strong>Vegazeta<\/strong><br><a href=\"https:\/\/vegazeta.com.br\/em-2019-maioria-dos-deputados-do-pt-nao-votou-a-favor-da-lei-de-rodeios-e-vaquejadas\/\">Em 2019, maioria dos deputados do PT n\u00e3o votou a favor da lei de rodeios e vaquejadas<\/a><br>Tamb\u00e9m votaram pela obstru\u00e7\u00e3o Benedita da Silva (RJ), Alencar Santana Braga (SP), Paulo Teixeira (SP), Erika Kokay (DF), Pedro Uczai (SC) e<strong> Bohn Gass (RS).<\/strong><\/p>\n\n\n\n<p><strong>Nd+<\/strong><br><a href=\"https:\/\/ndmais.com.br\/politica\/bolsonaro-e-lula-adotam-estrategia-parecida-e-fazem-campanha-em-regioes-com-maior-resistencia\/\">Bolsonaro e Lula adotam estrat\u00e9gia parecida e fazem campanha em regi\u00f5es com maior resist\u00eancia<\/a><br>\u201cQueremos consolidar o voto com o povo e dialogar com a classe m\u00e9dia e o eleitor mais ao centro, convenc\u00ea-lo a n\u00e3o entrar novamente na barca furada que \u00e9 Bolsonaro. A op\u00e7\u00e3o de segundo turno beneficia Bolsonaro. \u00c9 importante fazer resgate do que foi os governos do Lula, mas tamb\u00e9m falar do futuro, de proposta, emprego e comida\u201d, afirma o deputado federal <strong>Elvino Jos\u00e9 Bohn Gass (PT-RS).<\/strong><\/p>\n\n\n\n<p><strong>Gazeta do Povo<\/strong><br><a href=\"https:\/\/ndmais.com.br\/politica\/bolsonaro-e-lula-adotam-estrategia-parecida-e-fazem-campanha-em-regioes-com-maior-resistencia\/\">Lula faz ofensiva nos tr\u00eas estados do Sul para tentar vencer a elei\u00e7\u00e3o no 1.\u00ba turno<\/a><br>Paralelamente, \u00e9 esperado que o ex-presidente fa\u00e7a acenos para eleitores com renda superior a cinco sal\u00e1rios m\u00ednimos, os evang\u00e9licos, os homens \u2013 segmentos do eleitorado ga\u00facho em que Lula enfrenta maior rejei\u00e7\u00e3o. &#8220;Queremos consolidar o voto com o povo e dialogar com a classe m\u00e9dia e o eleitor mais ao centro. A op\u00e7\u00e3o de segundo turno beneficia Bolsonaro&#8221;, diz o deputado ga\u00facho <strong>Bohn Gass (PT).<\/strong><\/p>\n\n\n\n<p><strong>Di\u00e1rio do Sert\u00e3o<\/strong><br><a href=\"https:\/\/www.diariodosertao.com.br\/coluna\/estrada-macia-ii\">Estrada Macia (II)<\/a><br>Por sua vez, o deputado federal <strong>Elvino Bohn Gass (PT-RS)<\/strong>, ao tecer considera\u00e7\u00f5es sobre tais mudan\u00e7as, declarou que \u201ca distor\u00e7\u00e3o da pol\u00edtica \u00e9 quando o or\u00e7amento e as indica\u00e7\u00f5es, que deixaram de ser projetos republicanos, passam a ter projetos de execu\u00e7\u00e3o por parte de alguns parlamentares, n\u00e3o no sentido de estar dentro das diretrizes gerais para que o pa\u00eds possa ter sua soberania, seu desenvolvimento, mas com crit\u00e9rio de atendimento das suas bases eleitorais.\u201d<\/p>\n\n\n\n<p><strong>Veja<\/strong><br><a href=\"https:\/\/veja.abril.com.br\/coluna\/maquiavel\/novo-indice-mapeia-quem-sao-os-melhores-e-os-piores-deputados-da-camara\/\">Novo \u00edndice mapeia quem s\u00e3o os melhores e os piores deputados da C\u00e2mara<\/a><br>CINCO ESTRELAS<br><strong>Bohn Gass (PT-RS)<\/strong> \u00a0<\/p>\n\n\n\n<p><strong>Jota<\/strong><br><a href=\"https:\/\/www.jota.info\/opiniao-e-analise\/artigos\/a-sub-representacao-dos-politicos-de-centro-no-debate-sobre-fake-news-22092022\">A sub-representa\u00e7\u00e3o dos pol\u00edticos de centro no debate sobre fake news<\/a><br>Se olhamos, por exemplo, para os deputados que mais vezes aparecem como autores de proposi\u00e7\u00f5es sobre fake news, encontramos membros tanto de partidos da esquerda pol\u00edtica (a exemplo de <strong>Bohn Gass<\/strong> e de Reginaldo Lopes, do PT), como da direita (a exemplo de Giovani Cherini, do PL e de Luis Miranda, do Republicanos).<\/p>\n\n\n\n<p><strong>PT na C\u00e2mara<\/strong><br><a href=\"https:\/\/ptnacamara.org.br\/site\/deputado-do-pt-e-alvo-de-atentado-praticado-por-bolsonarista-em-minas-gerais\/\">Deputado do PT \u00e9 alvo de atentado praticado por bolsonarista em Minas Gerais<\/a><br><strong>Bohn Gass (RS)<\/strong>\u00a0\u2013 \u201cExigimos que o bolsonarista que disparou tr\u00eas tiros contra o carro do deputado Paulo Guedes fique preso preventivamente. Primeiras informa\u00e7\u00f5es d\u00e3o conta de que se trata de um policial militar de Montes Claros\/MG, cidade onde ocorreu o atentado\u201d.<\/p>\n\n\n\n<p><strong>Clic Portela<\/strong><br><a href=\"https:\/\/www.clicportela.com.br\/noticia\/57237\/pt-ou-bolsonaro-quem-venceu-as-eleicoes-em-2018-nos-municipios-da-regiao\">PT ou Bolsonaro? Quem venceu as elei\u00e7\u00f5es em 2018 nos munic\u00edpios da regi\u00e3o<\/a><br>O deputado federal mais votado em Tenente Portela, nas elei\u00e7\u00f5es de 2018 foi M\u00e1rcio Biolchi, MDB, que fez 845 votos. Dionilso Marcon, PT, fez 678 votos e em terceiro ficou o tamb\u00e9m candidato do PT, <strong>Elvino Bohn Gass <\/strong>que fez 663 votos.<\/p>\n\n\n\n<p><strong>PT na C\u00e2mara<\/strong><br><a href=\"https:\/\/ptnacamara.org.br\/site\/pf-ve-transacoes-suspeitas-em-gabinete-de-bolsonaro-e-stf-quebra-sigilo-de-assessor\/\">PF v\u00ea transa\u00e7\u00f5es suspeitas em gabinete de Bolsonaro e STF quebra sigilo de assessor<\/a><br>\u201cBomba! Pol\u00edcia Federal encontra no telefone do principal ajudante de ordens de Bolsonaro, mensagens suspeitas sobre transa\u00e7\u00f5es financeiras (dep\u00f3sitos\/saques em dinheiro) para pagamento de contas pessoais da fam\u00edlia Bozo e de pessoas ligadas \u00e0 Michelle\u201d, escreveu o deputado\u00a0<strong>Bohn Gass (PT-RS).<\/strong><\/p>\n\n\n\n<p><strong>A Voz do Brasil<\/strong><br><a href=\"https:\/\/www.camara.leg.br\/radio\/programas\/910906-cresce-o-numero-de-candidatos-a-deputado-que-se-declaram-negros-e-pardos\/\">Cresce o n\u00famero de candidatos a deputado que se declaram negros e pardos<\/a><br><strong>Bohn Gass (PT-RS)<\/strong>\u00a0acusa o governo federal de menosprezar as pol\u00edticas p\u00fablicas voltadas para a agricultura familiar. O deputado lembra que o Congresso derrubou o veto do poder Executivo \u00e0 proposta que prev\u00ea medidas emergenciais de apoio aos pequenos produtores impactados pela pandemia e, ainda assim, o governo ainda n\u00e3o a implementou.<\/p>\n","protected":false},"excerpt":{"rendered":"<p>AnafeDeputado Federal Bohn Gass recebe certificado e selo de \u2018Candidato Amigo da Advocacia P\u00fablica\u2019Na manh\u00e3 desta ter\u00e7a-feira (30), o Deputado Federal Elvino Bohn Gass (PT\/RS), recebeu o certificado e o selo \u201cCandidato Amigo da Advocacia P\u00fablica\u201d. A entrega foi realizada pelo Presidente da ANAFE, Lademir Rocha, em Bras\u00edlia. A Voz do BrasilC\u00e2mara conclui aprova\u00e7\u00e3o de [&hellip;]<\/p>\n","protected":false},"author":1,"featured_media":0,"parent":0,"menu_order":0,"comment_status":"closed","ping_status":"closed","template":"","meta":{"footnotes":""},"class_list":["post-2624","page","type-page","status-publish","hentry"],"yoast_head":"<!-- This site is optimized with the Yoast SEO plugin v27.4 - https:\/\/yoast.com\/product\/yoast-seo-wordpress\/ -->\n<title>Setembro 2022 - Deputado Federal Bohn Gass \u2605 PT\/RS<\/title>\n<meta name=\"robots\" content=\"index, follow, max-snippet:-1, max-image-preview:large, max-video-preview:-1\" \/>\n<link rel=\"canonical\" href=\"https:\/\/bohngass.com.br\/?page_id=2624\" \/>\n<meta property=\"og:locale\" content=\"pt_BR\" \/>\n<meta property=\"og:type\" content=\"article\" \/>\n<meta property=\"og:title\" content=\"Setembro 2022 - Deputado Federal Bohn Gass \u2605 PT\/RS\" \/>\n<meta property=\"og:description\" content=\"AnafeDeputado Federal Bohn Gass recebe certificado e selo de \u2018Candidato Amigo da Advocacia P\u00fablica\u2019Na manh\u00e3 desta ter\u00e7a-feira (30), o Deputado Federal Elvino Bohn Gass (PT\/RS), recebeu o certificado e o selo \u201cCandidato Amigo da Advocacia P\u00fablica\u201d. A entrega foi realizada pelo Presidente da ANAFE, Lademir Rocha, em Bras\u00edlia. A Voz do BrasilC\u00e2mara conclui aprova\u00e7\u00e3o de [&hellip;]\" \/>\n<meta property=\"og:url\" content=\"https:\/\/bohngass.com.br\/?page_id=2624\" \/>\n<meta property=\"og:site_name\" content=\"Deputado Federal Bohn Gass \u2605 PT\/RS\" \/>\n<meta property=\"article:publisher\" content=\"https:\/\/www.facebook.com\/bohngass13\" \/>\n<meta property=\"article:modified_time\" content=\"2023-03-21T14:45:06+00:00\" \/>\n<meta name=\"twitter:card\" content=\"summary_large_image\" \/>\n<meta name=\"twitter:site\" content=\"@BohnGass\" \/>\n<meta name=\"twitter:label1\" content=\"Est. tempo de leitura\" \/>\n\t<meta name=\"twitter:data1\" content=\"8 minutos\" \/>\n<script type=\"application\/ld+json\" class=\"yoast-schema-graph\">{\"@context\":\"https:\\\/\\\/schema.org\",\"@graph\":[{\"@type\":\"WebPage\",\"@id\":\"https:\\\/\\\/bohngass.com.br\\\/?page_id=2624\",\"url\":\"https:\\\/\\\/bohngass.com.br\\\/?page_id=2624\",\"name\":\"Setembro 2022 - Deputado Federal Bohn Gass \u2605 PT\\\/RS\",\"isPartOf\":{\"@id\":\"https:\\\/\\\/bohngass.com.br\\\/#website\"},\"datePublished\":\"2023-03-20T19:28:38+00:00\",\"dateModified\":\"2023-03-21T14:45:06+00:00\",\"breadcrumb\":{\"@id\":\"https:\\\/\\\/bohngass.com.br\\\/?page_id=2624#breadcrumb\"},\"inLanguage\":\"pt-BR\",\"potentialAction\":[{\"@type\":\"ReadAction\",\"target\":[\"https:\\\/\\\/bohngass.com.br\\\/?page_id=2624\"]}]},{\"@type\":\"BreadcrumbList\",\"@id\":\"https:\\\/\\\/bohngass.com.br\\\/?page_id=2624#breadcrumb\",\"itemListElement\":[{\"@type\":\"ListItem\",\"position\":1,\"name\":\"In\u00edcio\",\"item\":\"https:\\\/\\\/bohngass.com.br\\\/\"},{\"@type\":\"ListItem\",\"position\":2,\"name\":\"Setembro 2022\"}]},{\"@type\":\"WebSite\",\"@id\":\"https:\\\/\\\/bohngass.com.br\\\/#website\",\"url\":\"https:\\\/\\\/bohngass.com.br\\\/\",\"name\":\"Deputado Federal Bohn Gass \u2605 PT\\\/RS\",\"description\":\"Deputado Federal Bohn Gass\",\"publisher\":{\"@id\":\"https:\\\/\\\/bohngass.com.br\\\/#organization\"},\"potentialAction\":[{\"@type\":\"SearchAction\",\"target\":{\"@type\":\"EntryPoint\",\"urlTemplate\":\"https:\\\/\\\/bohngass.com.br\\\/?s={search_term_string}\"},\"query-input\":{\"@type\":\"PropertyValueSpecification\",\"valueRequired\":true,\"valueName\":\"search_term_string\"}}],\"inLanguage\":\"pt-BR\"},{\"@type\":\"Organization\",\"@id\":\"https:\\\/\\\/bohngass.com.br\\\/#organization\",\"name\":\"Deputado Bohn Gass\",\"url\":\"https:\\\/\\\/bohngass.com.br\\\/\",\"logo\":{\"@type\":\"ImageObject\",\"inLanguage\":\"pt-BR\",\"@id\":\"https:\\\/\\\/bohngass.com.br\\\/#\\\/schema\\\/logo\\\/image\\\/\",\"url\":\"http:\\\/\\\/bohngass.com.br\\\/wp-content\\\/uploads\\\/2021\\\/01\\\/logo.png\",\"contentUrl\":\"http:\\\/\\\/bohngass.com.br\\\/wp-content\\\/uploads\\\/2021\\\/01\\\/logo.png\",\"width\":357,\"height\":355,\"caption\":\"Deputado Bohn Gass\"},\"image\":{\"@id\":\"https:\\\/\\\/bohngass.com.br\\\/#\\\/schema\\\/logo\\\/image\\\/\"},\"sameAs\":[\"https:\\\/\\\/www.facebook.com\\\/bohngass13\",\"https:\\\/\\\/x.com\\\/BohnGass\",\"https:\\\/\\\/www.instagram.com\\\/bohn_gass\\\/\",\"https:\\\/\\\/www.youtube.com\\\/BohnGass13\\\/\",\"https:\\\/\\\/pt.wikipedia.org\\\/wiki\\\/Bohn_Gass\"]}]}<\/script>\n<!-- \/ Yoast SEO plugin. -->","yoast_head_json":{"title":"Setembro 2022 - Deputado Federal Bohn Gass \u2605 PT\/RS","robots":{"index":"index","follow":"follow","max-snippet":"max-snippet:-1","max-image-preview":"max-image-preview:large","max-video-preview":"max-video-preview:-1"},"canonical":"https:\/\/bohngass.com.br\/?page_id=2624","og_locale":"pt_BR","og_type":"article","og_title":"Setembro 2022 - Deputado Federal Bohn Gass \u2605 PT\/RS","og_description":"AnafeDeputado Federal Bohn Gass recebe certificado e selo de \u2018Candidato Amigo da Advocacia P\u00fablica\u2019Na manh\u00e3 desta ter\u00e7a-feira (30), o Deputado Federal Elvino Bohn Gass (PT\/RS), recebeu o certificado e o selo \u201cCandidato Amigo da Advocacia P\u00fablica\u201d. A entrega foi realizada pelo Presidente da ANAFE, Lademir Rocha, em Bras\u00edlia. A Voz do BrasilC\u00e2mara conclui aprova\u00e7\u00e3o de [&hellip;]","og_url":"https:\/\/bohngass.com.br\/?page_id=2624","og_site_name":"Deputado Federal Bohn Gass \u2605 PT\/RS","article_publisher":"https:\/\/www.facebook.com\/bohngass13","article_modified_time":"2023-03-21T14:45:06+00:00","twitter_card":"summary_large_image","twitter_site":"@BohnGass","twitter_misc":{"Est. tempo de leitura":"8 minutos"},"schema":{"@context":"https:\/\/schema.org","@graph":[{"@type":"WebPage","@id":"https:\/\/bohngass.com.br\/?page_id=2624","url":"https:\/\/bohngass.com.br\/?page_id=2624","name":"Setembro 2022 - Deputado Federal Bohn Gass \u2605 PT\/RS","isPartOf":{"@id":"https:\/\/bohngass.com.br\/#website"},"datePublished":"2023-03-20T19:28:38+00:00","dateModified":"2023-03-21T14:45:06+00:00","breadcrumb":{"@id":"https:\/\/bohngass.com.br\/?page_id=2624#breadcrumb"},"inLanguage":"pt-BR","potentialAction":[{"@type":"ReadAction","target":["https:\/\/bohngass.com.br\/?page_id=2624"]}]},{"@type":"BreadcrumbList","@id":"https:\/\/bohngass.com.br\/?page_id=2624#breadcrumb","itemListElement":[{"@type":"ListItem","position":1,"name":"In\u00edcio","item":"https:\/\/bohngass.com.br\/"},{"@type":"ListItem","position":2,"name":"Setembro 2022"}]},{"@type":"WebSite","@id":"https:\/\/bohngass.com.br\/#website","url":"https:\/\/bohngass.com.br\/","name":"Deputado Federal Bohn Gass \u2605 PT\/RS","description":"Deputado Federal Bohn Gass","publisher":{"@id":"https:\/\/bohngass.com.br\/#organization"},"potentialAction":[{"@type":"SearchAction","target":{"@type":"EntryPoint","urlTemplate":"https:\/\/bohngass.com.br\/?s={search_term_string}"},"query-input":{"@type":"PropertyValueSpecification","valueRequired":true,"valueName":"search_term_string"}}],"inLanguage":"pt-BR"},{"@type":"Organization","@id":"https:\/\/bohngass.com.br\/#organization","name":"Deputado Bohn Gass","url":"https:\/\/bohngass.com.br\/","logo":{"@type":"ImageObject","inLanguage":"pt-BR","@id":"https:\/\/bohngass.com.br\/#\/schema\/logo\/image\/","url":"http:\/\/bohngass.com.br\/wp-content\/uploads\/2021\/01\/logo.png","contentUrl":"http:\/\/bohngass.com.br\/wp-content\/uploads\/2021\/01\/logo.png","width":357,"height":355,"caption":"Deputado Bohn Gass"},"image":{"@id":"https:\/\/bohngass.com.br\/#\/schema\/logo\/image\/"},"sameAs":["https:\/\/www.facebook.com\/bohngass13","https:\/\/x.com\/BohnGass","https:\/\/www.instagram.com\/bohn_gass\/","https:\/\/www.youtube.com\/BohnGass13\/","https:\/\/pt.wikipedia.org\/wiki\/Bohn_Gass"]}]}},"_links":{"self":[{"href":"https:\/\/bohngass.com.br\/index.php?rest_route=\/wp\/v2\/pages\/2624","targetHints":{"allow":["GET"]}}],"collection":[{"href":"https:\/\/bohngass.com.br\/index.php?rest_route=\/wp\/v2\/pages"}],"about":[{"href":"https:\/\/bohngass.com.br\/index.php?rest_route=\/wp\/v2\/types\/page"}],"author":[{"embeddable":true,"href":"https:\/\/bohngass.com.br\/index.php?rest_route=\/wp\/v2\/users\/1"}],"replies":[{"embeddable":true,"href":"https:\/\/bohngass.com.br\/index.php?rest_route=%2Fwp%2Fv2%2Fcomments&post=2624"}],"version-history":[{"count":0,"href":"https:\/\/bohngass.com.br\/index.php?rest_route=\/wp\/v2\/pages\/2624\/revisions"}],"wp:attachment":[{"href":"https:\/\/bohngass.com.br\/index.php?rest_route=%2Fwp%2Fv2%2Fmedia&parent=2624"}],"curies":[{"name":"wp","href":"https:\/\/api.w.org\/{rel}","templated":true}]}}