{"id":4154,"date":"2026-01-26T14:56:00","date_gmt":"2026-01-26T17:56:00","guid":{"rendered":"https:\/\/bohngass.com.br\/?page_id=4154"},"modified":"2026-01-26T14:56:19","modified_gmt":"2026-01-26T17:56:19","slug":"prioridade-a-mulher-chefe-de-familia-no-auxilio-emergencial-da-pandemia","status":"publish","type":"page","link":"https:\/\/bohngass.com.br\/?page_id=4154","title":{"rendered":"Prioridade \u00e0 Mulher Chefe de Fam\u00edlia no Aux\u00edlio Emergencial da Pandemia"},"content":{"rendered":"\n<h2 class=\"wp-block-heading\">PL 2508\/2020 (Fernanda Melchiona, Bohn Gass e outros)<\/h2>\n\n\n\n<p><strong>Ementa:<\/strong> &nbsp;Altera a Lei n\u00ba 13.982, de 2 de abril de 2020, para estabelecer medidas de prote\u00e7\u00e3o \u00e0 mulher provedora de fam\u00edlia monoparental em rela\u00e7\u00e3o ao recebimento do aux\u00edlio emergencial de que trata o art. 2\u00ba da Lei n\u00ba 13.982, de 2 de abril de 2020; e d\u00e1 outras provid\u00eancias.<\/p>\n\n\n\n<h3 class=\"wp-block-heading\"><strong>Situa\u00e7\u00e3o:<\/strong><\/h3>\n\n\n\n<p><strong>Transformada na <a href=\"https:\/\/www2.camara.leg.br\/legin\/fed\/lei\/2021\/lei-14171-10-junho-2021-791455-publicacaooriginal-163001-pl.html\">Lei Ordin\u00e1ria 14.171\/2021<\/a><\/strong><\/p>\n\n\n\n<h3 class=\"wp-block-heading\"><strong>Explica\u00e7\u00e3o<\/strong><\/h3>\n\n\n\n<p>A Lei n\u00ba 14.171\/2021 trouxe medidas de prote\u00e7\u00e3o e equidade na concess\u00e3o do aux\u00edlio emergencial durante a pandemia de Covid-19, focando nas fam\u00edlias monoparentais. Seu ponto central \u00e9 garantir um tratamento diferenciado para o chefe de fam\u00edlia que sustenta o lar sozinho.<\/p>\n\n\n\n<p>O principal dispositivo garante o pagamento de duas cotas do aux\u00edlio emergencial ao provedor de fam\u00edlia monoparental, independentemente do seu sexo. No entanto, o texto prioriza a mulher: em casos de duplicidade de cadastros de dependentes entre o genitor e a genitora, o cadastro realizado pela mulher ser\u00e1 o considerado. A lei tamb\u00e9m prev\u00ea que a Central de Atendimento \u00e0 Mulher \u2013 Ligue 180 deve disponibilizar atendimento para den\u00fancias de viol\u00eancia e dano patrimonial, nos casos em que o aux\u00edlio da mulher for subtra\u00eddo ou recebido indevidamente por outrem.<\/p>\n\n\n\n<div class=\"wp-block-buttons is-layout-flex wp-block-buttons-is-layout-flex\">\n<div class=\"wp-block-button\"><a class=\"wp-block-button__link wp-element-button\" href=\"https:\/\/www.camara.leg.br\/proposicoesWeb\/fichadetramitacao?idProposicao=2252034\">Veja aqui a p\u00e1gina do projeto<\/a><\/div>\n<\/div>\n\n\n\n<p><\/p>\n","protected":false},"excerpt":{"rendered":"<p>PL 2508\/2020 (Fernanda Melchiona, Bohn Gass e outros) Ementa: &nbsp;Altera a Lei n\u00ba 13.982, de 2 de abril de 2020, para estabelecer medidas de prote\u00e7\u00e3o \u00e0 mulher provedora de fam\u00edlia monoparental em rela\u00e7\u00e3o ao recebimento do aux\u00edlio emergencial de que trata o art. 2\u00ba da Lei n\u00ba 13.982, de 2 de abril de 2020; e [&hellip;]<\/p>\n","protected":false},"author":1,"featured_media":0,"parent":0,"menu_order":0,"comment_status":"closed","ping_status":"closed","template":"","meta":{"footnotes":""},"class_list":["post-4154","page","type-page","status-publish","hentry"],"yoast_head":"<!-- This site is optimized with the Yoast SEO plugin v27.4 - https:\/\/yoast.com\/product\/yoast-seo-wordpress\/ -->\n<title>Prioridade \u00e0 Mulher Chefe de Fam\u00edlia no Aux\u00edlio Emergencial da Pandemia - Deputado Federal Bohn Gass \u2605 PT\/RS<\/title>\n<meta name=\"robots\" content=\"index, follow, max-snippet:-1, max-image-preview:large, max-video-preview:-1\" \/>\n<link rel=\"canonical\" href=\"https:\/\/bohngass.com.br\/?page_id=4154\" \/>\n<meta property=\"og:locale\" content=\"pt_BR\" \/>\n<meta property=\"og:type\" content=\"article\" \/>\n<meta property=\"og:title\" content=\"Prioridade \u00e0 Mulher Chefe de Fam\u00edlia no Aux\u00edlio Emergencial da Pandemia - Deputado Federal Bohn Gass \u2605 PT\/RS\" \/>\n<meta property=\"og:description\" content=\"PL 2508\/2020 (Fernanda Melchiona, Bohn Gass e outros) Ementa: &nbsp;Altera a Lei n\u00ba 13.982, de 2 de abril de 2020, para estabelecer medidas de prote\u00e7\u00e3o \u00e0 mulher provedora de fam\u00edlia monoparental em rela\u00e7\u00e3o ao recebimento do aux\u00edlio emergencial de que trata o art. 2\u00ba da Lei n\u00ba 13.982, de 2 de abril de 2020; e [&hellip;]\" \/>\n<meta property=\"og:url\" content=\"https:\/\/bohngass.com.br\/?page_id=4154\" \/>\n<meta property=\"og:site_name\" content=\"Deputado Federal Bohn Gass \u2605 PT\/RS\" \/>\n<meta property=\"article:publisher\" content=\"https:\/\/www.facebook.com\/bohngass13\" \/>\n<meta property=\"article:modified_time\" content=\"2026-01-26T17:56:19+00:00\" \/>\n<meta name=\"twitter:card\" content=\"summary_large_image\" \/>\n<meta name=\"twitter:site\" content=\"@BohnGass\" \/>\n<meta name=\"twitter:label1\" content=\"Est. tempo de leitura\" \/>\n\t<meta name=\"twitter:data1\" content=\"2 minutos\" \/>\n<script type=\"application\/ld+json\" class=\"yoast-schema-graph\">{\"@context\":\"https:\\\/\\\/schema.org\",\"@graph\":[{\"@type\":\"WebPage\",\"@id\":\"https:\\\/\\\/bohngass.com.br\\\/?page_id=4154\",\"url\":\"https:\\\/\\\/bohngass.com.br\\\/?page_id=4154\",\"name\":\"Prioridade \u00e0 Mulher Chefe de Fam\u00edlia no Aux\u00edlio Emergencial da Pandemia - Deputado Federal Bohn Gass \u2605 PT\\\/RS\",\"isPartOf\":{\"@id\":\"https:\\\/\\\/bohngass.com.br\\\/#website\"},\"datePublished\":\"2026-01-26T17:56:00+00:00\",\"dateModified\":\"2026-01-26T17:56:19+00:00\",\"breadcrumb\":{\"@id\":\"https:\\\/\\\/bohngass.com.br\\\/?page_id=4154#breadcrumb\"},\"inLanguage\":\"pt-BR\",\"potentialAction\":[{\"@type\":\"ReadAction\",\"target\":[\"https:\\\/\\\/bohngass.com.br\\\/?page_id=4154\"]}]},{\"@type\":\"BreadcrumbList\",\"@id\":\"https:\\\/\\\/bohngass.com.br\\\/?page_id=4154#breadcrumb\",\"itemListElement\":[{\"@type\":\"ListItem\",\"position\":1,\"name\":\"In\u00edcio\",\"item\":\"https:\\\/\\\/bohngass.com.br\\\/\"},{\"@type\":\"ListItem\",\"position\":2,\"name\":\"Prioridade \u00e0 Mulher Chefe de Fam\u00edlia no Aux\u00edlio Emergencial da Pandemia\"}]},{\"@type\":\"WebSite\",\"@id\":\"https:\\\/\\\/bohngass.com.br\\\/#website\",\"url\":\"https:\\\/\\\/bohngass.com.br\\\/\",\"name\":\"Deputado Federal Bohn Gass \u2605 PT\\\/RS\",\"description\":\"Deputado Federal Bohn Gass\",\"publisher\":{\"@id\":\"https:\\\/\\\/bohngass.com.br\\\/#organization\"},\"potentialAction\":[{\"@type\":\"SearchAction\",\"target\":{\"@type\":\"EntryPoint\",\"urlTemplate\":\"https:\\\/\\\/bohngass.com.br\\\/?s={search_term_string}\"},\"query-input\":{\"@type\":\"PropertyValueSpecification\",\"valueRequired\":true,\"valueName\":\"search_term_string\"}}],\"inLanguage\":\"pt-BR\"},{\"@type\":\"Organization\",\"@id\":\"https:\\\/\\\/bohngass.com.br\\\/#organization\",\"name\":\"Deputado Bohn Gass\",\"url\":\"https:\\\/\\\/bohngass.com.br\\\/\",\"logo\":{\"@type\":\"ImageObject\",\"inLanguage\":\"pt-BR\",\"@id\":\"https:\\\/\\\/bohngass.com.br\\\/#\\\/schema\\\/logo\\\/image\\\/\",\"url\":\"http:\\\/\\\/bohngass.com.br\\\/wp-content\\\/uploads\\\/2021\\\/01\\\/logo.png\",\"contentUrl\":\"http:\\\/\\\/bohngass.com.br\\\/wp-content\\\/uploads\\\/2021\\\/01\\\/logo.png\",\"width\":357,\"height\":355,\"caption\":\"Deputado Bohn Gass\"},\"image\":{\"@id\":\"https:\\\/\\\/bohngass.com.br\\\/#\\\/schema\\\/logo\\\/image\\\/\"},\"sameAs\":[\"https:\\\/\\\/www.facebook.com\\\/bohngass13\",\"https:\\\/\\\/x.com\\\/BohnGass\",\"https:\\\/\\\/www.instagram.com\\\/bohn_gass\\\/\",\"https:\\\/\\\/www.youtube.com\\\/BohnGass13\\\/\",\"https:\\\/\\\/pt.wikipedia.org\\\/wiki\\\/Bohn_Gass\"]}]}<\/script>\n<!-- \/ Yoast SEO plugin. -->","yoast_head_json":{"title":"Prioridade \u00e0 Mulher Chefe de Fam\u00edlia no Aux\u00edlio Emergencial da Pandemia - Deputado Federal Bohn Gass \u2605 PT\/RS","robots":{"index":"index","follow":"follow","max-snippet":"max-snippet:-1","max-image-preview":"max-image-preview:large","max-video-preview":"max-video-preview:-1"},"canonical":"https:\/\/bohngass.com.br\/?page_id=4154","og_locale":"pt_BR","og_type":"article","og_title":"Prioridade \u00e0 Mulher Chefe de Fam\u00edlia no Aux\u00edlio Emergencial da Pandemia - Deputado Federal Bohn Gass \u2605 PT\/RS","og_description":"PL 2508\/2020 (Fernanda Melchiona, Bohn Gass e outros) Ementa: &nbsp;Altera a Lei n\u00ba 13.982, de 2 de abril de 2020, para estabelecer medidas de prote\u00e7\u00e3o \u00e0 mulher provedora de fam\u00edlia monoparental em rela\u00e7\u00e3o ao recebimento do aux\u00edlio emergencial de que trata o art. 2\u00ba da Lei n\u00ba 13.982, de 2 de abril de 2020; e [&hellip;]","og_url":"https:\/\/bohngass.com.br\/?page_id=4154","og_site_name":"Deputado Federal Bohn Gass \u2605 PT\/RS","article_publisher":"https:\/\/www.facebook.com\/bohngass13","article_modified_time":"2026-01-26T17:56:19+00:00","twitter_card":"summary_large_image","twitter_site":"@BohnGass","twitter_misc":{"Est. tempo de leitura":"2 minutos"},"schema":{"@context":"https:\/\/schema.org","@graph":[{"@type":"WebPage","@id":"https:\/\/bohngass.com.br\/?page_id=4154","url":"https:\/\/bohngass.com.br\/?page_id=4154","name":"Prioridade \u00e0 Mulher Chefe de Fam\u00edlia no Aux\u00edlio Emergencial da Pandemia - Deputado Federal Bohn Gass \u2605 PT\/RS","isPartOf":{"@id":"https:\/\/bohngass.com.br\/#website"},"datePublished":"2026-01-26T17:56:00+00:00","dateModified":"2026-01-26T17:56:19+00:00","breadcrumb":{"@id":"https:\/\/bohngass.com.br\/?page_id=4154#breadcrumb"},"inLanguage":"pt-BR","potentialAction":[{"@type":"ReadAction","target":["https:\/\/bohngass.com.br\/?page_id=4154"]}]},{"@type":"BreadcrumbList","@id":"https:\/\/bohngass.com.br\/?page_id=4154#breadcrumb","itemListElement":[{"@type":"ListItem","position":1,"name":"In\u00edcio","item":"https:\/\/bohngass.com.br\/"},{"@type":"ListItem","position":2,"name":"Prioridade \u00e0 Mulher Chefe de Fam\u00edlia no Aux\u00edlio Emergencial da Pandemia"}]},{"@type":"WebSite","@id":"https:\/\/bohngass.com.br\/#website","url":"https:\/\/bohngass.com.br\/","name":"Deputado Federal Bohn Gass \u2605 PT\/RS","description":"Deputado Federal Bohn Gass","publisher":{"@id":"https:\/\/bohngass.com.br\/#organization"},"potentialAction":[{"@type":"SearchAction","target":{"@type":"EntryPoint","urlTemplate":"https:\/\/bohngass.com.br\/?s={search_term_string}"},"query-input":{"@type":"PropertyValueSpecification","valueRequired":true,"valueName":"search_term_string"}}],"inLanguage":"pt-BR"},{"@type":"Organization","@id":"https:\/\/bohngass.com.br\/#organization","name":"Deputado Bohn Gass","url":"https:\/\/bohngass.com.br\/","logo":{"@type":"ImageObject","inLanguage":"pt-BR","@id":"https:\/\/bohngass.com.br\/#\/schema\/logo\/image\/","url":"http:\/\/bohngass.com.br\/wp-content\/uploads\/2021\/01\/logo.png","contentUrl":"http:\/\/bohngass.com.br\/wp-content\/uploads\/2021\/01\/logo.png","width":357,"height":355,"caption":"Deputado Bohn Gass"},"image":{"@id":"https:\/\/bohngass.com.br\/#\/schema\/logo\/image\/"},"sameAs":["https:\/\/www.facebook.com\/bohngass13","https:\/\/x.com\/BohnGass","https:\/\/www.instagram.com\/bohn_gass\/","https:\/\/www.youtube.com\/BohnGass13\/","https:\/\/pt.wikipedia.org\/wiki\/Bohn_Gass"]}]}},"_links":{"self":[{"href":"https:\/\/bohngass.com.br\/index.php?rest_route=\/wp\/v2\/pages\/4154","targetHints":{"allow":["GET"]}}],"collection":[{"href":"https:\/\/bohngass.com.br\/index.php?rest_route=\/wp\/v2\/pages"}],"about":[{"href":"https:\/\/bohngass.com.br\/index.php?rest_route=\/wp\/v2\/types\/page"}],"author":[{"embeddable":true,"href":"https:\/\/bohngass.com.br\/index.php?rest_route=\/wp\/v2\/users\/1"}],"replies":[{"embeddable":true,"href":"https:\/\/bohngass.com.br\/index.php?rest_route=%2Fwp%2Fv2%2Fcomments&post=4154"}],"version-history":[{"count":2,"href":"https:\/\/bohngass.com.br\/index.php?rest_route=\/wp\/v2\/pages\/4154\/revisions"}],"predecessor-version":[{"id":4156,"href":"https:\/\/bohngass.com.br\/index.php?rest_route=\/wp\/v2\/pages\/4154\/revisions\/4156"}],"wp:attachment":[{"href":"https:\/\/bohngass.com.br\/index.php?rest_route=%2Fwp%2Fv2%2Fmedia&parent=4154"}],"curies":[{"name":"wp","href":"https:\/\/api.w.org\/{rel}","templated":true}]}}

Prioridade à Mulher Chefe de Família no Auxílio Emergencial da Pandemia

<h2 class="wp-block-heading">PL 2508/2020 (Fernanda Melchiona, Bohn Gass e outros)</h2>



<p><strong>Ementa:</strong> &nbsp;Altera a Lei nº 13.982, de 2 de abril de 2020, para estabelecer medidas de proteção à mulher provedora de família monoparental em relação ao recebimento do auxílio emergencial de que trata o art. 2º da Lei nº 13.982, de 2 de abril de 2020; e dá outras providências.</p>



<h3 class="wp-block-heading"><strong>Situação:</strong></h3>



<p><strong>Transformada na <a href="https://www2.camara.leg.br/legin/fed/lei/2021/lei-14171-10-junho-2021-791455-publicacaooriginal-163001-pl.html">Lei Ordinária 14.171/2021</a></strong></p>



<h3 class="wp-block-heading"><strong>Explicação</strong></h3>



<p>A Lei nº 14.171/2021 trouxe medidas de proteção e equidade na concessão do auxílio emergencial durante a pandemia de Covid-19, focando nas famílias monoparentais. Seu ponto central é garantir um tratamento diferenciado para o chefe de família que sustenta o lar sozinho.</p>



<p>O principal dispositivo garante o pagamento de duas cotas do auxílio emergencial ao provedor de família monoparental, independentemente do seu sexo. No entanto, o texto prioriza a mulher: em casos de duplicidade de cadastros de dependentes entre o genitor e a genitora, o cadastro realizado pela mulher será o considerado. A lei também prevê que a Central de Atendimento à Mulher – Ligue 180 deve disponibilizar atendimento para denúncias de violência e dano patrimonial, nos casos em que o auxílio da mulher for subtraído ou recebido indevidamente por outrem.</p>



<div class="wp-block-buttons is-layout-flex wp-block-buttons-is-layout-flex">
<div class="wp-block-button"><a class="wp-block-button__link wp-element-button" href="https://www.camara.leg.br/proposicoesWeb/fichadetramitacao?idProposicao=2252034">Veja aqui a página do projeto</a></div>
</div>



<p></p>

<p>PL 2508/2020 (Fernanda Melchiona, Bohn Gass e outros) Ementa: &nbsp;Altera a Lei nº 13.982, de 2 de abril de 2020, para estabelecer medidas de proteção à mulher provedora de família monoparental em relação ao recebimento do auxílio emergencial de que trata o art. 2º da Lei nº 13.982, de 2 de abril de 2020; e [&hellip;]</p>

<!-- This site is optimized with the Yoast SEO plugin v27.4 - https://yoast.com/product/yoast-seo-wordpress/ -->
<title>Prioridade à Mulher Chefe de Família no Auxílio Emergencial da Pandemia - Deputado Federal Bohn Gass ★ PT/RS</title>
<meta name="robots" content="index, follow, max-snippet:-1, max-image-preview:large, max-video-preview:-1" />
<link rel="canonical" href="https://bohngass.com.br/?page_id=4154" />
<meta property="og:locale" content="pt_BR" />
<meta property="og:type" content="article" />
<meta property="og:title" content="Prioridade à Mulher Chefe de Família no Auxílio Emergencial da Pandemia - Deputado Federal Bohn Gass ★ PT/RS" />
<meta property="og:description" content="PL 2508/2020 (Fernanda Melchiona, Bohn Gass e outros) Ementa: &nbsp;Altera a Lei nº 13.982, de 2 de abril de 2020, para estabelecer medidas de proteção à mulher provedora de família monoparental em relação ao recebimento do auxílio emergencial de que trata o art. 2º da Lei nº 13.982, de 2 de abril de 2020; e [&hellip;]" />
<meta property="og:url" content="https://bohngass.com.br/?page_id=4154" />
<meta property="og:site_name" content="Deputado Federal Bohn Gass ★ PT/RS" />
<meta property="article:publisher" content="https://www.facebook.com/bohngass13" />
<meta property="article:modified_time" content="2026-01-26T17:56:19+00:00" />
<meta name="twitter:card" content="summary_large_image" />
<meta name="twitter:site" content="@BohnGass" />
<meta name="twitter:label1" content="Est. tempo de leitura" />
	<meta name="twitter:data1" content="2 minutos" />
<script type="application/ld+json" class="yoast-schema-graph">{"@context":"https:\/\/schema.org","@graph":[{"@type":"WebPage","@id":"https:\/\/bohngass.com.br\/?page_id=4154","url":"https:\/\/bohngass.com.br\/?page_id=4154","name":"Prioridade à Mulher Chefe de Família no Auxílio Emergencial da Pandemia - Deputado Federal Bohn Gass ★ PT\/RS","isPartOf":{"@id":"https:\/\/bohngass.com.br\/#website"},"datePublished":"2026-01-26T17:56:00+00:00","dateModified":"2026-01-26T17:56:19+00:00","breadcrumb":{"@id":"https:\/\/bohngass.com.br\/?page_id=4154#breadcrumb"},"inLanguage":"pt-BR","potentialAction":[{"@type":"ReadAction","target":["https:\/\/bohngass.com.br\/?page_id=4154"]}]},{"@type":"BreadcrumbList","@id":"https:\/\/bohngass.com.br\/?page_id=4154#breadcrumb","itemListElement":[{"@type":"ListItem","position":1,"name":"Início","item":"https:\/\/bohngass.com.br\/"},{"@type":"ListItem","position":2,"name":"Prioridade à Mulher Chefe de Família no Auxílio Emergencial da Pandemia"}]},{"@type":"WebSite","@id":"https:\/\/bohngass.com.br\/#website","url":"https:\/\/bohngass.com.br\/","name":"Deputado Federal Bohn Gass ★ PT\/RS","description":"Deputado Federal Bohn Gass","publisher":{"@id":"https:\/\/bohngass.com.br\/#organization"},"potentialAction":[{"@type":"SearchAction","target":{"@type":"EntryPoint","urlTemplate":"https:\/\/bohngass.com.br\/?s={search_term_string}"},"query-input":{"@type":"PropertyValueSpecification","valueRequired":true,"valueName":"search_term_string"}}],"inLanguage":"pt-BR"},{"@type":"Organization","@id":"https:\/\/bohngass.com.br\/#organization","name":"Deputado Bohn Gass","url":"https:\/\/bohngass.com.br\/","logo":{"@type":"ImageObject","inLanguage":"pt-BR","@id":"https:\/\/bohngass.com.br\/#\/schema\/logo\/image\/","url":"http:\/\/bohngass.com.br\/wp-content\/uploads\/2021\/01\/logo.png","contentUrl":"http:\/\/bohngass.com.br\/wp-content\/uploads\/2021\/01\/logo.png","width":357,"height":355,"caption":"Deputado Bohn Gass"},"image":{"@id":"https:\/\/bohngass.com.br\/#\/schema\/logo\/image\/"},"sameAs":["https:\/\/www.facebook.com\/bohngass13","https:\/\/x.com\/BohnGass","https:\/\/www.instagram.com\/bohn_gass\/","https:\/\/www.youtube.com\/BohnGass13\/","https:\/\/pt.wikipedia.org\/wiki\/Bohn_Gass"]}]}</script>
<!-- / Yoast SEO plugin. -->

Prioridade à Mulher Chefe de Família no Auxílio Emergencial da Pandemia - Deputado Federal Bohn Gass ★ PT/RS

PL 2508/2020 (Fernanda Melchiona, Bohn Gass e outros) Ementa: &nbsp;Altera a Lei nº 13.982, de 2 de abril de 2020, para estabelecer medidas de proteção à mulher provedora de família monoparental em relação ao recebimento do auxílio emergencial de que trata o art. 2º da Lei nº 13.982, de 2 de abril de 2020; e [&hellip;]

Início
