{"id":4158,"date":"2026-01-26T15:05:35","date_gmt":"2026-01-26T18:05:35","guid":{"rendered":"https:\/\/bohngass.com.br\/?page_id=4158"},"modified":"2026-01-26T15:06:12","modified_gmt":"2026-01-26T18:06:12","slug":"ampliacao-da-lei-das-cotas","status":"publish","type":"page","link":"https:\/\/bohngass.com.br\/?page_id=4158","title":{"rendered":"Amplia\u00e7\u00e3o da Lei das Cotas"},"content":{"rendered":"\n<h2 class=\"wp-block-heading\">PL 5384\/2020 (Maria do Ros\u00e1rio, Bohn Gass e outros)<\/h2>\n\n\n\n<p><strong>Ementa:<\/strong>&nbsp;&nbsp;Altera a Lei n\u00ba 12.711, de 29 de agosto de 2012, para dispor sobre o programa especial para o acesso \u00e0s institui\u00e7\u00f5es federais de educa\u00e7\u00e3o superior e de ensino t\u00e9cnico de n\u00edvel m\u00e9dio de estudantes pretos, pardos, ind\u00edgenas e quilombolas e de pessoas com defici\u00eancia, bem como daqueles que tenham cursado integralmente o ensino m\u00e9dio ou fundamental em escola p\u00fablica.<\/p>\n\n\n\n<h3 class=\"wp-block-heading\"><strong>Situa\u00e7\u00e3o:<\/strong><\/h3>\n\n\n\n<p><strong>Transformada na&nbsp;<a href=\"https:\/\/www2.camara.leg.br\/legin\/fed\/lei\/2023\/lei-14723-13-novembro-2023-794926-publicacaooriginal-169999-pl.html\">Lei Ordin\u00e1ria 14.723\/2023<\/a><\/strong><\/p>\n\n\n\n<h3 class=\"wp-block-heading\"><strong>Explica\u00e7\u00e3o<\/strong><\/h3>\n\n\n\n<p>A Lei n\u00ba 14.171\/2021 trouxe medidas de prote\u00e7\u00e3o e equidade na concess\u00e3o do aux\u00edlio emergencial durante a pandemia de Covid-19, focando nas fam\u00edlias monoparentais. Seu ponto central \u00e9 garantir um tratamento diferenciado para o chefe de fam\u00edlia que sustenta o lar sozinho.<\/p>\n\n\n\n<p>O principal dispositivo garante o pagamento de duas cotas do aux\u00edlio emergencial ao provedor de fam\u00edlia monoparental, independentemente do seu sexo. No entanto, o texto prioriza a mulher: em casos de duplicidade de cadastros de dependentes entre o genitor e a genitora, o cadastro realizado pela mulher ser\u00e1 o considerado. A lei tamb\u00e9m prev\u00ea que a Central de Atendimento \u00e0 Mulher \u2013 Ligue 180 deve disponibilizar atendimento para den\u00fancias de viol\u00eancia e dano patrimonial, nos casos em que o aux\u00edlio da mulher for subtra\u00eddo ou recebido indevidamente por outrem.<\/p>\n\n\n\n<div class=\"wp-block-buttons is-layout-flex wp-block-buttons-is-layout-flex\">\n<div class=\"wp-block-button\"><a class=\"wp-block-button__link wp-element-button\" href=\"https:\/\/www.camara.leg.br\/proposicoesWeb\/fichadetramitacao?idProposicao=2266069\">Veja aqui a p\u00e1gina do projeto<\/a><\/div>\n<\/div>\n\n\n\n<p><\/p>\n\n\n\n<figure class=\"wp-block-embed is-type-video is-provider-youtube wp-block-embed-youtube wp-embed-aspect-16-9 wp-has-aspect-ratio\"><div class=\"wp-block-embed__wrapper\">\n<iframe loading=\"lazy\" title=\"SIM \u00c0S COTAS\" width=\"500\" height=\"281\" src=\"https:\/\/www.youtube.com\/embed\/PBbVzTvZbzc?feature=oembed\" frameborder=\"0\" allow=\"accelerometer; autoplay; clipboard-write; encrypted-media; gyroscope; picture-in-picture; web-share\" referrerpolicy=\"strict-origin-when-cross-origin\" allowfullscreen><\/iframe>\n<\/div><\/figure>\n","protected":false},"excerpt":{"rendered":"<p>PL 5384\/2020 (Maria do Ros\u00e1rio, Bohn Gass e outros) Ementa:&nbsp;&nbsp;Altera a Lei n\u00ba 12.711, de 29 de agosto de 2012, para dispor sobre o programa especial para o acesso \u00e0s institui\u00e7\u00f5es federais de educa\u00e7\u00e3o superior e de ensino t\u00e9cnico de n\u00edvel m\u00e9dio de estudantes pretos, pardos, ind\u00edgenas e quilombolas e de pessoas com defici\u00eancia, bem [&hellip;]<\/p>\n","protected":false},"author":1,"featured_media":0,"parent":0,"menu_order":0,"comment_status":"closed","ping_status":"closed","template":"","meta":{"footnotes":""},"class_list":["post-4158","page","type-page","status-publish","hentry"],"yoast_head":"<!-- This site is optimized with the Yoast SEO plugin v27.4 - https:\/\/yoast.com\/product\/yoast-seo-wordpress\/ -->\n<title>Amplia\u00e7\u00e3o da Lei das Cotas - Deputado Federal Bohn Gass \u2605 PT\/RS<\/title>\n<meta name=\"robots\" content=\"index, follow, max-snippet:-1, max-image-preview:large, max-video-preview:-1\" \/>\n<link rel=\"canonical\" href=\"https:\/\/bohngass.com.br\/?page_id=4158\" \/>\n<meta property=\"og:locale\" content=\"pt_BR\" \/>\n<meta property=\"og:type\" content=\"article\" \/>\n<meta property=\"og:title\" content=\"Amplia\u00e7\u00e3o da Lei das Cotas - Deputado Federal Bohn Gass \u2605 PT\/RS\" \/>\n<meta property=\"og:description\" content=\"PL 5384\/2020 (Maria do Ros\u00e1rio, Bohn Gass e outros) Ementa:&nbsp;&nbsp;Altera a Lei n\u00ba 12.711, de 29 de agosto de 2012, para dispor sobre o programa especial para o acesso \u00e0s institui\u00e7\u00f5es federais de educa\u00e7\u00e3o superior e de ensino t\u00e9cnico de n\u00edvel m\u00e9dio de estudantes pretos, pardos, ind\u00edgenas e quilombolas e de pessoas com defici\u00eancia, bem [&hellip;]\" \/>\n<meta property=\"og:url\" content=\"https:\/\/bohngass.com.br\/?page_id=4158\" \/>\n<meta property=\"og:site_name\" content=\"Deputado Federal Bohn Gass \u2605 PT\/RS\" \/>\n<meta property=\"article:publisher\" content=\"https:\/\/www.facebook.com\/bohngass13\" \/>\n<meta property=\"article:modified_time\" content=\"2026-01-26T18:06:12+00:00\" \/>\n<meta name=\"twitter:card\" content=\"summary_large_image\" \/>\n<meta name=\"twitter:site\" content=\"@BohnGass\" \/>\n<meta name=\"twitter:label1\" content=\"Est. tempo de leitura\" \/>\n\t<meta name=\"twitter:data1\" content=\"2 minutos\" \/>\n<script type=\"application\/ld+json\" class=\"yoast-schema-graph\">{\"@context\":\"https:\\\/\\\/schema.org\",\"@graph\":[{\"@type\":\"WebPage\",\"@id\":\"https:\\\/\\\/bohngass.com.br\\\/?page_id=4158\",\"url\":\"https:\\\/\\\/bohngass.com.br\\\/?page_id=4158\",\"name\":\"Amplia\u00e7\u00e3o da Lei das Cotas - Deputado Federal Bohn Gass \u2605 PT\\\/RS\",\"isPartOf\":{\"@id\":\"https:\\\/\\\/bohngass.com.br\\\/#website\"},\"datePublished\":\"2026-01-26T18:05:35+00:00\",\"dateModified\":\"2026-01-26T18:06:12+00:00\",\"breadcrumb\":{\"@id\":\"https:\\\/\\\/bohngass.com.br\\\/?page_id=4158#breadcrumb\"},\"inLanguage\":\"pt-BR\",\"potentialAction\":[{\"@type\":\"ReadAction\",\"target\":[\"https:\\\/\\\/bohngass.com.br\\\/?page_id=4158\"]}]},{\"@type\":\"BreadcrumbList\",\"@id\":\"https:\\\/\\\/bohngass.com.br\\\/?page_id=4158#breadcrumb\",\"itemListElement\":[{\"@type\":\"ListItem\",\"position\":1,\"name\":\"In\u00edcio\",\"item\":\"https:\\\/\\\/bohngass.com.br\\\/\"},{\"@type\":\"ListItem\",\"position\":2,\"name\":\"Amplia\u00e7\u00e3o da Lei das Cotas\"}]},{\"@type\":\"WebSite\",\"@id\":\"https:\\\/\\\/bohngass.com.br\\\/#website\",\"url\":\"https:\\\/\\\/bohngass.com.br\\\/\",\"name\":\"Deputado Federal Bohn Gass \u2605 PT\\\/RS\",\"description\":\"Deputado Federal Bohn Gass\",\"publisher\":{\"@id\":\"https:\\\/\\\/bohngass.com.br\\\/#organization\"},\"potentialAction\":[{\"@type\":\"SearchAction\",\"target\":{\"@type\":\"EntryPoint\",\"urlTemplate\":\"https:\\\/\\\/bohngass.com.br\\\/?s={search_term_string}\"},\"query-input\":{\"@type\":\"PropertyValueSpecification\",\"valueRequired\":true,\"valueName\":\"search_term_string\"}}],\"inLanguage\":\"pt-BR\"},{\"@type\":\"Organization\",\"@id\":\"https:\\\/\\\/bohngass.com.br\\\/#organization\",\"name\":\"Deputado Bohn Gass\",\"url\":\"https:\\\/\\\/bohngass.com.br\\\/\",\"logo\":{\"@type\":\"ImageObject\",\"inLanguage\":\"pt-BR\",\"@id\":\"https:\\\/\\\/bohngass.com.br\\\/#\\\/schema\\\/logo\\\/image\\\/\",\"url\":\"http:\\\/\\\/bohngass.com.br\\\/wp-content\\\/uploads\\\/2021\\\/01\\\/logo.png\",\"contentUrl\":\"http:\\\/\\\/bohngass.com.br\\\/wp-content\\\/uploads\\\/2021\\\/01\\\/logo.png\",\"width\":357,\"height\":355,\"caption\":\"Deputado Bohn Gass\"},\"image\":{\"@id\":\"https:\\\/\\\/bohngass.com.br\\\/#\\\/schema\\\/logo\\\/image\\\/\"},\"sameAs\":[\"https:\\\/\\\/www.facebook.com\\\/bohngass13\",\"https:\\\/\\\/x.com\\\/BohnGass\",\"https:\\\/\\\/www.instagram.com\\\/bohn_gass\\\/\",\"https:\\\/\\\/www.youtube.com\\\/BohnGass13\\\/\",\"https:\\\/\\\/pt.wikipedia.org\\\/wiki\\\/Bohn_Gass\"]}]}<\/script>\n<!-- \/ Yoast SEO plugin. -->","yoast_head_json":{"title":"Amplia\u00e7\u00e3o da Lei das Cotas - Deputado Federal Bohn Gass \u2605 PT\/RS","robots":{"index":"index","follow":"follow","max-snippet":"max-snippet:-1","max-image-preview":"max-image-preview:large","max-video-preview":"max-video-preview:-1"},"canonical":"https:\/\/bohngass.com.br\/?page_id=4158","og_locale":"pt_BR","og_type":"article","og_title":"Amplia\u00e7\u00e3o da Lei das Cotas - Deputado Federal Bohn Gass \u2605 PT\/RS","og_description":"PL 5384\/2020 (Maria do Ros\u00e1rio, Bohn Gass e outros) Ementa:&nbsp;&nbsp;Altera a Lei n\u00ba 12.711, de 29 de agosto de 2012, para dispor sobre o programa especial para o acesso \u00e0s institui\u00e7\u00f5es federais de educa\u00e7\u00e3o superior e de ensino t\u00e9cnico de n\u00edvel m\u00e9dio de estudantes pretos, pardos, ind\u00edgenas e quilombolas e de pessoas com defici\u00eancia, bem [&hellip;]","og_url":"https:\/\/bohngass.com.br\/?page_id=4158","og_site_name":"Deputado Federal Bohn Gass \u2605 PT\/RS","article_publisher":"https:\/\/www.facebook.com\/bohngass13","article_modified_time":"2026-01-26T18:06:12+00:00","twitter_card":"summary_large_image","twitter_site":"@BohnGass","twitter_misc":{"Est. tempo de leitura":"2 minutos"},"schema":{"@context":"https:\/\/schema.org","@graph":[{"@type":"WebPage","@id":"https:\/\/bohngass.com.br\/?page_id=4158","url":"https:\/\/bohngass.com.br\/?page_id=4158","name":"Amplia\u00e7\u00e3o da Lei das Cotas - Deputado Federal Bohn Gass \u2605 PT\/RS","isPartOf":{"@id":"https:\/\/bohngass.com.br\/#website"},"datePublished":"2026-01-26T18:05:35+00:00","dateModified":"2026-01-26T18:06:12+00:00","breadcrumb":{"@id":"https:\/\/bohngass.com.br\/?page_id=4158#breadcrumb"},"inLanguage":"pt-BR","potentialAction":[{"@type":"ReadAction","target":["https:\/\/bohngass.com.br\/?page_id=4158"]}]},{"@type":"BreadcrumbList","@id":"https:\/\/bohngass.com.br\/?page_id=4158#breadcrumb","itemListElement":[{"@type":"ListItem","position":1,"name":"In\u00edcio","item":"https:\/\/bohngass.com.br\/"},{"@type":"ListItem","position":2,"name":"Amplia\u00e7\u00e3o da Lei das Cotas"}]},{"@type":"WebSite","@id":"https:\/\/bohngass.com.br\/#website","url":"https:\/\/bohngass.com.br\/","name":"Deputado Federal Bohn Gass \u2605 PT\/RS","description":"Deputado Federal Bohn Gass","publisher":{"@id":"https:\/\/bohngass.com.br\/#organization"},"potentialAction":[{"@type":"SearchAction","target":{"@type":"EntryPoint","urlTemplate":"https:\/\/bohngass.com.br\/?s={search_term_string}"},"query-input":{"@type":"PropertyValueSpecification","valueRequired":true,"valueName":"search_term_string"}}],"inLanguage":"pt-BR"},{"@type":"Organization","@id":"https:\/\/bohngass.com.br\/#organization","name":"Deputado Bohn Gass","url":"https:\/\/bohngass.com.br\/","logo":{"@type":"ImageObject","inLanguage":"pt-BR","@id":"https:\/\/bohngass.com.br\/#\/schema\/logo\/image\/","url":"http:\/\/bohngass.com.br\/wp-content\/uploads\/2021\/01\/logo.png","contentUrl":"http:\/\/bohngass.com.br\/wp-content\/uploads\/2021\/01\/logo.png","width":357,"height":355,"caption":"Deputado Bohn Gass"},"image":{"@id":"https:\/\/bohngass.com.br\/#\/schema\/logo\/image\/"},"sameAs":["https:\/\/www.facebook.com\/bohngass13","https:\/\/x.com\/BohnGass","https:\/\/www.instagram.com\/bohn_gass\/","https:\/\/www.youtube.com\/BohnGass13\/","https:\/\/pt.wikipedia.org\/wiki\/Bohn_Gass"]}]}},"_links":{"self":[{"href":"https:\/\/bohngass.com.br\/index.php?rest_route=\/wp\/v2\/pages\/4158","targetHints":{"allow":["GET"]}}],"collection":[{"href":"https:\/\/bohngass.com.br\/index.php?rest_route=\/wp\/v2\/pages"}],"about":[{"href":"https:\/\/bohngass.com.br\/index.php?rest_route=\/wp\/v2\/types\/page"}],"author":[{"embeddable":true,"href":"https:\/\/bohngass.com.br\/index.php?rest_route=\/wp\/v2\/users\/1"}],"replies":[{"embeddable":true,"href":"https:\/\/bohngass.com.br\/index.php?rest_route=%2Fwp%2Fv2%2Fcomments&post=4158"}],"version-history":[{"count":2,"href":"https:\/\/bohngass.com.br\/index.php?rest_route=\/wp\/v2\/pages\/4158\/revisions"}],"predecessor-version":[{"id":4160,"href":"https:\/\/bohngass.com.br\/index.php?rest_route=\/wp\/v2\/pages\/4158\/revisions\/4160"}],"wp:attachment":[{"href":"https:\/\/bohngass.com.br\/index.php?rest_route=%2Fwp%2Fv2%2Fmedia&parent=4158"}],"curies":[{"name":"wp","href":"https:\/\/api.w.org\/{rel}","templated":true}]}}

Ampliação da Lei das Cotas

<h2 class="wp-block-heading">PL 5384/2020 (Maria do Rosário, Bohn Gass e outros)</h2>



<p><strong>Ementa:</strong>&nbsp;&nbsp;Altera a Lei nº 12.711, de 29 de agosto de 2012, para dispor sobre o programa especial para o acesso às instituições federais de educação superior e de ensino técnico de nível médio de estudantes pretos, pardos, indígenas e quilombolas e de pessoas com deficiência, bem como daqueles que tenham cursado integralmente o ensino médio ou fundamental em escola pública.</p>



<h3 class="wp-block-heading"><strong>Situação:</strong></h3>



<p><strong>Transformada na&nbsp;<a href="https://www2.camara.leg.br/legin/fed/lei/2023/lei-14723-13-novembro-2023-794926-publicacaooriginal-169999-pl.html">Lei Ordinária 14.723/2023</a></strong></p>



<h3 class="wp-block-heading"><strong>Explicação</strong></h3>



<p>A Lei nº 14.171/2021 trouxe medidas de proteção e equidade na concessão do auxílio emergencial durante a pandemia de Covid-19, focando nas famílias monoparentais. Seu ponto central é garantir um tratamento diferenciado para o chefe de família que sustenta o lar sozinho.</p>



<p>O principal dispositivo garante o pagamento de duas cotas do auxílio emergencial ao provedor de família monoparental, independentemente do seu sexo. No entanto, o texto prioriza a mulher: em casos de duplicidade de cadastros de dependentes entre o genitor e a genitora, o cadastro realizado pela mulher será o considerado. A lei também prevê que a Central de Atendimento à Mulher – Ligue 180 deve disponibilizar atendimento para denúncias de violência e dano patrimonial, nos casos em que o auxílio da mulher for subtraído ou recebido indevidamente por outrem.</p>



<div class="wp-block-buttons is-layout-flex wp-block-buttons-is-layout-flex">
<div class="wp-block-button"><a class="wp-block-button__link wp-element-button" href="https://www.camara.leg.br/proposicoesWeb/fichadetramitacao?idProposicao=2266069">Veja aqui a página do projeto</a></div>
</div>



<p></p>



<figure class="wp-block-embed is-type-video is-provider-youtube wp-block-embed-youtube wp-embed-aspect-16-9 wp-has-aspect-ratio"><div class="wp-block-embed__wrapper">
<iframe loading="lazy" title="SIM ÀS COTAS" width="500" height="281" src="https://www.youtube.com/embed/PBbVzTvZbzc?feature=oembed" frameborder="0" allow="accelerometer; autoplay; clipboard-write; encrypted-media; gyroscope; picture-in-picture; web-share" referrerpolicy="strict-origin-when-cross-origin" allowfullscreen></iframe>
</div></figure>

<p>PL 5384/2020 (Maria do Rosário, Bohn Gass e outros) Ementa:&nbsp;&nbsp;Altera a Lei nº 12.711, de 29 de agosto de 2012, para dispor sobre o programa especial para o acesso às instituições federais de educação superior e de ensino técnico de nível médio de estudantes pretos, pardos, indígenas e quilombolas e de pessoas com deficiência, bem [&hellip;]</p>

<!-- This site is optimized with the Yoast SEO plugin v27.4 - https://yoast.com/product/yoast-seo-wordpress/ -->
<title>Ampliação da Lei das Cotas - Deputado Federal Bohn Gass ★ PT/RS</title>
<meta name="robots" content="index, follow, max-snippet:-1, max-image-preview:large, max-video-preview:-1" />
<link rel="canonical" href="https://bohngass.com.br/?page_id=4158" />
<meta property="og:locale" content="pt_BR" />
<meta property="og:type" content="article" />
<meta property="og:title" content="Ampliação da Lei das Cotas - Deputado Federal Bohn Gass ★ PT/RS" />
<meta property="og:description" content="PL 5384/2020 (Maria do Rosário, Bohn Gass e outros) Ementa:&nbsp;&nbsp;Altera a Lei nº 12.711, de 29 de agosto de 2012, para dispor sobre o programa especial para o acesso às instituições federais de educação superior e de ensino técnico de nível médio de estudantes pretos, pardos, indígenas e quilombolas e de pessoas com deficiência, bem [&hellip;]" />
<meta property="og:url" content="https://bohngass.com.br/?page_id=4158" />
<meta property="og:site_name" content="Deputado Federal Bohn Gass ★ PT/RS" />
<meta property="article:publisher" content="https://www.facebook.com/bohngass13" />
<meta property="article:modified_time" content="2026-01-26T18:06:12+00:00" />
<meta name="twitter:card" content="summary_large_image" />
<meta name="twitter:site" content="@BohnGass" />
<meta name="twitter:label1" content="Est. tempo de leitura" />
	<meta name="twitter:data1" content="2 minutos" />
<script type="application/ld+json" class="yoast-schema-graph">{"@context":"https:\/\/schema.org","@graph":[{"@type":"WebPage","@id":"https:\/\/bohngass.com.br\/?page_id=4158","url":"https:\/\/bohngass.com.br\/?page_id=4158","name":"Ampliação da Lei das Cotas - Deputado Federal Bohn Gass ★ PT\/RS","isPartOf":{"@id":"https:\/\/bohngass.com.br\/#website"},"datePublished":"2026-01-26T18:05:35+00:00","dateModified":"2026-01-26T18:06:12+00:00","breadcrumb":{"@id":"https:\/\/bohngass.com.br\/?page_id=4158#breadcrumb"},"inLanguage":"pt-BR","potentialAction":[{"@type":"ReadAction","target":["https:\/\/bohngass.com.br\/?page_id=4158"]}]},{"@type":"BreadcrumbList","@id":"https:\/\/bohngass.com.br\/?page_id=4158#breadcrumb","itemListElement":[{"@type":"ListItem","position":1,"name":"Início","item":"https:\/\/bohngass.com.br\/"},{"@type":"ListItem","position":2,"name":"Ampliação da Lei das Cotas"}]},{"@type":"WebSite","@id":"https:\/\/bohngass.com.br\/#website","url":"https:\/\/bohngass.com.br\/","name":"Deputado Federal Bohn Gass ★ PT\/RS","description":"Deputado Federal Bohn Gass","publisher":{"@id":"https:\/\/bohngass.com.br\/#organization"},"potentialAction":[{"@type":"SearchAction","target":{"@type":"EntryPoint","urlTemplate":"https:\/\/bohngass.com.br\/?s={search_term_string}"},"query-input":{"@type":"PropertyValueSpecification","valueRequired":true,"valueName":"search_term_string"}}],"inLanguage":"pt-BR"},{"@type":"Organization","@id":"https:\/\/bohngass.com.br\/#organization","name":"Deputado Bohn Gass","url":"https:\/\/bohngass.com.br\/","logo":{"@type":"ImageObject","inLanguage":"pt-BR","@id":"https:\/\/bohngass.com.br\/#\/schema\/logo\/image\/","url":"http:\/\/bohngass.com.br\/wp-content\/uploads\/2021\/01\/logo.png","contentUrl":"http:\/\/bohngass.com.br\/wp-content\/uploads\/2021\/01\/logo.png","width":357,"height":355,"caption":"Deputado Bohn Gass"},"image":{"@id":"https:\/\/bohngass.com.br\/#\/schema\/logo\/image\/"},"sameAs":["https:\/\/www.facebook.com\/bohngass13","https:\/\/x.com\/BohnGass","https:\/\/www.instagram.com\/bohn_gass\/","https:\/\/www.youtube.com\/BohnGass13\/","https:\/\/pt.wikipedia.org\/wiki\/Bohn_Gass"]}]}</script>
<!-- / Yoast SEO plugin. -->

Ampliação da Lei das Cotas - Deputado Federal Bohn Gass ★ PT/RS

PL 5384/2020 (Maria do Rosário, Bohn Gass e outros) Ementa:&nbsp;&nbsp;Altera a Lei nº 12.711, de 29 de agosto de 2012, para dispor sobre o programa especial para o acesso às instituições federais de educação superior e de ensino técnico de nível médio de estudantes pretos, pardos, indígenas e quilombolas e de pessoas com deficiência, bem [&hellip;]

Início
