{"id":4193,"date":"2026-02-02T15:21:09","date_gmt":"2026-02-02T18:21:09","guid":{"rendered":"https:\/\/bohngass.com.br\/?page_id=4193"},"modified":"2026-02-02T15:24:10","modified_gmt":"2026-02-02T18:24:10","slug":"projetos-relatados-por-bohn-gass-que-viraram-lei","status":"publish","type":"page","link":"https:\/\/bohngass.com.br\/?page_id=4193","title":{"rendered":"Projetos Relatados por Bohn Gass que viraram Lei"},"content":{"rendered":"\n<h3 class=\"wp-block-heading\" style=\"text-decoration:underline\"><a href=\"https:\/\/www.planalto.gov.br\/ccivil_03\/_Ato2023-2026\/2025\/Lei\/L15147.htm\">Lei n\u00ba 15.147\/2025 &#8211;&nbsp; Medida Provis\u00f3ria 1284\/2024<\/a><\/h3>\n\n\n\n<p>Abriu cr\u00e9dito extraordin\u00e1rio para o Inmetro, Incra, Minist\u00e9rio do Desenvolvimento Regional, Fundo Nacional de Assist\u00eancia Social e Trensurb. O valor de R$ 357,4 milh\u00f5es foram utilizados para o atendimento \u00e0s consequ\u00eancias das fortes chuvas que atingiram o Rio Grande do Sul em 2024.<\/p>\n\n\n\n<p>Entre os destaques dessa medida est\u00e3o o aux\u00edlio aos assentamentos do Incra no estado beneficiando 4.326 fam\u00edlias e a concess\u00e3o de cr\u00e9dito emergencial para outras 7.232 fam\u00edlias de assentados.<\/p>\n\n\n\n<p>Tamb\u00e9m foi destinado recurso para recupera\u00e7\u00e3o do sistema do Trensurb, em Porto Alegre, que teve esta\u00e7\u00f5es atingidas pelas chuvas.<\/p>\n\n\n\n<hr class=\"wp-block-separator has-alpha-channel-opacity\"\/>\n\n\n\n<h3 class=\"wp-block-heading\" style=\"text-decoration:underline\"><a href=\"https:\/\/www2.camara.leg.br\/legin\/fed\/lei\/2025\/lei-15112-17-marco-2025-797199-publicacaooriginal-174816-pl.html\">Lei n\u00ba 15.112\/2025 &#8211;&nbsp; PL 3875\/2024 (Paulo Paim)<\/a><\/h3>\n\n\n\n<p>Prop\u00f5e uma altera\u00e7\u00e3o na Lei de Saneamento B\u00e1sico (Lei n\u00ba 11.445, de 2007). O objetivo principal \u00e9 desburocratizar a destina\u00e7\u00e3o e o emprego de recursos p\u00fablicos federais em servi\u00e7os de drenagem e manejo de \u00e1guas pluviais urbanas.<\/p>\n\n\n\n<p>A medida permitir\u00e1 que os recursos sejam aplicados de forma mais \u00e1gil em munic\u00edpios que se encontrem em estado de emerg\u00eancia ou calamidade p\u00fablica, ou naqueles suscet\u00edveis a enxurradas e inunda\u00e7\u00f5es, conforme cadastro oficial do Poder Executivo.<\/p>\n\n\n\n<p>A proposta retira obst\u00e1culos considerados desnecess\u00e1rios para a libera\u00e7\u00e3o de financiamento voltado \u00e0 drenagem, visando fortalecer a resili\u00eancia clim\u00e1tica e garantir o financiamento r\u00e1pido de obras essenciais.<\/p>\n\n\n\n<hr class=\"wp-block-separator has-alpha-channel-opacity\"\/>\n\n\n\n<h3 class=\"wp-block-heading\" style=\"text-decoration:underline\"><a href=\"https:\/\/www2.camara.leg.br\/legin\/fed\/lei\/2024\/lei-14981-20-setembro-2024-796270-publicacaooriginal-173062-pl.html\">Lei n\u00ba 14.981\/2024 &#8211;&nbsp; PL 3117\/2024 (Jos\u00e9 Guimar\u00e3es, Marcon)<\/a><\/h3>\n\n\n\n<p>Projeto permitiu que o governo federal utilizasse at\u00e9 R$ 20 bilh\u00f5es do super\u00e1vit financeiro do Fundo Social do pr\u00e9-sal para empr\u00e9stimos a empresas atingidas pelas fortes chuvas que atingiram o Rio Grande do Sul em 2024. As empresas puderam financiar capital de giro, m\u00e1quinas, equipamentos, em at\u00e9 120 meses. Para isso era necess\u00e1rio garantir os empregos por no m\u00ednimo 120 dias.<\/p>\n\n\n\n<p>O projeto tamb\u00e9m autorizou o aumento do Fundo Garantidor de Opera\u00e7\u00f5es (FGO) em R$ 600 milh\u00f5es para possibilitar a renegocia\u00e7\u00e3o de d\u00edvidas dos Pronaf e Pronamp de agricultores atingidos pelas chuvas.<\/p>\n\n\n\n<p>Outra modifica\u00e7\u00e3o estabelece que munic\u00edpios atingidos por desastres naturais ter\u00e3o processos de licita\u00e7\u00e3o simplificados em a\u00e7\u00f5es de obras e servi\u00e7os de engenharia para a reconstru\u00e7\u00e3o de \u00e1reas atingidas.<\/p>\n\n\n\n<hr class=\"wp-block-separator has-alpha-channel-opacity\"\/>\n\n\n\n<h3 class=\"wp-block-heading\" style=\"text-decoration:underline\"><a href=\"https:\/\/www2.camara.leg.br\/legin\/fed\/lei\/2024\/lei-14823-29-fevereiro-2024-795344-publicacaooriginal-171130-pl.html#:~:text=Abre%20cr%C3%A9dito%20extraordin%C3%A1rio%20em%20favor,para%20os%20fins%20que%20especifica.\">Lei n\u00ba 14.823\/2024 &#8211;&nbsp; Medida Provis\u00f3ria 1188\/2023<\/a><\/h3>\n\n\n\n<p>A Medida Provis\u00f3ria R$ 360,9 milh\u00f5es para os munic\u00edpios atingidos pelo ciclone extratropical que atingiu o Rio Grande do Sul de setembro de 2023.<\/p>\n\n\n\n<p>O minist\u00e9rio da Integra\u00e7\u00e3o e Desenvolvimento Regional recebeu R$ 211 milh\u00f5es para o fornecimento de cestas de alimentos, \u00e1gua, colch\u00f5es, kits de higiene e de limpeza, combust\u00edvel, telhas e limpeza urbana.<\/p>\n\n\n\n<p>O Minist\u00e9rio do Desenvolvimento e Assist\u00eancia Social, Fam\u00edlia e Combate \u00e0 Fome ficou com R$ 123,5 milh\u00f5es. Os recursos foram usados na aquisi\u00e7\u00e3o e distribui\u00e7\u00e3o de alimentos da agricultura familiar para promo\u00e7\u00e3o da seguran\u00e7a alimentar e nutricional (R$ 60 milh\u00f5es); estrutura\u00e7\u00e3o da rede de servi\u00e7os do Sistema \u00danico de Assist\u00eancia Social (Suas &#8211; R$ 48,9 milh\u00f5es); a\u00e7\u00f5es de prote\u00e7\u00e3o social especial (R$ 10 milh\u00f5es); e inclus\u00e3o produtiva rural (R$ 4,6 milh\u00f5es).<\/p>\n\n\n\n<p>J\u00e1 a pasta da Defesa recebeu R$ 26,4 milh\u00f5es para uso em a\u00e7\u00f5es a\u00e9reas e terrestres de busca e salvamento, avalia\u00e7\u00e3o de danos e transporte de um hospital de campanha para a regi\u00e3o.<\/p>\n\n\n\n<hr class=\"wp-block-separator has-alpha-channel-opacity\"\/>\n\n\n\n<h3 class=\"wp-block-heading\" style=\"text-decoration:underline\"><a href=\"https:\/\/www.planalto.gov.br\/ccivil_03\/_ato2023-2026\/2024\/lei\/L14802.htm\">Lei n\u00ba 14.802\/2024 &#8211;&nbsp; PLN 28\/2023<\/a><\/h3>\n\n\n\n<p>Estabelece o Plano Plurianual (PPA) para o quadri\u00eanio 2024-2027. O PPA define diretrizes, programas, objetivos e metas para orientar a atua\u00e7\u00e3o governamental no quadri\u00eanio, ao refletir pol\u00edticas p\u00fablicas e planos j\u00e1 existentes e em processo de formula\u00e7\u00e3o. Foram estimados R$ 13,3 trih\u00f5es para congregar 88 programas nos eixos social, econ\u00f4mico e institucional.<\/p>\n\n\n\n<p>Entre as prioridades da administra\u00e7\u00e3o p\u00fablica federal, est\u00e3o previstas, para o per\u00edodo de 2024-2027, o combate \u00e0 fome e redu\u00e7\u00e3o das desigualdades; educa\u00e7\u00e3o b\u00e1sica; sa\u00fade: aten\u00e7\u00e3o prim\u00e1ria e aten\u00e7\u00e3o especializada; o Programa de Acelera\u00e7\u00e3o do Crescimento (novo PAC); neoindustrializa\u00e7\u00e3o, trabalho, emprego e renda; e, por fim, o combate ao desmatamento e o enfrentamento da emerg\u00eancia clim\u00e1tica.<\/p>\n\n\n\n<p>O plano ainda definiu cinco agendas transversais: crian\u00e7as e adolescentes, mulheres, igualdade racial, povos ind\u00edgenas e meio ambiente.&nbsp;<\/p>\n\n\n\n<hr class=\"wp-block-separator has-alpha-channel-opacity\"\/>\n\n\n\n<h3 class=\"wp-block-heading\" style=\"text-decoration:underline\"><a href=\"https:\/\/www.planalto.gov.br\/ccivil_03\/_ato2011-2014\/2014\/lei\/l12956.htm\">Lei n\u00ba 12.956\/2014 &#8211;&nbsp; Medida Provis\u00f3ria 626\/2013<\/a><\/h3>\n\n\n\n<p>A Medida Provis\u00f3ria garantia, para o ano de 2013, cr\u00e9dito extraordin\u00e1rio de R$ 2,53 bilh\u00f5es para atender ao financiamento estudantil (Fies). O programa estava em forte expans\u00e3o naquele ano devido a redu\u00e7\u00e3o da taxa de juros para 3,4% ao ano (abaixo da infla\u00e7\u00e3o) e o aumento do prazo para a quita\u00e7\u00e3o do empr\u00e9stimo que passou do dobro do per\u00edodo do curso para o triplo.<\/p>\n\n\n\n<hr class=\"wp-block-separator has-alpha-channel-opacity\"\/>\n\n\n\n<h3 class=\"wp-block-heading\" style=\"text-decoration:underline\"><a href=\"https:\/\/www.planalto.gov.br\/ccivil_03\/_ato2011-2014\/2013\/Lei\/L12897.htm\">Lei n\u00ba 12.897\/2013 &nbsp;&#8211;&nbsp; PL 5740\/2013 &nbsp;(Executivo)<\/a><\/h3>\n\n\n\n<p>Relator na Comiss\u00e3o de Agricultura, Pecu\u00e1ria, Abastecimento e Desenvolvimento Rural (CAPADR). Cria a Ag\u00eancia Nacional de Assist\u00eancia T\u00e9cnica e Extens\u00e3o Rural (Anater), institu\u00edda como um Servi\u00e7o Social Aut\u00f4nomo. A Anater ter\u00e1 a finalidade de promover a execu\u00e7\u00e3o de pol\u00edticas de desenvolvimento da extens\u00e3o rural no Brasil, com foco em elevar a produ\u00e7\u00e3o, a produtividade, e, notavelmente, melhorar a renda, a qualidade de vida e a promo\u00e7\u00e3o social e do desenvolvimento sustent\u00e1vel no meio rural.<\/p>\n\n\n\n<p><\/p>\n","protected":false},"excerpt":{"rendered":"<p>Lei n\u00ba 15.147\/2025 &#8211;&nbsp; Medida Provis\u00f3ria 1284\/2024 Abriu cr\u00e9dito extraordin\u00e1rio para o Inmetro, Incra, Minist\u00e9rio do Desenvolvimento Regional, Fundo Nacional de Assist\u00eancia Social e Trensurb. O valor de R$ 357,4 milh\u00f5es foram utilizados para o atendimento \u00e0s consequ\u00eancias das fortes chuvas que atingiram o Rio Grande do Sul em 2024. Entre os destaques dessa medida [&hellip;]<\/p>\n","protected":false},"author":1,"featured_media":0,"parent":0,"menu_order":0,"comment_status":"closed","ping_status":"closed","template":"","meta":{"footnotes":""},"class_list":["post-4193","page","type-page","status-publish","hentry"],"yoast_head":"<!-- This site is optimized with the Yoast SEO plugin v27.4 - https:\/\/yoast.com\/product\/yoast-seo-wordpress\/ -->\n<title>Projetos Relatados por Bohn Gass que viraram Lei - Deputado Federal Bohn Gass \u2605 PT\/RS<\/title>\n<meta name=\"robots\" content=\"index, follow, max-snippet:-1, max-image-preview:large, max-video-preview:-1\" \/>\n<link rel=\"canonical\" href=\"https:\/\/bohngass.com.br\/?page_id=4193\" \/>\n<meta property=\"og:locale\" content=\"pt_BR\" \/>\n<meta property=\"og:type\" content=\"article\" \/>\n<meta property=\"og:title\" content=\"Projetos Relatados por Bohn Gass que viraram Lei - Deputado Federal Bohn Gass \u2605 PT\/RS\" \/>\n<meta property=\"og:description\" content=\"Lei n\u00ba 15.147\/2025 &#8211;&nbsp; Medida Provis\u00f3ria 1284\/2024 Abriu cr\u00e9dito extraordin\u00e1rio para o Inmetro, Incra, Minist\u00e9rio do Desenvolvimento Regional, Fundo Nacional de Assist\u00eancia Social e Trensurb. O valor de R$ 357,4 milh\u00f5es foram utilizados para o atendimento \u00e0s consequ\u00eancias das fortes chuvas que atingiram o Rio Grande do Sul em 2024. Entre os destaques dessa medida [&hellip;]\" \/>\n<meta property=\"og:url\" content=\"https:\/\/bohngass.com.br\/?page_id=4193\" \/>\n<meta property=\"og:site_name\" content=\"Deputado Federal Bohn Gass \u2605 PT\/RS\" \/>\n<meta property=\"article:publisher\" content=\"https:\/\/www.facebook.com\/bohngass13\" \/>\n<meta property=\"article:modified_time\" content=\"2026-02-02T18:24:10+00:00\" \/>\n<meta name=\"twitter:card\" content=\"summary_large_image\" \/>\n<meta name=\"twitter:site\" content=\"@BohnGass\" \/>\n<meta name=\"twitter:label1\" content=\"Est. tempo de leitura\" \/>\n\t<meta name=\"twitter:data1\" content=\"5 minutos\" \/>\n<script type=\"application\/ld+json\" class=\"yoast-schema-graph\">{\"@context\":\"https:\\\/\\\/schema.org\",\"@graph\":[{\"@type\":\"WebPage\",\"@id\":\"https:\\\/\\\/bohngass.com.br\\\/?page_id=4193\",\"url\":\"https:\\\/\\\/bohngass.com.br\\\/?page_id=4193\",\"name\":\"Projetos Relatados por Bohn Gass que viraram Lei - Deputado Federal Bohn Gass \u2605 PT\\\/RS\",\"isPartOf\":{\"@id\":\"https:\\\/\\\/bohngass.com.br\\\/#website\"},\"datePublished\":\"2026-02-02T18:21:09+00:00\",\"dateModified\":\"2026-02-02T18:24:10+00:00\",\"breadcrumb\":{\"@id\":\"https:\\\/\\\/bohngass.com.br\\\/?page_id=4193#breadcrumb\"},\"inLanguage\":\"pt-BR\",\"potentialAction\":[{\"@type\":\"ReadAction\",\"target\":[\"https:\\\/\\\/bohngass.com.br\\\/?page_id=4193\"]}]},{\"@type\":\"BreadcrumbList\",\"@id\":\"https:\\\/\\\/bohngass.com.br\\\/?page_id=4193#breadcrumb\",\"itemListElement\":[{\"@type\":\"ListItem\",\"position\":1,\"name\":\"In\u00edcio\",\"item\":\"https:\\\/\\\/bohngass.com.br\\\/\"},{\"@type\":\"ListItem\",\"position\":2,\"name\":\"Projetos Relatados por Bohn Gass que viraram Lei\"}]},{\"@type\":\"WebSite\",\"@id\":\"https:\\\/\\\/bohngass.com.br\\\/#website\",\"url\":\"https:\\\/\\\/bohngass.com.br\\\/\",\"name\":\"Deputado Federal Bohn Gass \u2605 PT\\\/RS\",\"description\":\"Deputado Federal Bohn Gass\",\"publisher\":{\"@id\":\"https:\\\/\\\/bohngass.com.br\\\/#organization\"},\"potentialAction\":[{\"@type\":\"SearchAction\",\"target\":{\"@type\":\"EntryPoint\",\"urlTemplate\":\"https:\\\/\\\/bohngass.com.br\\\/?s={search_term_string}\"},\"query-input\":{\"@type\":\"PropertyValueSpecification\",\"valueRequired\":true,\"valueName\":\"search_term_string\"}}],\"inLanguage\":\"pt-BR\"},{\"@type\":\"Organization\",\"@id\":\"https:\\\/\\\/bohngass.com.br\\\/#organization\",\"name\":\"Deputado Bohn Gass\",\"url\":\"https:\\\/\\\/bohngass.com.br\\\/\",\"logo\":{\"@type\":\"ImageObject\",\"inLanguage\":\"pt-BR\",\"@id\":\"https:\\\/\\\/bohngass.com.br\\\/#\\\/schema\\\/logo\\\/image\\\/\",\"url\":\"http:\\\/\\\/bohngass.com.br\\\/wp-content\\\/uploads\\\/2021\\\/01\\\/logo.png\",\"contentUrl\":\"http:\\\/\\\/bohngass.com.br\\\/wp-content\\\/uploads\\\/2021\\\/01\\\/logo.png\",\"width\":357,\"height\":355,\"caption\":\"Deputado Bohn Gass\"},\"image\":{\"@id\":\"https:\\\/\\\/bohngass.com.br\\\/#\\\/schema\\\/logo\\\/image\\\/\"},\"sameAs\":[\"https:\\\/\\\/www.facebook.com\\\/bohngass13\",\"https:\\\/\\\/x.com\\\/BohnGass\",\"https:\\\/\\\/www.instagram.com\\\/bohn_gass\\\/\",\"https:\\\/\\\/www.youtube.com\\\/BohnGass13\\\/\",\"https:\\\/\\\/pt.wikipedia.org\\\/wiki\\\/Bohn_Gass\"]}]}<\/script>\n<!-- \/ Yoast SEO plugin. -->","yoast_head_json":{"title":"Projetos Relatados por Bohn Gass que viraram Lei - Deputado Federal Bohn Gass \u2605 PT\/RS","robots":{"index":"index","follow":"follow","max-snippet":"max-snippet:-1","max-image-preview":"max-image-preview:large","max-video-preview":"max-video-preview:-1"},"canonical":"https:\/\/bohngass.com.br\/?page_id=4193","og_locale":"pt_BR","og_type":"article","og_title":"Projetos Relatados por Bohn Gass que viraram Lei - Deputado Federal Bohn Gass \u2605 PT\/RS","og_description":"Lei n\u00ba 15.147\/2025 &#8211;&nbsp; Medida Provis\u00f3ria 1284\/2024 Abriu cr\u00e9dito extraordin\u00e1rio para o Inmetro, Incra, Minist\u00e9rio do Desenvolvimento Regional, Fundo Nacional de Assist\u00eancia Social e Trensurb. O valor de R$ 357,4 milh\u00f5es foram utilizados para o atendimento \u00e0s consequ\u00eancias das fortes chuvas que atingiram o Rio Grande do Sul em 2024. Entre os destaques dessa medida [&hellip;]","og_url":"https:\/\/bohngass.com.br\/?page_id=4193","og_site_name":"Deputado Federal Bohn Gass \u2605 PT\/RS","article_publisher":"https:\/\/www.facebook.com\/bohngass13","article_modified_time":"2026-02-02T18:24:10+00:00","twitter_card":"summary_large_image","twitter_site":"@BohnGass","twitter_misc":{"Est. tempo de leitura":"5 minutos"},"schema":{"@context":"https:\/\/schema.org","@graph":[{"@type":"WebPage","@id":"https:\/\/bohngass.com.br\/?page_id=4193","url":"https:\/\/bohngass.com.br\/?page_id=4193","name":"Projetos Relatados por Bohn Gass que viraram Lei - Deputado Federal Bohn Gass \u2605 PT\/RS","isPartOf":{"@id":"https:\/\/bohngass.com.br\/#website"},"datePublished":"2026-02-02T18:21:09+00:00","dateModified":"2026-02-02T18:24:10+00:00","breadcrumb":{"@id":"https:\/\/bohngass.com.br\/?page_id=4193#breadcrumb"},"inLanguage":"pt-BR","potentialAction":[{"@type":"ReadAction","target":["https:\/\/bohngass.com.br\/?page_id=4193"]}]},{"@type":"BreadcrumbList","@id":"https:\/\/bohngass.com.br\/?page_id=4193#breadcrumb","itemListElement":[{"@type":"ListItem","position":1,"name":"In\u00edcio","item":"https:\/\/bohngass.com.br\/"},{"@type":"ListItem","position":2,"name":"Projetos Relatados por Bohn Gass que viraram Lei"}]},{"@type":"WebSite","@id":"https:\/\/bohngass.com.br\/#website","url":"https:\/\/bohngass.com.br\/","name":"Deputado Federal Bohn Gass \u2605 PT\/RS","description":"Deputado Federal Bohn Gass","publisher":{"@id":"https:\/\/bohngass.com.br\/#organization"},"potentialAction":[{"@type":"SearchAction","target":{"@type":"EntryPoint","urlTemplate":"https:\/\/bohngass.com.br\/?s={search_term_string}"},"query-input":{"@type":"PropertyValueSpecification","valueRequired":true,"valueName":"search_term_string"}}],"inLanguage":"pt-BR"},{"@type":"Organization","@id":"https:\/\/bohngass.com.br\/#organization","name":"Deputado Bohn Gass","url":"https:\/\/bohngass.com.br\/","logo":{"@type":"ImageObject","inLanguage":"pt-BR","@id":"https:\/\/bohngass.com.br\/#\/schema\/logo\/image\/","url":"http:\/\/bohngass.com.br\/wp-content\/uploads\/2021\/01\/logo.png","contentUrl":"http:\/\/bohngass.com.br\/wp-content\/uploads\/2021\/01\/logo.png","width":357,"height":355,"caption":"Deputado Bohn Gass"},"image":{"@id":"https:\/\/bohngass.com.br\/#\/schema\/logo\/image\/"},"sameAs":["https:\/\/www.facebook.com\/bohngass13","https:\/\/x.com\/BohnGass","https:\/\/www.instagram.com\/bohn_gass\/","https:\/\/www.youtube.com\/BohnGass13\/","https:\/\/pt.wikipedia.org\/wiki\/Bohn_Gass"]}]}},"_links":{"self":[{"href":"https:\/\/bohngass.com.br\/index.php?rest_route=\/wp\/v2\/pages\/4193","targetHints":{"allow":["GET"]}}],"collection":[{"href":"https:\/\/bohngass.com.br\/index.php?rest_route=\/wp\/v2\/pages"}],"about":[{"href":"https:\/\/bohngass.com.br\/index.php?rest_route=\/wp\/v2\/types\/page"}],"author":[{"embeddable":true,"href":"https:\/\/bohngass.com.br\/index.php?rest_route=\/wp\/v2\/users\/1"}],"replies":[{"embeddable":true,"href":"https:\/\/bohngass.com.br\/index.php?rest_route=%2Fwp%2Fv2%2Fcomments&post=4193"}],"version-history":[{"count":3,"href":"https:\/\/bohngass.com.br\/index.php?rest_route=\/wp\/v2\/pages\/4193\/revisions"}],"predecessor-version":[{"id":4197,"href":"https:\/\/bohngass.com.br\/index.php?rest_route=\/wp\/v2\/pages\/4193\/revisions\/4197"}],"wp:attachment":[{"href":"https:\/\/bohngass.com.br\/index.php?rest_route=%2Fwp%2Fv2%2Fmedia&parent=4193"}],"curies":[{"name":"wp","href":"https:\/\/api.w.org\/{rel}","templated":true}]}}