{"id":762,"date":"2021-06-07T09:59:03","date_gmt":"2021-06-07T12:59:03","guid":{"rendered":"http:\/\/bohngass.com.br\/?page_id=762"},"modified":"2023-07-19T14:48:35","modified_gmt":"2023-07-19T17:48:35","slug":"elvino-bohn-gass","status":"publish","type":"page","link":"https:\/\/bohngass.com.br\/?page_id=762","title":{"rendered":"Elvino Bohn Gass"},"content":{"rendered":"\n<p>Elvino Bohn Gass tem a vida marcada pelo trabalho.<\/p>\n\n\n\n<div class=\"wp-block-media-text alignwide is-stacked-on-mobile is-image-fill\" style=\"grid-template-columns:30% auto\"><figure class=\"wp-block-media-text__media\" style=\"background-image:url(https:\/\/bohngass.com.br\/wp-content\/uploads\/2021\/06\/Deputado-Elvino-Bohn-Gass-RS-\u2013-Lider-do-PT-na-camara.-48-230x300.jpg);background-position:27% 23%\"><img loading=\"lazy\" decoding=\"async\" width=\"230\" height=\"300\" src=\"https:\/\/bohngass.com.br\/wp-content\/uploads\/2021\/06\/Deputado-Elvino-Bohn-Gass-RS-\u2013-Lider-do-PT-na-camara.-48-230x300.jpg\" alt=\"\" class=\"wp-image-763 size-medium\" srcset=\"https:\/\/bohngass.com.br\/wp-content\/uploads\/2021\/06\/Deputado-Elvino-Bohn-Gass-RS-\u2013-Lider-do-PT-na-camara.-48-230x300.jpg 230w, https:\/\/bohngass.com.br\/wp-content\/uploads\/2021\/06\/Deputado-Elvino-Bohn-Gass-RS-\u2013-Lider-do-PT-na-camara.-48.jpg 500w\" sizes=\"auto, (max-width: 230px) 100vw, 230px\" \/><\/figure><div class=\"wp-block-media-text__content\">\n<p>Primeiro na lavoura, com os pais agricultores familiares. Depois, no sindicato dos trabalhadores rurais, nas pastorais e comunidades eclesiais de base e na atividade de professor.<\/p>\n\n\n\n<p>Foi essa enorme capacidade de trabalho que, aliada \u00e0 forma\u00e7\u00e3o humanista e \u00e0 disposi\u00e7\u00e3o permanente ao di\u00e1logo, que o projetaram \u00e0 pol\u00edtica. Em 1998, elegeu-se vereador em Santo Cristo\/RS e, no mesmo ano, assumiu uma vaga na Assembleia Legislativa ga\u00facha. Desde ent\u00e3o, consecutivamente, foi eleito tr\u00eas vezes deputado estadual e est\u00e1 no terceiro mandato de deputado federal.<\/p>\n\n\n\n<p>\u00c9 formado em Estudos Sociais e p\u00f3s-graduado em Gest\u00e3o P\u00fablica pela Universidade Federal do Rio Grande do Sul. \u201cSou um agricultor familiar que teve a chance de estudar. Fui sindicalista, professor e estou deputado\u201d.<\/p>\n<\/div><\/div>\n\n\n\n<p><\/p>\n\n\n\n<p>O PT, seu \u00fanico partido, acaba de confiar a Bohn Gass a tarefa mais desafiadora em seus 33 anos de vida p\u00fablica: liderar a bancada federal do partido, a segunda maior do Congresso Nacional, com 52 deputados.<\/p>\n\n\n\n<p>\u201cSim, \u00e9 uma honra ter sido eleito pelas deputadas e deputados do meu partido. Encaro como uma miss\u00e3o que, de imediato, imp\u00f5e ao menos quatro grandes desafios: 1) buscar fortemente a unidade de toda a oposi\u00e7\u00e3o para enfrentar o fascismo instalado no Brasil cujo maior representante \u00e9 o pr\u00f3prio presidente da Rep\u00fablica, Jair Messias Bolsonaro; 2) garantir a plenitude dos direitos de Luiz In\u00e1cio Lula da Silva para a corrigir a injusti\u00e7a hist\u00f3rica contra o maior l\u00edder popular do pa\u00eds; 3) viabilizar um Plano Nacional de Reconstru\u00e7\u00e3o do Brasil (\u201cNossas riquezas, matas, \u00e1guas, min\u00e9rios, nossas empresa p\u00fablicas, nossa chance de autossufici\u00eancia energ\u00e9tica, nosso patrim\u00f4nio ambiental, cultural e social, tudo est\u00e1 sendo dizimado. Ent\u00e3o, al\u00e9m de dar um basta nesta destrui\u00e7\u00e3o, \u00e9 preciso criar as condi\u00e7\u00f5es de refazer tudo isso.\u201d); 4) Priorizar a luta pela vacina para todos e todas e assegurar que todo o povo brasileiro tenha o direito \u00e0 comida e a um m\u00ednimo de dignidade. \u201cVacina, sim! Imuniza\u00e7\u00e3o, j\u00e1! Renda m\u00ednima, sim! Aux\u00edlio emergencial, j\u00e1!<\/p>\n\n\n\n<p>Afinal, o PT nasceu e s\u00f3 continua existindo com tanta for\u00e7a porque sempre priorizou a vida.\u201d<\/p>\n\n\n\n<p>Bohn Gass obteve 102.964 votos totalizados (1,76% dos votos v\u00e1lidos) e foi reeleito Deputado Federal pelo Rio Grande do Sul nas Elei\u00e7\u00f5es 2018.<\/p>\n\n\n\n<h4 class=\"wp-block-heading\">Minhas informa\u00e7\u00f5es<\/h4>\n\n\n\n<div class=\"wp-block-group\"><div class=\"wp-block-group__inner-container is-layout-flow wp-block-group-is-layout-flow\">\n<div class=\"wp-block-group\"><div class=\"wp-block-group__inner-container is-layout-flow wp-block-group-is-layout-flow\">\n<p>Elvino Jos\u00e9 Bohn Gass<\/p>\n<\/div><\/div>\n\n\n\n<p>Nascimento: 05\/02\/1962<\/p>\n\n\n\n<p>Naturalidade: Santo Cristo (RS)<\/p>\n\n\n\n<p>Profiss\u00f5es: Agricultor Familiar e Professor de Hist\u00f3ria<\/p>\n\n\n\n<p>Gabinete: 873, Anexo 3 \u2013 Telefone: 3215-5873 <\/p>\n\n\n\n<p><strong>E-mail:<\/strong>&nbsp;<a href=\"mailto:dep.bohngass@camara.leg.br\">dep.bohngass@camara.leg.br<\/a><\/p>\n<\/div><\/div>\n","protected":false},"excerpt":{"rendered":"<p>Elvino Bohn Gass tem a vida marcada pelo trabalho. Primeiro na lavoura, com os pais agricultores familiares. Depois, no sindicato dos trabalhadores rurais, nas pastorais e comunidades eclesiais de base e na atividade de professor. Foi essa enorme capacidade de trabalho que, aliada \u00e0 forma\u00e7\u00e3o humanista e \u00e0 disposi\u00e7\u00e3o permanente ao di\u00e1logo, que o projetaram [&hellip;]<\/p>\n","protected":false},"author":1,"featured_media":0,"parent":0,"menu_order":0,"comment_status":"closed","ping_status":"closed","template":"","meta":{"footnotes":""},"class_list":["post-762","page","type-page","status-publish","hentry"],"yoast_head":"<!-- This site is optimized with the Yoast SEO plugin v27.4 - https:\/\/yoast.com\/product\/yoast-seo-wordpress\/ -->\n<title>Elvino Bohn Gass - Deputado Federal Bohn Gass \u2605 PT\/RS<\/title>\n<meta name=\"robots\" content=\"index, follow, max-snippet:-1, max-image-preview:large, max-video-preview:-1\" \/>\n<link rel=\"canonical\" href=\"https:\/\/bohngass.com.br\/?page_id=762\" \/>\n<meta property=\"og:locale\" content=\"pt_BR\" \/>\n<meta property=\"og:type\" content=\"article\" \/>\n<meta property=\"og:title\" content=\"Elvino Bohn Gass - Deputado Federal Bohn Gass \u2605 PT\/RS\" \/>\n<meta property=\"og:description\" content=\"Elvino Bohn Gass tem a vida marcada pelo trabalho. Primeiro na lavoura, com os pais agricultores familiares. Depois, no sindicato dos trabalhadores rurais, nas pastorais e comunidades eclesiais de base e na atividade de professor. Foi essa enorme capacidade de trabalho que, aliada \u00e0 forma\u00e7\u00e3o humanista e \u00e0 disposi\u00e7\u00e3o permanente ao di\u00e1logo, que o projetaram [&hellip;]\" \/>\n<meta property=\"og:url\" content=\"https:\/\/bohngass.com.br\/?page_id=762\" \/>\n<meta property=\"og:site_name\" content=\"Deputado Federal Bohn Gass \u2605 PT\/RS\" \/>\n<meta property=\"article:publisher\" content=\"https:\/\/www.facebook.com\/bohngass13\" \/>\n<meta property=\"article:modified_time\" content=\"2023-07-19T17:48:35+00:00\" \/>\n<meta name=\"twitter:card\" content=\"summary_large_image\" \/>\n<meta name=\"twitter:site\" content=\"@BohnGass\" \/>\n<meta name=\"twitter:label1\" content=\"Est. tempo de leitura\" \/>\n\t<meta name=\"twitter:data1\" content=\"3 minutos\" \/>\n<script type=\"application\/ld+json\" class=\"yoast-schema-graph\">{\"@context\":\"https:\\\/\\\/schema.org\",\"@graph\":[{\"@type\":\"WebPage\",\"@id\":\"https:\\\/\\\/bohngass.com.br\\\/?page_id=762\",\"url\":\"https:\\\/\\\/bohngass.com.br\\\/?page_id=762\",\"name\":\"Elvino Bohn Gass - Deputado Federal Bohn Gass \u2605 PT\\\/RS\",\"isPartOf\":{\"@id\":\"https:\\\/\\\/bohngass.com.br\\\/#website\"},\"datePublished\":\"2021-06-07T12:59:03+00:00\",\"dateModified\":\"2023-07-19T17:48:35+00:00\",\"breadcrumb\":{\"@id\":\"https:\\\/\\\/bohngass.com.br\\\/?page_id=762#breadcrumb\"},\"inLanguage\":\"pt-BR\",\"potentialAction\":[{\"@type\":\"ReadAction\",\"target\":[\"https:\\\/\\\/bohngass.com.br\\\/?page_id=762\"]}]},{\"@type\":\"BreadcrumbList\",\"@id\":\"https:\\\/\\\/bohngass.com.br\\\/?page_id=762#breadcrumb\",\"itemListElement\":[{\"@type\":\"ListItem\",\"position\":1,\"name\":\"In\u00edcio\",\"item\":\"https:\\\/\\\/bohngass.com.br\\\/\"},{\"@type\":\"ListItem\",\"position\":2,\"name\":\"Elvino Bohn Gass\"}]},{\"@type\":\"WebSite\",\"@id\":\"https:\\\/\\\/bohngass.com.br\\\/#website\",\"url\":\"https:\\\/\\\/bohngass.com.br\\\/\",\"name\":\"Deputado Federal Bohn Gass \u2605 PT\\\/RS\",\"description\":\"Deputado Federal Bohn Gass\",\"publisher\":{\"@id\":\"https:\\\/\\\/bohngass.com.br\\\/#organization\"},\"potentialAction\":[{\"@type\":\"SearchAction\",\"target\":{\"@type\":\"EntryPoint\",\"urlTemplate\":\"https:\\\/\\\/bohngass.com.br\\\/?s={search_term_string}\"},\"query-input\":{\"@type\":\"PropertyValueSpecification\",\"valueRequired\":true,\"valueName\":\"search_term_string\"}}],\"inLanguage\":\"pt-BR\"},{\"@type\":\"Organization\",\"@id\":\"https:\\\/\\\/bohngass.com.br\\\/#organization\",\"name\":\"Deputado Bohn Gass\",\"url\":\"https:\\\/\\\/bohngass.com.br\\\/\",\"logo\":{\"@type\":\"ImageObject\",\"inLanguage\":\"pt-BR\",\"@id\":\"https:\\\/\\\/bohngass.com.br\\\/#\\\/schema\\\/logo\\\/image\\\/\",\"url\":\"http:\\\/\\\/bohngass.com.br\\\/wp-content\\\/uploads\\\/2021\\\/01\\\/logo.png\",\"contentUrl\":\"http:\\\/\\\/bohngass.com.br\\\/wp-content\\\/uploads\\\/2021\\\/01\\\/logo.png\",\"width\":357,\"height\":355,\"caption\":\"Deputado Bohn Gass\"},\"image\":{\"@id\":\"https:\\\/\\\/bohngass.com.br\\\/#\\\/schema\\\/logo\\\/image\\\/\"},\"sameAs\":[\"https:\\\/\\\/www.facebook.com\\\/bohngass13\",\"https:\\\/\\\/x.com\\\/BohnGass\",\"https:\\\/\\\/www.instagram.com\\\/bohn_gass\\\/\",\"https:\\\/\\\/www.youtube.com\\\/BohnGass13\\\/\",\"https:\\\/\\\/pt.wikipedia.org\\\/wiki\\\/Bohn_Gass\"]}]}<\/script>\n<!-- \/ Yoast SEO plugin. -->","yoast_head_json":{"title":"Elvino Bohn Gass - Deputado Federal Bohn Gass \u2605 PT\/RS","robots":{"index":"index","follow":"follow","max-snippet":"max-snippet:-1","max-image-preview":"max-image-preview:large","max-video-preview":"max-video-preview:-1"},"canonical":"https:\/\/bohngass.com.br\/?page_id=762","og_locale":"pt_BR","og_type":"article","og_title":"Elvino Bohn Gass - Deputado Federal Bohn Gass \u2605 PT\/RS","og_description":"Elvino Bohn Gass tem a vida marcada pelo trabalho. Primeiro na lavoura, com os pais agricultores familiares. Depois, no sindicato dos trabalhadores rurais, nas pastorais e comunidades eclesiais de base e na atividade de professor. Foi essa enorme capacidade de trabalho que, aliada \u00e0 forma\u00e7\u00e3o humanista e \u00e0 disposi\u00e7\u00e3o permanente ao di\u00e1logo, que o projetaram [&hellip;]","og_url":"https:\/\/bohngass.com.br\/?page_id=762","og_site_name":"Deputado Federal Bohn Gass \u2605 PT\/RS","article_publisher":"https:\/\/www.facebook.com\/bohngass13","article_modified_time":"2023-07-19T17:48:35+00:00","twitter_card":"summary_large_image","twitter_site":"@BohnGass","twitter_misc":{"Est. tempo de leitura":"3 minutos"},"schema":{"@context":"https:\/\/schema.org","@graph":[{"@type":"WebPage","@id":"https:\/\/bohngass.com.br\/?page_id=762","url":"https:\/\/bohngass.com.br\/?page_id=762","name":"Elvino Bohn Gass - Deputado Federal Bohn Gass \u2605 PT\/RS","isPartOf":{"@id":"https:\/\/bohngass.com.br\/#website"},"datePublished":"2021-06-07T12:59:03+00:00","dateModified":"2023-07-19T17:48:35+00:00","breadcrumb":{"@id":"https:\/\/bohngass.com.br\/?page_id=762#breadcrumb"},"inLanguage":"pt-BR","potentialAction":[{"@type":"ReadAction","target":["https:\/\/bohngass.com.br\/?page_id=762"]}]},{"@type":"BreadcrumbList","@id":"https:\/\/bohngass.com.br\/?page_id=762#breadcrumb","itemListElement":[{"@type":"ListItem","position":1,"name":"In\u00edcio","item":"https:\/\/bohngass.com.br\/"},{"@type":"ListItem","position":2,"name":"Elvino Bohn Gass"}]},{"@type":"WebSite","@id":"https:\/\/bohngass.com.br\/#website","url":"https:\/\/bohngass.com.br\/","name":"Deputado Federal Bohn Gass \u2605 PT\/RS","description":"Deputado Federal Bohn Gass","publisher":{"@id":"https:\/\/bohngass.com.br\/#organization"},"potentialAction":[{"@type":"SearchAction","target":{"@type":"EntryPoint","urlTemplate":"https:\/\/bohngass.com.br\/?s={search_term_string}"},"query-input":{"@type":"PropertyValueSpecification","valueRequired":true,"valueName":"search_term_string"}}],"inLanguage":"pt-BR"},{"@type":"Organization","@id":"https:\/\/bohngass.com.br\/#organization","name":"Deputado Bohn Gass","url":"https:\/\/bohngass.com.br\/","logo":{"@type":"ImageObject","inLanguage":"pt-BR","@id":"https:\/\/bohngass.com.br\/#\/schema\/logo\/image\/","url":"http:\/\/bohngass.com.br\/wp-content\/uploads\/2021\/01\/logo.png","contentUrl":"http:\/\/bohngass.com.br\/wp-content\/uploads\/2021\/01\/logo.png","width":357,"height":355,"caption":"Deputado Bohn Gass"},"image":{"@id":"https:\/\/bohngass.com.br\/#\/schema\/logo\/image\/"},"sameAs":["https:\/\/www.facebook.com\/bohngass13","https:\/\/x.com\/BohnGass","https:\/\/www.instagram.com\/bohn_gass\/","https:\/\/www.youtube.com\/BohnGass13\/","https:\/\/pt.wikipedia.org\/wiki\/Bohn_Gass"]}]}},"_links":{"self":[{"href":"https:\/\/bohngass.com.br\/index.php?rest_route=\/wp\/v2\/pages\/762","targetHints":{"allow":["GET"]}}],"collection":[{"href":"https:\/\/bohngass.com.br\/index.php?rest_route=\/wp\/v2\/pages"}],"about":[{"href":"https:\/\/bohngass.com.br\/index.php?rest_route=\/wp\/v2\/types\/page"}],"author":[{"embeddable":true,"href":"https:\/\/bohngass.com.br\/index.php?rest_route=\/wp\/v2\/users\/1"}],"replies":[{"embeddable":true,"href":"https:\/\/bohngass.com.br\/index.php?rest_route=%2Fwp%2Fv2%2Fcomments&post=762"}],"version-history":[{"count":0,"href":"https:\/\/bohngass.com.br\/index.php?rest_route=\/wp\/v2\/pages\/762\/revisions"}],"wp:attachment":[{"href":"https:\/\/bohngass.com.br\/index.php?rest_route=%2Fwp%2Fv2%2Fmedia&parent=762"}],"curies":[{"name":"wp","href":"https:\/\/api.w.org\/{rel}","templated":true}]}}

<p>Elvino Bohn Gass tem a vida marcada pelo trabalho.</p>



<div class="wp-block-media-text alignwide is-stacked-on-mobile is-image-fill" style="grid-template-columns:30% auto"><figure class="wp-block-media-text__media" style="background-image:url(https://bohngass.com.br/wp-content/uploads/2021/06/Deputado-Elvino-Bohn-Gass-RS-–-Lider-do-PT-na-camara.-48-230x300.jpg);background-position:27% 23%"><img loading="lazy" decoding="async" width="230" height="300" src="https://bohngass.com.br/wp-content/uploads/2021/06/Deputado-Elvino-Bohn-Gass-RS-–-Lider-do-PT-na-camara.-48-230x300.jpg" alt="" class="wp-image-763 size-medium" srcset="https://bohngass.com.br/wp-content/uploads/2021/06/Deputado-Elvino-Bohn-Gass-RS-–-Lider-do-PT-na-camara.-48-230x300.jpg 230w, https://bohngass.com.br/wp-content/uploads/2021/06/Deputado-Elvino-Bohn-Gass-RS-–-Lider-do-PT-na-camara.-48.jpg 500w" sizes="auto, (max-width: 230px) 100vw, 230px" /></figure><div class="wp-block-media-text__content">
<p>Primeiro na lavoura, com os pais agricultores familiares. Depois, no sindicato dos trabalhadores rurais, nas pastorais e comunidades eclesiais de base e na atividade de professor.</p>



<p>Foi essa enorme capacidade de trabalho que, aliada à formação humanista e à disposição permanente ao diálogo, que o projetaram à política. Em 1998, elegeu-se vereador em Santo Cristo/RS e, no mesmo ano, assumiu uma vaga na Assembleia Legislativa gaúcha. Desde então, consecutivamente, foi eleito três vezes deputado estadual e está no terceiro mandato de deputado federal.</p>



<p>É formado em Estudos Sociais e pós-graduado em Gestão Pública pela Universidade Federal do Rio Grande do Sul. “Sou um agricultor familiar que teve a chance de estudar. Fui sindicalista, professor e estou deputado”.</p>
</div></div>



<p></p>



<p>O PT, seu único partido, acaba de confiar a Bohn Gass a tarefa mais desafiadora em seus 33 anos de vida pública: liderar a bancada federal do partido, a segunda maior do Congresso Nacional, com 52 deputados.</p>



<p>“Sim, é uma honra ter sido eleito pelas deputadas e deputados do meu partido. Encaro como uma missão que, de imediato, impõe ao menos quatro grandes desafios: 1) buscar fortemente a unidade de toda a oposição para enfrentar o fascismo instalado no Brasil cujo maior representante é o próprio presidente da República, Jair Messias Bolsonaro; 2) garantir a plenitude dos direitos de Luiz Inácio Lula da Silva para a corrigir a injustiça histórica contra o maior líder popular do país; 3) viabilizar um Plano Nacional de Reconstrução do Brasil (“Nossas riquezas, matas, águas, minérios, nossas empresa públicas, nossa chance de autossuficiência energética, nosso patrimônio ambiental, cultural e social, tudo está sendo dizimado. Então, além de dar um basta nesta destruição, é preciso criar as condições de refazer tudo isso.”); 4) Priorizar a luta pela vacina para todos e todas e assegurar que todo o povo brasileiro tenha o direito à comida e a um mínimo de dignidade. “Vacina, sim! Imunização, já! Renda mínima, sim! Auxílio emergencial, já!</p>



<p>Afinal, o PT nasceu e só continua existindo com tanta força porque sempre priorizou a vida.”</p>



<p>Bohn Gass obteve 102.964 votos totalizados (1,76% dos votos válidos) e foi reeleito Deputado Federal pelo Rio Grande do Sul nas Eleições 2018.</p>



<h4 class="wp-block-heading">Minhas informações</h4>



<div class="wp-block-group"><div class="wp-block-group__inner-container is-layout-flow wp-block-group-is-layout-flow">
<div class="wp-block-group"><div class="wp-block-group__inner-container is-layout-flow wp-block-group-is-layout-flow">
<p>Elvino José Bohn Gass</p>
</div></div>



<p>Nascimento: 05/02/1962</p>



<p>Naturalidade: Santo Cristo (RS)</p>



<p>Profissões: Agricultor Familiar e Professor de História</p>



<p>Gabinete: 873, Anexo 3 – Telefone: 3215-5873 </p>



<p><strong>E-mail:</strong>&nbsp;<a href="mailto:dep.bohngass@camara.leg.br">dep.bohngass@camara.leg.br</a></p>
</div></div>

<p>Elvino Bohn Gass tem a vida marcada pelo trabalho. Primeiro na lavoura, com os pais agricultores familiares. Depois, no sindicato dos trabalhadores rurais, nas pastorais e comunidades eclesiais de base e na atividade de professor. Foi essa enorme capacidade de trabalho que, aliada à formação humanista e à disposição permanente ao diálogo, que o projetaram [&hellip;]</p>

<!-- This site is optimized with the Yoast SEO plugin v27.4 - https://yoast.com/product/yoast-seo-wordpress/ -->
<title>Elvino Bohn Gass - Deputado Federal Bohn Gass ★ PT/RS</title>
<meta name="robots" content="index, follow, max-snippet:-1, max-image-preview:large, max-video-preview:-1" />
<link rel="canonical" href="https://bohngass.com.br/?page_id=762" />
<meta property="og:locale" content="pt_BR" />
<meta property="og:type" content="article" />
<meta property="og:title" content="Elvino Bohn Gass - Deputado Federal Bohn Gass ★ PT/RS" />
<meta property="og:description" content="Elvino Bohn Gass tem a vida marcada pelo trabalho. Primeiro na lavoura, com os pais agricultores familiares. Depois, no sindicato dos trabalhadores rurais, nas pastorais e comunidades eclesiais de base e na atividade de professor. Foi essa enorme capacidade de trabalho que, aliada à formação humanista e à disposição permanente ao diálogo, que o projetaram [&hellip;]" />
<meta property="og:url" content="https://bohngass.com.br/?page_id=762" />
<meta property="og:site_name" content="Deputado Federal Bohn Gass ★ PT/RS" />
<meta property="article:publisher" content="https://www.facebook.com/bohngass13" />
<meta property="article:modified_time" content="2023-07-19T17:48:35+00:00" />
<meta name="twitter:card" content="summary_large_image" />
<meta name="twitter:site" content="@BohnGass" />
<meta name="twitter:label1" content="Est. tempo de leitura" />
	<meta name="twitter:data1" content="3 minutos" />
<script type="application/ld+json" class="yoast-schema-graph">{"@context":"https:\/\/schema.org","@graph":[{"@type":"WebPage","@id":"https:\/\/bohngass.com.br\/?page_id=762","url":"https:\/\/bohngass.com.br\/?page_id=762","name":"Elvino Bohn Gass - Deputado Federal Bohn Gass ★ PT\/RS","isPartOf":{"@id":"https:\/\/bohngass.com.br\/#website"},"datePublished":"2021-06-07T12:59:03+00:00","dateModified":"2023-07-19T17:48:35+00:00","breadcrumb":{"@id":"https:\/\/bohngass.com.br\/?page_id=762#breadcrumb"},"inLanguage":"pt-BR","potentialAction":[{"@type":"ReadAction","target":["https:\/\/bohngass.com.br\/?page_id=762"]}]},{"@type":"BreadcrumbList","@id":"https:\/\/bohngass.com.br\/?page_id=762#breadcrumb","itemListElement":[{"@type":"ListItem","position":1,"name":"Início","item":"https:\/\/bohngass.com.br\/"},{"@type":"ListItem","position":2,"name":"Elvino Bohn Gass"}]},{"@type":"WebSite","@id":"https:\/\/bohngass.com.br\/#website","url":"https:\/\/bohngass.com.br\/","name":"Deputado Federal Bohn Gass ★ PT\/RS","description":"Deputado Federal Bohn Gass","publisher":{"@id":"https:\/\/bohngass.com.br\/#organization"},"potentialAction":[{"@type":"SearchAction","target":{"@type":"EntryPoint","urlTemplate":"https:\/\/bohngass.com.br\/?s={search_term_string}"},"query-input":{"@type":"PropertyValueSpecification","valueRequired":true,"valueName":"search_term_string"}}],"inLanguage":"pt-BR"},{"@type":"Organization","@id":"https:\/\/bohngass.com.br\/#organization","name":"Deputado Bohn Gass","url":"https:\/\/bohngass.com.br\/","logo":{"@type":"ImageObject","inLanguage":"pt-BR","@id":"https:\/\/bohngass.com.br\/#\/schema\/logo\/image\/","url":"http:\/\/bohngass.com.br\/wp-content\/uploads\/2021\/01\/logo.png","contentUrl":"http:\/\/bohngass.com.br\/wp-content\/uploads\/2021\/01\/logo.png","width":357,"height":355,"caption":"Deputado Bohn Gass"},"image":{"@id":"https:\/\/bohngass.com.br\/#\/schema\/logo\/image\/"},"sameAs":["https:\/\/www.facebook.com\/bohngass13","https:\/\/x.com\/BohnGass","https:\/\/www.instagram.com\/bohn_gass\/","https:\/\/www.youtube.com\/BohnGass13\/","https:\/\/pt.wikipedia.org\/wiki\/Bohn_Gass"]}]}</script>
<!-- / Yoast SEO plugin. -->

Elvino Bohn Gass tem a vida marcada pelo trabalho. Primeiro na lavoura, com os pais agricultores familiares. Depois, no sindicato dos trabalhadores rurais, nas pastorais e comunidades eclesiais de base e na atividade de professor. Foi essa enorme capacidade de trabalho que, aliada à formação humanista e à disposição permanente ao diálogo, que o projetaram [&hellip;]

Início
